{"id":7646,"date":"2024-03-27T19:07:16","date_gmt":"2024-03-27T18:07:16","guid":{"rendered":"https:\/\/legrenierdelatour.be\/brocante\/?post_type=product&#038;p=7646"},"modified":"2024-03-28T14:46:32","modified_gmt":"2024-03-28T13:46:32","slug":"peinture-ferme-a-meurcy-leo-libert-1957","status":"publish","type":"product","link":"https:\/\/legrenierdelatour.be\/brocante\/produit\/peinture-ferme-a-meurcy-leo-libert-1957\/","title":{"rendered":"Peinture \u00ab\u00a0Ferme \u00e0 Meur\u00e7y\u00a0\u00bb, L\u00e9o Libert 1957"},"content":{"rendered":"<p>Belle peinture (50&#215;60 cm) repr\u00e9sentant une \u00ab\u00a0Ferme \u00e0 Meu\u00e7y\u00a0\u00bb Erdennes. Elle est dat\u00e9e de 1957. Elle est \u00e9galement d\u00e9dicac\u00e9e \u00ab\u00a0A Mademoiselle Moniquet \u00e0 l\u2019occasion de son mariage Novembre 1958 et en souvenir de la bonne amiti\u00e9 que j\u2019ai pour son bon papa Gustave\u00a0\u00bb. La peinture est sign\u00e9e et contre-sign\u00e9e. L\u00e9o(pold) Libert (Ougr\u00e9e 1908-\u2026) fait partie de l\u2019Ecole li\u00e9geoise du paysage. Il a \u00e9t\u00e9 form\u00e9 par J.Donnay, A.Martin et P.Daxhelet, puis \u00e0 l\u2019Acad\u00e9mie Julian \u00e0 Paris.<\/p>\n<div>R\u00e9f 29.63<\/div>\n","protected":false},"excerpt":{"rendered":"<p>Belle peinture (50&#215;60 cm) repr\u00e9sentant une \u00ab\u00a0Ferme \u00e0 Meu\u00e7y\u00a0\u00bb Erdennes. Elle est dat\u00e9e de 1957. Elle est \u00e9galement d\u00e9dicac\u00e9e \u00ab\u00a0A Mademoiselle Moniquet \u00e0 l\u2019occasion de son mariage Novembre 1958 et en souvenir de la bonne amiti\u00e9 que j\u2019ai pour son bon papa Gustave\u00a0\u00bb. La peinture est sign\u00e9e et contre-sign\u00e9e. L\u00e9o(pold) Libert (Ougr\u00e9e 1908-\u2026) fait partie&hellip;&nbsp;<a href=\"https:\/\/legrenierdelatour.be\/brocante\/produit\/peinture-ferme-a-meurcy-leo-libert-1957\/\" class=\"\" rel=\"bookmark\">Lire la suite &raquo;<span class=\"screen-reader-text\">Peinture \u00ab\u00a0Ferme \u00e0 Meur\u00e7y\u00a0\u00bb, L\u00e9o Libert 1957<\/span><\/a><\/p>\n","protected":false},"featured_media":7647,"comment_status":"open","ping_status":"closed","template":"","meta":{"neve_meta_sidebar":"","neve_meta_container":"","neve_meta_enable_content_width":"off","neve_meta_content_width":100,"neve_meta_title_alignment":"","neve_meta_author_avatar":"","neve_post_elements_order":"","neve_meta_disable_header":"","neve_meta_disable_footer":"","neve_meta_disable_title":""},"product_brand":[],"product_cat":[31,167],"product_tag":[],"class_list":{"0":"post-7646","1":"product","2":"type-product","3":"status-publish","4":"has-post-thumbnail","6":"product_cat-pays-darlon","7":"product_cat-peintures-et-sculptures","9":"first","10":"instock","11":"shipping-taxable","12":"purchasable","13":"product-type-simple"},"_links":{"self":[{"href":"https:\/\/legrenierdelatour.be\/brocante\/wp-json\/wp\/v2\/product\/7646","targetHints":{"allow":["GET"]}}],"collection":[{"href":"https:\/\/legrenierdelatour.be\/brocante\/wp-json\/wp\/v2\/product"}],"about":[{"href":"https:\/\/legrenierdelatour.be\/brocante\/wp-json\/wp\/v2\/types\/product"}],"replies":[{"embeddable":true,"href":"https:\/\/legrenierdelatour.be\/brocante\/wp-json\/wp\/v2\/comments?post=7646"}],"wp:featuredmedia":[{"embeddable":true,"href":"https:\/\/legrenierdelatour.be\/brocante\/wp-json\/wp\/v2\/media\/7647"}],"wp:attachment":[{"href":"https:\/\/legrenierdelatour.be\/brocante\/wp-json\/wp\/v2\/media?parent=7646"}],"wp:term":[{"taxonomy":"product_brand","embeddable":true,"href":"https:\/\/legrenierdelatour.be\/brocante\/wp-json\/wp\/v2\/product_brand?post=7646"},{"taxonomy":"product_cat","embeddable":true,"href":"https:\/\/legrenierdelatour.be\/brocante\/wp-json\/wp\/v2\/product_cat?post=7646"},{"taxonomy":"product_tag","embeddable":true,"href":"https:\/\/legrenierdelatour.be\/brocante\/wp-json\/wp\/v2\/product_tag?post=7646"}],"curies":[{"name":"wp","href":"https:\/\/api.w.org\/{rel}","templated":true}]}}