{"id":7498,"date":"2024-03-05T16:04:42","date_gmt":"2024-03-05T15:04:42","guid":{"rendered":"https:\/\/legrenierdelatour.be\/brocante\/?post_type=product&#038;p=7498"},"modified":"2024-03-05T16:05:25","modified_gmt":"2024-03-05T15:05:25","slug":"assiettes-poissons-villeroy-boch-vintage","status":"publish","type":"product","link":"https:\/\/legrenierdelatour.be\/brocante\/produit\/assiettes-poissons-villeroy-boch-vintage\/","title":{"rendered":"Assiettes \u00ab\u00a0Poissons\u00a0\u00bb Villeroy &#038; Boch, vintage"},"content":{"rendered":"<p>Belles assiettes (24,5 cm de diam\u00e8tre) avec des repr\u00e9sentations de poissons diff\u00e9rents sur chaque assiette. Elles ont \u00e9t\u00e9 produites par Villeroy &amp; Boch dans les ann\u00e9es 1955-59. Elles sont en parfait \u00e9tat.<\/p>\n<div>\n<p>Elles sont vendues s\u00e9par\u00e9ment au prix de 20\u20ac pi\u00e8ce.<\/p>\n<div>R\u00e9f 28.98<\/div>\n<\/div>\n","protected":false},"excerpt":{"rendered":"<p>Belles assiettes (24,5 cm de diam\u00e8tre) avec des repr\u00e9sentations de poissons diff\u00e9rents sur chaque assiette. Elles ont \u00e9t\u00e9 produites par Villeroy &amp; Boch dans les ann\u00e9es 1955-59. Elles sont en parfait \u00e9tat. Elles sont vendues s\u00e9par\u00e9ment au prix de 20\u20ac pi\u00e8ce. R\u00e9f 28.98<\/p>\n","protected":false},"featured_media":7494,"comment_status":"open","ping_status":"closed","template":"","meta":{"neve_meta_sidebar":"","neve_meta_container":"","neve_meta_enable_content_width":"off","neve_meta_content_width":100,"neve_meta_title_alignment":"","neve_meta_author_avatar":"","neve_post_elements_order":"","neve_meta_disable_header":"","neve_meta_disable_footer":"","neve_meta_disable_title":""},"product_brand":[],"product_cat":[172,16,165,29],"product_tag":[28],"class_list":{"0":"post-7498","1":"product","2":"type-product","3":"status-publish","4":"has-post-thumbnail","6":"product_cat-en-cuisine","7":"product_cat-ceramique","8":"product_cat-luxembourg","9":"product_cat-villeroy-boch","10":"product_tag-vintage","12":"first","13":"instock","14":"shipping-taxable","15":"purchasable","16":"product-type-simple"},"_links":{"self":[{"href":"https:\/\/legrenierdelatour.be\/brocante\/wp-json\/wp\/v2\/product\/7498","targetHints":{"allow":["GET"]}}],"collection":[{"href":"https:\/\/legrenierdelatour.be\/brocante\/wp-json\/wp\/v2\/product"}],"about":[{"href":"https:\/\/legrenierdelatour.be\/brocante\/wp-json\/wp\/v2\/types\/product"}],"replies":[{"embeddable":true,"href":"https:\/\/legrenierdelatour.be\/brocante\/wp-json\/wp\/v2\/comments?post=7498"}],"wp:featuredmedia":[{"embeddable":true,"href":"https:\/\/legrenierdelatour.be\/brocante\/wp-json\/wp\/v2\/media\/7494"}],"wp:attachment":[{"href":"https:\/\/legrenierdelatour.be\/brocante\/wp-json\/wp\/v2\/media?parent=7498"}],"wp:term":[{"taxonomy":"product_brand","embeddable":true,"href":"https:\/\/legrenierdelatour.be\/brocante\/wp-json\/wp\/v2\/product_brand?post=7498"},{"taxonomy":"product_cat","embeddable":true,"href":"https:\/\/legrenierdelatour.be\/brocante\/wp-json\/wp\/v2\/product_cat?post=7498"},{"taxonomy":"product_tag","embeddable":true,"href":"https:\/\/legrenierdelatour.be\/brocante\/wp-json\/wp\/v2\/product_tag?post=7498"}],"curies":[{"name":"wp","href":"https:\/\/api.w.org\/{rel}","templated":true}]}}