{"id":744,"date":"2022-03-14T09:56:09","date_gmt":"2022-03-14T08:56:09","guid":{"rendered":"https:\/\/legrenierdelatour.be\/brocante\/?post_type=product&#038;p=744"},"modified":"2022-03-14T09:56:09","modified_gmt":"2022-03-14T08:56:09","slug":"vase-biflore-flamme-559-20","status":"publish","type":"product","link":"https:\/\/legrenierdelatour.be\/brocante\/produit\/vase-biflore-flamme-559-20\/","title":{"rendered":"Vase biflore flamm\u00e9 559\/20"},"content":{"rendered":"<p>Petit vase bicolore en gr\u00e8s verniss\u00e9 flamm\u00e9 brillant, avec rehauts dor\u00e9s, est de forme \u00ab\u00a0559\u00a0\u00bb pour une hauteur de \u00ab\u00a020\u00a0\u00bb cm. En parfait \u00e9tat, il a sans doute \u00e9t\u00e9 produit en Allemagne, dans les ann\u00e9es 1954-1965.<\/p>\n<p>R\u00e9f 7.71<\/p>\n","protected":false},"excerpt":{"rendered":"<p>Petit vase bicolore en gr\u00e8s verniss\u00e9 flamm\u00e9 brillant, avec rehauts dor\u00e9s, est de forme \u00ab\u00a0559\u00a0\u00bb pour une hauteur de \u00ab\u00a020\u00a0\u00bb cm. En parfait \u00e9tat, il a sans doute \u00e9t\u00e9 produit en Allemagne, dans les ann\u00e9es 1954-1965. R\u00e9f 7.71<\/p>\n","protected":false},"featured_media":736,"comment_status":"open","ping_status":"closed","template":"","meta":{"neve_meta_sidebar":"","neve_meta_container":"","neve_meta_enable_content_width":"off","neve_meta_content_width":100,"neve_meta_title_alignment":"","neve_meta_author_avatar":"","neve_post_elements_order":"","neve_meta_disable_header":"","neve_meta_disable_footer":"","neve_meta_disable_title":""},"product_brand":[],"product_cat":[48,16,47],"product_tag":[19,49],"class_list":{"0":"post-744","1":"product","2":"type-product","3":"status-publish","4":"has-post-thumbnail","6":"product_cat-allemagne","7":"product_cat-ceramique","8":"product_cat-west-germany","9":"product_tag-faience","10":"product_tag-west-germany","12":"first","13":"instock","14":"shipping-taxable","15":"purchasable","16":"product-type-simple"},"_links":{"self":[{"href":"https:\/\/legrenierdelatour.be\/brocante\/wp-json\/wp\/v2\/product\/744","targetHints":{"allow":["GET"]}}],"collection":[{"href":"https:\/\/legrenierdelatour.be\/brocante\/wp-json\/wp\/v2\/product"}],"about":[{"href":"https:\/\/legrenierdelatour.be\/brocante\/wp-json\/wp\/v2\/types\/product"}],"replies":[{"embeddable":true,"href":"https:\/\/legrenierdelatour.be\/brocante\/wp-json\/wp\/v2\/comments?post=744"}],"wp:featuredmedia":[{"embeddable":true,"href":"https:\/\/legrenierdelatour.be\/brocante\/wp-json\/wp\/v2\/media\/736"}],"wp:attachment":[{"href":"https:\/\/legrenierdelatour.be\/brocante\/wp-json\/wp\/v2\/media?parent=744"}],"wp:term":[{"taxonomy":"product_brand","embeddable":true,"href":"https:\/\/legrenierdelatour.be\/brocante\/wp-json\/wp\/v2\/product_brand?post=744"},{"taxonomy":"product_cat","embeddable":true,"href":"https:\/\/legrenierdelatour.be\/brocante\/wp-json\/wp\/v2\/product_cat?post=744"},{"taxonomy":"product_tag","embeddable":true,"href":"https:\/\/legrenierdelatour.be\/brocante\/wp-json\/wp\/v2\/product_tag?post=744"}],"curies":[{"name":"wp","href":"https:\/\/api.w.org\/{rel}","templated":true}]}}