{"id":7274,"date":"2024-02-13T09:38:06","date_gmt":"2024-02-13T08:38:06","guid":{"rendered":"https:\/\/legrenierdelatour.be\/brocante\/?post_type=product&#038;p=7274"},"modified":"2025-09-12T13:29:42","modified_gmt":"2025-09-12T11:29:42","slug":"chope-a-grog-negrita-vintage","status":"publish","type":"product","link":"https:\/\/legrenierdelatour.be\/brocante\/produit\/chope-a-grog-negrita-vintage\/","title":{"rendered":"Chope \u00e0 grog N\u00e9grita, Vintage"},"content":{"rendered":"<p>Chope \u00e0 grog compos\u00e9 d\u2019un verre (marqu\u00e9 Negrita dessous, 7 cm de haut) et d\u2019un socle en plastique marqu\u00e9 \u00ab\u00a0Chope \u00e0 grog N\u00e9grita\u00a0\u00bb \u00e0 l\u2019int\u00e9rieur. Negrita est une marque carib\u00e9enne de rhum qui existe depuis 1857. Ces tasses datent des ann\u00e9es 1970.<\/p>\n<div>Un exemplaire rouge disponible.<\/div>\n<div>R\u00e9f 28.26<\/div>\n","protected":false},"excerpt":{"rendered":"<p>Chope \u00e0 grog compos\u00e9 d\u2019un verre (marqu\u00e9 Negrita dessous, 7 cm de haut) et d\u2019un socle en plastique marqu\u00e9 \u00ab\u00a0Chope \u00e0 grog N\u00e9grita\u00a0\u00bb \u00e0 l\u2019int\u00e9rieur. Negrita est une marque carib\u00e9enne de rhum qui existe depuis 1857. Ces tasses datent des ann\u00e9es 1970. Un exemplaire rouge disponible. R\u00e9f 28.26<\/p>\n","protected":false},"featured_media":7277,"comment_status":"open","ping_status":"closed","template":"","meta":{"neve_meta_sidebar":"","neve_meta_container":"","neve_meta_enable_content_width":"off","neve_meta_content_width":100,"neve_meta_title_alignment":"","neve_meta_author_avatar":"","neve_post_elements_order":"","neve_meta_disable_header":"","neve_meta_disable_footer":"","neve_meta_disable_title":""},"product_brand":[],"product_cat":[172],"product_tag":[28],"class_list":{"0":"post-7274","1":"product","2":"type-product","3":"status-publish","4":"has-post-thumbnail","6":"product_cat-en-cuisine","7":"product_tag-vintage","9":"first","10":"instock","11":"shipping-taxable","12":"purchasable","13":"product-type-simple"},"_links":{"self":[{"href":"https:\/\/legrenierdelatour.be\/brocante\/wp-json\/wp\/v2\/product\/7274","targetHints":{"allow":["GET"]}}],"collection":[{"href":"https:\/\/legrenierdelatour.be\/brocante\/wp-json\/wp\/v2\/product"}],"about":[{"href":"https:\/\/legrenierdelatour.be\/brocante\/wp-json\/wp\/v2\/types\/product"}],"replies":[{"embeddable":true,"href":"https:\/\/legrenierdelatour.be\/brocante\/wp-json\/wp\/v2\/comments?post=7274"}],"wp:featuredmedia":[{"embeddable":true,"href":"https:\/\/legrenierdelatour.be\/brocante\/wp-json\/wp\/v2\/media\/7277"}],"wp:attachment":[{"href":"https:\/\/legrenierdelatour.be\/brocante\/wp-json\/wp\/v2\/media?parent=7274"}],"wp:term":[{"taxonomy":"product_brand","embeddable":true,"href":"https:\/\/legrenierdelatour.be\/brocante\/wp-json\/wp\/v2\/product_brand?post=7274"},{"taxonomy":"product_cat","embeddable":true,"href":"https:\/\/legrenierdelatour.be\/brocante\/wp-json\/wp\/v2\/product_cat?post=7274"},{"taxonomy":"product_tag","embeddable":true,"href":"https:\/\/legrenierdelatour.be\/brocante\/wp-json\/wp\/v2\/product_tag?post=7274"}],"curies":[{"name":"wp","href":"https:\/\/api.w.org\/{rel}","templated":true}]}}