{"id":7142,"date":"2024-02-05T12:09:49","date_gmt":"2024-02-05T11:09:49","guid":{"rendered":"https:\/\/legrenierdelatour.be\/brocante\/?post_type=product&#038;p=7142"},"modified":"2024-02-05T12:12:18","modified_gmt":"2024-02-05T11:12:18","slug":"fruitier-sur-pied-ambre-scailmont","status":"publish","type":"product","link":"https:\/\/legrenierdelatour.be\/brocante\/produit\/fruitier-sur-pied-ambre-scailmont\/","title":{"rendered":"Fruitier sur pied ambr\u00e9, Scailmont"},"content":{"rendered":"<p>Beau plat sur grand pied (22 cm de haut) en verre moul\u00e9 de couleur ambr\u00e9e. Ce plat est marqu\u00e9 dessous \u00ab\u00a0belge\u00a0\u00bb et est une production des verreries Scailmont (1901-2000). Il est en parfait \u00e9tat.<\/p>\n<div>R\u00e9f 27.81<\/div>\n","protected":false},"excerpt":{"rendered":"<p>Beau plat sur grand pied (22 cm de haut) en verre moul\u00e9 de couleur ambr\u00e9e. Ce plat est marqu\u00e9 dessous \u00ab\u00a0belge\u00a0\u00bb et est une production des verreries Scailmont (1901-2000). Il est en parfait \u00e9tat. R\u00e9f 27.81<\/p>\n","protected":false},"featured_media":7136,"comment_status":"open","ping_status":"closed","template":"","meta":{"neve_meta_sidebar":"","neve_meta_container":"","neve_meta_enable_content_width":"off","neve_meta_content_width":100,"neve_meta_title_alignment":"","neve_meta_author_avatar":"","neve_post_elements_order":"","neve_meta_disable_header":"","neve_meta_disable_footer":"","neve_meta_disable_title":""},"product_brand":[],"product_cat":[162,139,22],"product_tag":[],"class_list":{"0":"post-7142","1":"product","2":"type-product","3":"status-publish","4":"has-post-thumbnail","6":"product_cat-productions-belges","7":"product_cat-scailmont","8":"product_cat-verrerie","10":"first","11":"instock","12":"shipping-taxable","13":"purchasable","14":"product-type-simple"},"_links":{"self":[{"href":"https:\/\/legrenierdelatour.be\/brocante\/wp-json\/wp\/v2\/product\/7142","targetHints":{"allow":["GET"]}}],"collection":[{"href":"https:\/\/legrenierdelatour.be\/brocante\/wp-json\/wp\/v2\/product"}],"about":[{"href":"https:\/\/legrenierdelatour.be\/brocante\/wp-json\/wp\/v2\/types\/product"}],"replies":[{"embeddable":true,"href":"https:\/\/legrenierdelatour.be\/brocante\/wp-json\/wp\/v2\/comments?post=7142"}],"wp:featuredmedia":[{"embeddable":true,"href":"https:\/\/legrenierdelatour.be\/brocante\/wp-json\/wp\/v2\/media\/7136"}],"wp:attachment":[{"href":"https:\/\/legrenierdelatour.be\/brocante\/wp-json\/wp\/v2\/media?parent=7142"}],"wp:term":[{"taxonomy":"product_brand","embeddable":true,"href":"https:\/\/legrenierdelatour.be\/brocante\/wp-json\/wp\/v2\/product_brand?post=7142"},{"taxonomy":"product_cat","embeddable":true,"href":"https:\/\/legrenierdelatour.be\/brocante\/wp-json\/wp\/v2\/product_cat?post=7142"},{"taxonomy":"product_tag","embeddable":true,"href":"https:\/\/legrenierdelatour.be\/brocante\/wp-json\/wp\/v2\/product_tag?post=7142"}],"curies":[{"name":"wp","href":"https:\/\/api.w.org\/{rel}","templated":true}]}}