{"id":7075,"date":"2024-02-04T12:10:46","date_gmt":"2024-02-04T11:10:46","guid":{"rendered":"https:\/\/legrenierdelatour.be\/brocante\/?post_type=product&#038;p=7075"},"modified":"2024-02-04T12:10:47","modified_gmt":"2024-02-04T11:10:47","slug":"vase-art-deco-turquoise-et-dore","status":"publish","type":"product","link":"https:\/\/legrenierdelatour.be\/brocante\/produit\/vase-art-deco-turquoise-et-dore\/","title":{"rendered":"Vase Art D\u00e9co turquoise et dor\u00e9"},"content":{"rendered":"<p>Tr\u00e8s beau vase en fa\u00efence (15,5 cm de haut) de couleur turquoise avec filets dor\u00e9s. Il n\u2019est pas marqu\u00e9 et la provenance est incertaine, mais il s\u2019agit sans doute d\u2019un vase datant des ann\u00e9es 1930, Art d\u00e9co, r\u00e9alis\u00e9 en Belgique ou France. Il est en parfait \u00e9tat.<\/p>\n<div>R\u00e9f 27.63<\/div>\n","protected":false},"excerpt":{"rendered":"<p>Tr\u00e8s beau vase en fa\u00efence (15,5 cm de haut) de couleur turquoise avec filets dor\u00e9s. Il n\u2019est pas marqu\u00e9 et la provenance est incertaine, mais il s\u2019agit sans doute d\u2019un vase datant des ann\u00e9es 1930, Art d\u00e9co, r\u00e9alis\u00e9 en Belgique ou France. Il est en parfait \u00e9tat. R\u00e9f 27.63<\/p>\n","protected":false},"featured_media":7071,"comment_status":"open","ping_status":"closed","template":"","meta":{"neve_meta_sidebar":"","neve_meta_container":"","neve_meta_enable_content_width":"off","neve_meta_content_width":100,"neve_meta_title_alignment":"","neve_meta_author_avatar":"","neve_post_elements_order":"","neve_meta_disable_header":"","neve_meta_disable_footer":"","neve_meta_disable_title":""},"product_brand":[],"product_cat":[16],"product_tag":[21],"class_list":{"0":"post-7075","1":"product","2":"type-product","3":"status-publish","4":"has-post-thumbnail","6":"product_cat-ceramique","7":"product_tag-art-deco","9":"first","10":"instock","11":"shipping-taxable","12":"purchasable","13":"product-type-simple"},"_links":{"self":[{"href":"https:\/\/legrenierdelatour.be\/brocante\/wp-json\/wp\/v2\/product\/7075","targetHints":{"allow":["GET"]}}],"collection":[{"href":"https:\/\/legrenierdelatour.be\/brocante\/wp-json\/wp\/v2\/product"}],"about":[{"href":"https:\/\/legrenierdelatour.be\/brocante\/wp-json\/wp\/v2\/types\/product"}],"replies":[{"embeddable":true,"href":"https:\/\/legrenierdelatour.be\/brocante\/wp-json\/wp\/v2\/comments?post=7075"}],"wp:featuredmedia":[{"embeddable":true,"href":"https:\/\/legrenierdelatour.be\/brocante\/wp-json\/wp\/v2\/media\/7071"}],"wp:attachment":[{"href":"https:\/\/legrenierdelatour.be\/brocante\/wp-json\/wp\/v2\/media?parent=7075"}],"wp:term":[{"taxonomy":"product_brand","embeddable":true,"href":"https:\/\/legrenierdelatour.be\/brocante\/wp-json\/wp\/v2\/product_brand?post=7075"},{"taxonomy":"product_cat","embeddable":true,"href":"https:\/\/legrenierdelatour.be\/brocante\/wp-json\/wp\/v2\/product_cat?post=7075"},{"taxonomy":"product_tag","embeddable":true,"href":"https:\/\/legrenierdelatour.be\/brocante\/wp-json\/wp\/v2\/product_tag?post=7075"}],"curies":[{"name":"wp","href":"https:\/\/api.w.org\/{rel}","templated":true}]}}