{"id":7069,"date":"2024-02-04T11:44:16","date_gmt":"2024-02-04T10:44:16","guid":{"rendered":"https:\/\/legrenierdelatour.be\/brocante\/?post_type=product&#038;p=7069"},"modified":"2024-02-04T11:44:16","modified_gmt":"2024-02-04T10:44:16","slug":"vase-west-germany-dummler-breiden-1002-17","status":"publish","type":"product","link":"https:\/\/legrenierdelatour.be\/brocante\/produit\/vase-west-germany-dummler-breiden-1002-17\/","title":{"rendered":"Vase West Germany, D\u00fcmmler &#038; Breiden 1002\/17"},"content":{"rendered":"<p>Beau vase vintage (17 cm haut) produit par D\u00fcmmler &amp; Breiden (depuis 1883) avec un d\u00e9cor \u00ab\u00a0Polar\u00a0\u00bb, fat lava. En tr\u00e8s bon \u00e9tat g\u00e9n\u00e9ral, il a sans doute \u00e9t\u00e9 produit dans les ann\u00e9es 1970.<\/p>\n<div>R\u00e9f 27.61<\/div>\n","protected":false},"excerpt":{"rendered":"<p>Beau vase vintage (17 cm haut) produit par D\u00fcmmler &amp; Breiden (depuis 1883) avec un d\u00e9cor \u00ab\u00a0Polar\u00a0\u00bb, fat lava. En tr\u00e8s bon \u00e9tat g\u00e9n\u00e9ral, il a sans doute \u00e9t\u00e9 produit dans les ann\u00e9es 1970. R\u00e9f 27.61<\/p>\n","protected":false},"featured_media":7067,"comment_status":"open","ping_status":"closed","template":"","meta":{"neve_meta_sidebar":"","neve_meta_container":"","neve_meta_enable_content_width":"off","neve_meta_content_width":100,"neve_meta_title_alignment":"","neve_meta_author_avatar":"","neve_post_elements_order":"","neve_meta_disable_header":"","neve_meta_disable_footer":"","neve_meta_disable_title":""},"product_brand":[],"product_cat":[48,169,16,47],"product_tag":[50,28],"class_list":{"0":"post-7069","1":"product","2":"type-product","3":"status-publish","4":"has-post-thumbnail","6":"product_cat-allemagne","7":"product_cat-dummler-breiden","8":"product_cat-ceramique","9":"product_cat-west-germany","10":"product_tag-fat-lava","11":"product_tag-vintage","13":"first","14":"instock","15":"shipping-taxable","16":"purchasable","17":"product-type-simple"},"_links":{"self":[{"href":"https:\/\/legrenierdelatour.be\/brocante\/wp-json\/wp\/v2\/product\/7069","targetHints":{"allow":["GET"]}}],"collection":[{"href":"https:\/\/legrenierdelatour.be\/brocante\/wp-json\/wp\/v2\/product"}],"about":[{"href":"https:\/\/legrenierdelatour.be\/brocante\/wp-json\/wp\/v2\/types\/product"}],"replies":[{"embeddable":true,"href":"https:\/\/legrenierdelatour.be\/brocante\/wp-json\/wp\/v2\/comments?post=7069"}],"wp:featuredmedia":[{"embeddable":true,"href":"https:\/\/legrenierdelatour.be\/brocante\/wp-json\/wp\/v2\/media\/7067"}],"wp:attachment":[{"href":"https:\/\/legrenierdelatour.be\/brocante\/wp-json\/wp\/v2\/media?parent=7069"}],"wp:term":[{"taxonomy":"product_brand","embeddable":true,"href":"https:\/\/legrenierdelatour.be\/brocante\/wp-json\/wp\/v2\/product_brand?post=7069"},{"taxonomy":"product_cat","embeddable":true,"href":"https:\/\/legrenierdelatour.be\/brocante\/wp-json\/wp\/v2\/product_cat?post=7069"},{"taxonomy":"product_tag","embeddable":true,"href":"https:\/\/legrenierdelatour.be\/brocante\/wp-json\/wp\/v2\/product_tag?post=7069"}],"curies":[{"name":"wp","href":"https:\/\/api.w.org\/{rel}","templated":true}]}}