{"id":7020,"date":"2024-01-22T15:16:07","date_gmt":"2024-01-22T14:16:07","guid":{"rendered":"https:\/\/legrenierdelatour.be\/brocante\/?post_type=product&#038;p=7020"},"modified":"2024-01-22T15:16:08","modified_gmt":"2024-01-22T14:16:08","slug":"vase-bay-64-17-vintage","status":"publish","type":"product","link":"https:\/\/legrenierdelatour.be\/brocante\/produit\/vase-bay-64-17-vintage\/","title":{"rendered":"Vase Bay 64 17 Vintage"},"content":{"rendered":"<p>Vase en faience (17 cm de haut) issu de la manufacture Bay (1933-1980) en Allemagne de l\u2019Ouest. Ce vase au d\u00e9cor en relief est en parfait \u00e9tat et porte le num\u00e9ro de forme 64 17. D\u2019apr\u00e8s l\u2019\u00e9tiquette, il date des ann\u00e9es 1967-1972. De couleur moutarde avec son d\u00e9cor de demi-boules, il s\u2019agit sans doute d\u2019une cr\u00e9ation du designer Bodo Mans (1935-2001)<\/p>\n<div>R\u00e9f 27.47<\/div>\n","protected":false},"excerpt":{"rendered":"<p>Vase en faience (17 cm de haut) issu de la manufacture Bay (1933-1980) en Allemagne de l\u2019Ouest. Ce vase au d\u00e9cor en relief est en parfait \u00e9tat et porte le num\u00e9ro de forme 64 17. D\u2019apr\u00e8s l\u2019\u00e9tiquette, il date des ann\u00e9es 1967-1972. De couleur moutarde avec son d\u00e9cor de demi-boules, il s\u2019agit sans doute d\u2019une&hellip;&nbsp;<a href=\"https:\/\/legrenierdelatour.be\/brocante\/produit\/vase-bay-64-17-vintage\/\" class=\"\" rel=\"bookmark\">Lire la suite &raquo;<span class=\"screen-reader-text\">Vase Bay 64 17 Vintage<\/span><\/a><\/p>\n","protected":false},"featured_media":7021,"comment_status":"open","ping_status":"closed","template":"","meta":{"neve_meta_sidebar":"","neve_meta_container":"","neve_meta_enable_content_width":"off","neve_meta_content_width":100,"neve_meta_title_alignment":"","neve_meta_author_avatar":"","neve_post_elements_order":"","neve_meta_disable_header":"","neve_meta_disable_footer":"","neve_meta_disable_title":""},"product_brand":[],"product_cat":[48,53,16,47],"product_tag":[28],"class_list":{"0":"post-7020","1":"product","2":"type-product","3":"status-publish","4":"has-post-thumbnail","6":"product_cat-allemagne","7":"product_cat-bay","8":"product_cat-ceramique","9":"product_cat-west-germany","10":"product_tag-vintage","12":"first","13":"instock","14":"shipping-taxable","15":"purchasable","16":"product-type-simple"},"_links":{"self":[{"href":"https:\/\/legrenierdelatour.be\/brocante\/wp-json\/wp\/v2\/product\/7020","targetHints":{"allow":["GET"]}}],"collection":[{"href":"https:\/\/legrenierdelatour.be\/brocante\/wp-json\/wp\/v2\/product"}],"about":[{"href":"https:\/\/legrenierdelatour.be\/brocante\/wp-json\/wp\/v2\/types\/product"}],"replies":[{"embeddable":true,"href":"https:\/\/legrenierdelatour.be\/brocante\/wp-json\/wp\/v2\/comments?post=7020"}],"wp:featuredmedia":[{"embeddable":true,"href":"https:\/\/legrenierdelatour.be\/brocante\/wp-json\/wp\/v2\/media\/7021"}],"wp:attachment":[{"href":"https:\/\/legrenierdelatour.be\/brocante\/wp-json\/wp\/v2\/media?parent=7020"}],"wp:term":[{"taxonomy":"product_brand","embeddable":true,"href":"https:\/\/legrenierdelatour.be\/brocante\/wp-json\/wp\/v2\/product_brand?post=7020"},{"taxonomy":"product_cat","embeddable":true,"href":"https:\/\/legrenierdelatour.be\/brocante\/wp-json\/wp\/v2\/product_cat?post=7020"},{"taxonomy":"product_tag","embeddable":true,"href":"https:\/\/legrenierdelatour.be\/brocante\/wp-json\/wp\/v2\/product_tag?post=7020"}],"curies":[{"name":"wp","href":"https:\/\/api.w.org\/{rel}","templated":true}]}}