{"id":7011,"date":"2024-01-18T15:33:24","date_gmt":"2024-01-18T14:33:24","guid":{"rendered":"https:\/\/legrenierdelatour.be\/brocante\/?post_type=product&#038;p=7011"},"modified":"2024-11-09T08:04:39","modified_gmt":"2024-11-09T07:04:39","slug":"assiettes-arlon-d-helaut-decorart-3","status":"publish","type":"product","link":"https:\/\/legrenierdelatour.be\/brocante\/produit\/assiettes-arlon-d-helaut-decorart-3\/","title":{"rendered":"Assiettes \u00ab\u00a0Arlon\u00a0\u00bb D. H\u00e9laut Decorart"},"content":{"rendered":"<p>Ensemble de 6 assiettes (21 cm de diam\u00e8tre) reprenant les repr\u00e9sentations de 6 monuments d\u2019Arlon. Cette s\u00e9rie a \u00e9t\u00e9 dessin\u00e9e par David H\u00e9laut et r\u00e9alis\u00e9es par l\u2019Atelier D\u00e9cor Art en 1998. Elles sont neuves, dans leur emballage d\u2019origine, et avec leur certificat d\u2019authenticit\u00e9.<\/p>\n<p>Elles sont vendues au prix de 20\u20ac pi\u00e8ce.<\/p>\n<div>R\u00e9f 27.40<\/div>\n","protected":false},"excerpt":{"rendered":"<p>Ensemble de 6 assiettes (21 cm de diam\u00e8tre) reprenant les repr\u00e9sentations de 6 monuments d\u2019Arlon. Cette s\u00e9rie a \u00e9t\u00e9 dessin\u00e9e par David H\u00e9laut et r\u00e9alis\u00e9es par l\u2019Atelier D\u00e9cor Art en 1998. Elles sont neuves, dans leur emballage d\u2019origine, et avec leur certificat d\u2019authenticit\u00e9. Elles sont vendues au prix de 20\u20ac pi\u00e8ce. R\u00e9f 27.40<\/p>\n","protected":false},"featured_media":7012,"comment_status":"open","ping_status":"closed","template":"","meta":{"neve_meta_sidebar":"","neve_meta_container":"","neve_meta_enable_content_width":"off","neve_meta_content_width":100,"neve_meta_title_alignment":"","neve_meta_author_avatar":"","neve_post_elements_order":"","neve_meta_disable_header":"","neve_meta_disable_footer":"","neve_meta_disable_title":""},"product_brand":[],"product_cat":[37,16,30,31],"product_tag":[],"class_list":{"0":"post-7011","1":"product","2":"type-product","3":"status-publish","4":"has-post-thumbnail","6":"product_cat-belgique","7":"product_cat-ceramique","8":"product_cat-luxemburgensia","9":"product_cat-pays-darlon","11":"first","12":"instock","13":"shipping-taxable","14":"purchasable","15":"product-type-simple"},"_links":{"self":[{"href":"https:\/\/legrenierdelatour.be\/brocante\/wp-json\/wp\/v2\/product\/7011","targetHints":{"allow":["GET"]}}],"collection":[{"href":"https:\/\/legrenierdelatour.be\/brocante\/wp-json\/wp\/v2\/product"}],"about":[{"href":"https:\/\/legrenierdelatour.be\/brocante\/wp-json\/wp\/v2\/types\/product"}],"replies":[{"embeddable":true,"href":"https:\/\/legrenierdelatour.be\/brocante\/wp-json\/wp\/v2\/comments?post=7011"}],"wp:featuredmedia":[{"embeddable":true,"href":"https:\/\/legrenierdelatour.be\/brocante\/wp-json\/wp\/v2\/media\/7012"}],"wp:attachment":[{"href":"https:\/\/legrenierdelatour.be\/brocante\/wp-json\/wp\/v2\/media?parent=7011"}],"wp:term":[{"taxonomy":"product_brand","embeddable":true,"href":"https:\/\/legrenierdelatour.be\/brocante\/wp-json\/wp\/v2\/product_brand?post=7011"},{"taxonomy":"product_cat","embeddable":true,"href":"https:\/\/legrenierdelatour.be\/brocante\/wp-json\/wp\/v2\/product_cat?post=7011"},{"taxonomy":"product_tag","embeddable":true,"href":"https:\/\/legrenierdelatour.be\/brocante\/wp-json\/wp\/v2\/product_tag?post=7011"}],"curies":[{"name":"wp","href":"https:\/\/api.w.org\/{rel}","templated":true}]}}