{"id":6782,"date":"2023-11-04T10:25:21","date_gmt":"2023-11-04T09:25:21","guid":{"rendered":"https:\/\/legrenierdelatour.be\/brocante\/?post_type=product&#038;p=6782"},"modified":"2023-11-04T10:30:35","modified_gmt":"2023-11-04T09:30:35","slug":"assiette-marnach-recktenwald","status":"publish","type":"product","link":"https:\/\/legrenierdelatour.be\/brocante\/produit\/assiette-marnach-recktenwald\/","title":{"rendered":"Assiette Marnach Recktenwald"},"content":{"rendered":"<p>Assiette d\u00e9corative (25 cm de diam\u00e8tre) \u00e9dit\u00e9e en l\u2019honneur de la 28\u00e8 division d\u2019infanterie des USA, \u00e0 l\u2019occasion du 45\u00e8 anniversaire de la lib\u00e9ration et du 150\u00e8 anniversaire du GD de Luxembourg en 1989. Elle a \u00e9t\u00e9 produite par Recktewald \u00e0 Wiltz.<\/p>\n<div>R\u00e9f 26.07<\/div>\n","protected":false},"excerpt":{"rendered":"<p>Assiette d\u00e9corative (25 cm de diam\u00e8tre) \u00e9dit\u00e9e en l\u2019honneur de la 28\u00e8 division d\u2019infanterie des USA, \u00e0 l\u2019occasion du 45\u00e8 anniversaire de la lib\u00e9ration et du 150\u00e8 anniversaire du GD de Luxembourg en 1989. Elle a \u00e9t\u00e9 produite par Recktewald \u00e0 Wiltz. R\u00e9f 26.07<\/p>\n","protected":false},"featured_media":6786,"comment_status":"open","ping_status":"closed","template":"","meta":{"neve_meta_sidebar":"","neve_meta_container":"","neve_meta_enable_content_width":"off","neve_meta_content_width":100,"neve_meta_title_alignment":"","neve_meta_author_avatar":"","neve_post_elements_order":"","neve_meta_disable_header":"","neve_meta_disable_footer":"","neve_meta_disable_title":""},"product_brand":[],"product_cat":[16,165,30,166,191],"product_tag":[83],"class_list":{"0":"post-6782","1":"product","2":"type-product","3":"status-publish","4":"has-post-thumbnail","6":"product_cat-ceramique","7":"product_cat-luxembourg","8":"product_cat-luxemburgensia","9":"product_cat-luxemburgensia-luxemburgensia","10":"product_cat-recktenwald","11":"product_tag-luxemburgensia","13":"first","14":"instock","15":"shipping-taxable","16":"purchasable","17":"product-type-simple"},"_links":{"self":[{"href":"https:\/\/legrenierdelatour.be\/brocante\/wp-json\/wp\/v2\/product\/6782","targetHints":{"allow":["GET"]}}],"collection":[{"href":"https:\/\/legrenierdelatour.be\/brocante\/wp-json\/wp\/v2\/product"}],"about":[{"href":"https:\/\/legrenierdelatour.be\/brocante\/wp-json\/wp\/v2\/types\/product"}],"replies":[{"embeddable":true,"href":"https:\/\/legrenierdelatour.be\/brocante\/wp-json\/wp\/v2\/comments?post=6782"}],"wp:featuredmedia":[{"embeddable":true,"href":"https:\/\/legrenierdelatour.be\/brocante\/wp-json\/wp\/v2\/media\/6786"}],"wp:attachment":[{"href":"https:\/\/legrenierdelatour.be\/brocante\/wp-json\/wp\/v2\/media?parent=6782"}],"wp:term":[{"taxonomy":"product_brand","embeddable":true,"href":"https:\/\/legrenierdelatour.be\/brocante\/wp-json\/wp\/v2\/product_brand?post=6782"},{"taxonomy":"product_cat","embeddable":true,"href":"https:\/\/legrenierdelatour.be\/brocante\/wp-json\/wp\/v2\/product_cat?post=6782"},{"taxonomy":"product_tag","embeddable":true,"href":"https:\/\/legrenierdelatour.be\/brocante\/wp-json\/wp\/v2\/product_tag?post=6782"}],"curies":[{"name":"wp","href":"https:\/\/api.w.org\/{rel}","templated":true}]}}