{"id":6713,"date":"2023-11-03T11:05:59","date_gmt":"2023-11-03T10:05:59","guid":{"rendered":"https:\/\/legrenierdelatour.be\/brocante\/?post_type=product&#038;p=6713"},"modified":"2023-11-03T11:05:59","modified_gmt":"2023-11-03T10:05:59","slug":"plateau-aperitif-fat-lava-1970","status":"publish","type":"product","link":"https:\/\/legrenierdelatour.be\/brocante\/produit\/plateau-aperitif-fat-lava-1970\/","title":{"rendered":"Plateau ap\u00e9ritif Fat Lava 1970"},"content":{"rendered":"<p>Beau plateau ap\u00e9ritif en fa\u00efence (34 cm de long) en fa\u00efence, de couleur rouge avec dessins de floraux dans l\u2019\u00e9mail. Ce plat en parfait \u00e9tat est sign\u00e9 Y dessous (signature non identifi\u00e9e). Ce plateau Fat Lava date des ann\u00e9es 1970 et est en parfait \u00e9tat.<\/p>\n<div>R\u00e9f 25.89<\/div>\n","protected":false},"excerpt":{"rendered":"<p>Beau plateau ap\u00e9ritif en fa\u00efence (34 cm de long) en fa\u00efence, de couleur rouge avec dessins de floraux dans l\u2019\u00e9mail. Ce plat en parfait \u00e9tat est sign\u00e9 Y dessous (signature non identifi\u00e9e). Ce plateau Fat Lava date des ann\u00e9es 1970 et est en parfait \u00e9tat. R\u00e9f 25.89<\/p>\n","protected":false},"featured_media":6714,"comment_status":"open","ping_status":"closed","template":"","meta":{"neve_meta_sidebar":"","neve_meta_container":"","neve_meta_enable_content_width":"off","neve_meta_content_width":100,"neve_meta_title_alignment":"","neve_meta_author_avatar":"","neve_post_elements_order":"","neve_meta_disable_header":"","neve_meta_disable_footer":"","neve_meta_disable_title":""},"product_brand":[],"product_cat":[172,16,94],"product_tag":[50,95,28],"class_list":{"0":"post-6713","1":"product","2":"type-product","3":"status-publish","4":"has-post-thumbnail","6":"product_cat-en-cuisine","7":"product_cat-ceramique","8":"product_cat-vallauris","9":"product_tag-fat-lava","10":"product_tag-vallauris","11":"product_tag-vintage","13":"first","14":"instock","15":"shipping-taxable","16":"purchasable","17":"product-type-simple"},"_links":{"self":[{"href":"https:\/\/legrenierdelatour.be\/brocante\/wp-json\/wp\/v2\/product\/6713","targetHints":{"allow":["GET"]}}],"collection":[{"href":"https:\/\/legrenierdelatour.be\/brocante\/wp-json\/wp\/v2\/product"}],"about":[{"href":"https:\/\/legrenierdelatour.be\/brocante\/wp-json\/wp\/v2\/types\/product"}],"replies":[{"embeddable":true,"href":"https:\/\/legrenierdelatour.be\/brocante\/wp-json\/wp\/v2\/comments?post=6713"}],"wp:featuredmedia":[{"embeddable":true,"href":"https:\/\/legrenierdelatour.be\/brocante\/wp-json\/wp\/v2\/media\/6714"}],"wp:attachment":[{"href":"https:\/\/legrenierdelatour.be\/brocante\/wp-json\/wp\/v2\/media?parent=6713"}],"wp:term":[{"taxonomy":"product_brand","embeddable":true,"href":"https:\/\/legrenierdelatour.be\/brocante\/wp-json\/wp\/v2\/product_brand?post=6713"},{"taxonomy":"product_cat","embeddable":true,"href":"https:\/\/legrenierdelatour.be\/brocante\/wp-json\/wp\/v2\/product_cat?post=6713"},{"taxonomy":"product_tag","embeddable":true,"href":"https:\/\/legrenierdelatour.be\/brocante\/wp-json\/wp\/v2\/product_tag?post=6713"}],"curies":[{"name":"wp","href":"https:\/\/api.w.org\/{rel}","templated":true}]}}