{"id":6704,"date":"2023-10-31T20:16:15","date_gmt":"2023-10-31T19:16:15","guid":{"rendered":"https:\/\/legrenierdelatour.be\/brocante\/?post_type=product&#038;p=6704"},"modified":"2023-10-31T20:16:16","modified_gmt":"2023-10-31T19:16:16","slug":"vase-west-germany-jasba-216-40","status":"publish","type":"product","link":"https:\/\/legrenierdelatour.be\/brocante\/produit\/vase-west-germany-jasba-216-40\/","title":{"rendered":"Vase West Germany Jasba 216\/40"},"content":{"rendered":"<p>Beau grand vase (40 cm de haut) de la manufacure Jasba en Allemagne de l\u2019Ouest (1926-1975 pour la c\u00e9ramique d\u00e9corative) \u00e0 Ransbach-Baumbach. Il porte le num\u00e9ro de forme 216\/40. Il porte \u00e9galement un sceau en cire de la manufacture. Il date sans doute des ann\u00e9es 1960 et est en parfait \u00e9tat.<\/p>\n<div>R\u00e9f 25.82<\/div>\n","protected":false},"excerpt":{"rendered":"<p>Beau grand vase (40 cm de haut) de la manufacure Jasba en Allemagne de l\u2019Ouest (1926-1975 pour la c\u00e9ramique d\u00e9corative) \u00e0 Ransbach-Baumbach. Il porte le num\u00e9ro de forme 216\/40. Il porte \u00e9galement un sceau en cire de la manufacture. Il date sans doute des ann\u00e9es 1960 et est en parfait \u00e9tat. R\u00e9f 25.82<\/p>\n","protected":false},"featured_media":6692,"comment_status":"open","ping_status":"closed","template":"","meta":{"neve_meta_sidebar":"","neve_meta_container":"","neve_meta_enable_content_width":"off","neve_meta_content_width":100,"neve_meta_title_alignment":"","neve_meta_author_avatar":"","neve_post_elements_order":"","neve_meta_disable_header":"","neve_meta_disable_footer":"","neve_meta_disable_title":""},"product_brand":[],"product_cat":[48,16,47],"product_tag":[28,49],"class_list":{"0":"post-6704","1":"product","2":"type-product","3":"status-publish","4":"has-post-thumbnail","6":"product_cat-allemagne","7":"product_cat-ceramique","8":"product_cat-west-germany","9":"product_tag-vintage","10":"product_tag-west-germany","12":"first","13":"instock","14":"shipping-taxable","15":"purchasable","16":"product-type-simple"},"_links":{"self":[{"href":"https:\/\/legrenierdelatour.be\/brocante\/wp-json\/wp\/v2\/product\/6704","targetHints":{"allow":["GET"]}}],"collection":[{"href":"https:\/\/legrenierdelatour.be\/brocante\/wp-json\/wp\/v2\/product"}],"about":[{"href":"https:\/\/legrenierdelatour.be\/brocante\/wp-json\/wp\/v2\/types\/product"}],"replies":[{"embeddable":true,"href":"https:\/\/legrenierdelatour.be\/brocante\/wp-json\/wp\/v2\/comments?post=6704"}],"wp:featuredmedia":[{"embeddable":true,"href":"https:\/\/legrenierdelatour.be\/brocante\/wp-json\/wp\/v2\/media\/6692"}],"wp:attachment":[{"href":"https:\/\/legrenierdelatour.be\/brocante\/wp-json\/wp\/v2\/media?parent=6704"}],"wp:term":[{"taxonomy":"product_brand","embeddable":true,"href":"https:\/\/legrenierdelatour.be\/brocante\/wp-json\/wp\/v2\/product_brand?post=6704"},{"taxonomy":"product_cat","embeddable":true,"href":"https:\/\/legrenierdelatour.be\/brocante\/wp-json\/wp\/v2\/product_cat?post=6704"},{"taxonomy":"product_tag","embeddable":true,"href":"https:\/\/legrenierdelatour.be\/brocante\/wp-json\/wp\/v2\/product_tag?post=6704"}],"curies":[{"name":"wp","href":"https:\/\/api.w.org\/{rel}","templated":true}]}}