{"id":67,"date":"2022-02-09T13:25:58","date_gmt":"2022-02-09T12:25:58","guid":{"rendered":"https:\/\/legrenierdelatour.be\/brocante\/?post_type=product&#038;p=67"},"modified":"2026-04-07T09:38:35","modified_gmt":"2026-04-07T07:38:35","slug":"ensemble-dassiettes-et-plats-fauvette-de-boch-la-louviere","status":"publish","type":"product","link":"https:\/\/legrenierdelatour.be\/brocante\/produit\/ensemble-dassiettes-et-plats-fauvette-de-boch-la-louviere\/","title":{"rendered":"Assiettes et plats \u00ab\u00a0Fauvette\u00a0\u00bb de Boch La Louvi\u00e8re"},"content":{"rendered":"<p>Diff\u00e9rentes pi\u00e8ces de service du d\u00e9cor \u00ab\u00a0Fauvette\u00a0\u00bb produites par Boch La Louvi\u00e8re au d\u00e9but du 20\u00e8me si\u00e8cle. L&rsquo;\u00e9tat moyen pr\u00e9sente de nombreuses traces d&rsquo;usures dues \u00e0 l&rsquo;\u00e2ge et \u00a0\u00e0 une utilisation fr\u00e9quente.<\/p>\n<p>Cachet bleu et \u00ab\u00a0Y\u00a0\u00bb en creux pour certaines.<\/p>\n<p>3 assiettes plates et 4 assiettes creuses (24cm), 2 assiettes \u00e0 dessert (20,5 cm), 1 plats (23).<\/p>\n<p>Ces pi\u00e8ces sont vendues individuellement \u00e0 10\u20ac l&rsquo;assiette et 15\u20ac le plat. Un plat \u00e0 25\u20ac.<\/p>\n<p>R\u00e9f 3.26 + 8.66<\/p>\n","protected":false},"excerpt":{"rendered":"<p>Diff\u00e9rentes pi\u00e8ces de service du d\u00e9cor \u00ab\u00a0Fauvette\u00a0\u00bb produites par Boch La Louvi\u00e8re au d\u00e9but du 20\u00e8me si\u00e8cle. L&rsquo;\u00e9tat moyen pr\u00e9sente de nombreuses traces d&rsquo;usures dues \u00e0 l&rsquo;\u00e2ge et \u00a0\u00e0 une utilisation fr\u00e9quente. Cachet bleu et \u00ab\u00a0Y\u00a0\u00bb en creux pour certaines. 3 assiettes plates et 4 assiettes creuses (24cm), 2 assiettes \u00e0 dessert (20,5 cm), 1&hellip;&nbsp;<a href=\"https:\/\/legrenierdelatour.be\/brocante\/produit\/ensemble-dassiettes-et-plats-fauvette-de-boch-la-louviere\/\" class=\"\" rel=\"bookmark\">Lire la suite &raquo;<span class=\"screen-reader-text\">Assiettes et plats \u00ab\u00a0Fauvette\u00a0\u00bb de Boch La Louvi\u00e8re<\/span><\/a><\/p>\n","protected":false},"featured_media":69,"comment_status":"open","ping_status":"closed","template":"","meta":{"neve_meta_sidebar":"","neve_meta_container":"","neve_meta_enable_content_width":"off","neve_meta_content_width":100,"neve_meta_title_alignment":"","neve_meta_author_avatar":"","neve_post_elements_order":"","neve_meta_disable_header":"","neve_meta_disable_footer":"","neve_meta_disable_title":""},"product_brand":[],"product_cat":[15,37,175,172,16],"product_tag":[20,19],"class_list":{"0":"post-67","1":"product","2":"type-product","3":"status-publish","4":"has-post-thumbnail","6":"product_cat-non-classe","7":"product_cat-belgique","8":"product_cat-boch","9":"product_cat-en-cuisine","10":"product_cat-ceramique","11":"product_tag-boch","12":"product_tag-faience","14":"first","15":"instock","16":"sold-individually","17":"shipping-taxable","18":"purchasable","19":"product-type-simple"},"_links":{"self":[{"href":"https:\/\/legrenierdelatour.be\/brocante\/wp-json\/wp\/v2\/product\/67","targetHints":{"allow":["GET"]}}],"collection":[{"href":"https:\/\/legrenierdelatour.be\/brocante\/wp-json\/wp\/v2\/product"}],"about":[{"href":"https:\/\/legrenierdelatour.be\/brocante\/wp-json\/wp\/v2\/types\/product"}],"replies":[{"embeddable":true,"href":"https:\/\/legrenierdelatour.be\/brocante\/wp-json\/wp\/v2\/comments?post=67"}],"wp:featuredmedia":[{"embeddable":true,"href":"https:\/\/legrenierdelatour.be\/brocante\/wp-json\/wp\/v2\/media\/69"}],"wp:attachment":[{"href":"https:\/\/legrenierdelatour.be\/brocante\/wp-json\/wp\/v2\/media?parent=67"}],"wp:term":[{"taxonomy":"product_brand","embeddable":true,"href":"https:\/\/legrenierdelatour.be\/brocante\/wp-json\/wp\/v2\/product_brand?post=67"},{"taxonomy":"product_cat","embeddable":true,"href":"https:\/\/legrenierdelatour.be\/brocante\/wp-json\/wp\/v2\/product_cat?post=67"},{"taxonomy":"product_tag","embeddable":true,"href":"https:\/\/legrenierdelatour.be\/brocante\/wp-json\/wp\/v2\/product_tag?post=67"}],"curies":[{"name":"wp","href":"https:\/\/api.w.org\/{rel}","templated":true}]}}