{"id":664,"date":"2022-03-10T09:44:27","date_gmt":"2022-03-10T08:44:27","guid":{"rendered":"https:\/\/legrenierdelatour.be\/brocante\/?post_type=product&#038;p=664"},"modified":"2025-05-05T13:29:59","modified_gmt":"2025-05-05T11:29:59","slug":"sevice-a-moka-winterling-marktleuthem","status":"publish","type":"product","link":"https:\/\/legrenierdelatour.be\/brocante\/produit\/sevice-a-moka-winterling-marktleuthem\/","title":{"rendered":"Sevice \u00e0 moka Winterling Marktleuthem"},"content":{"rendered":"<p>Partie de service \u00e0 moka, de trois tasses et de 6 sous-tasses, avec d\u00e9cor de rose ferm\u00e9e. Produit par la manufacture Winterling(1906-?) \u00e0 Marktleuthem en Allemagne. Ce service date probablement des ann\u00e9es 1950-60.<\/p>\n<div>R\u00e9f 9.12<\/div>\n","protected":false},"excerpt":{"rendered":"<p>Partie de service \u00e0 moka, de trois tasses et de 6 sous-tasses, avec d\u00e9cor de rose ferm\u00e9e. Produit par la manufacture Winterling(1906-?) \u00e0 Marktleuthem en Allemagne. Ce service date probablement des ann\u00e9es 1950-60. R\u00e9f 9.12<\/p>\n","protected":false},"featured_media":649,"comment_status":"open","ping_status":"closed","template":"","meta":{"neve_meta_sidebar":"","neve_meta_container":"","neve_meta_enable_content_width":"off","neve_meta_content_width":100,"neve_meta_title_alignment":"","neve_meta_author_avatar":"","neve_post_elements_order":"","neve_meta_disable_header":"","neve_meta_disable_footer":"","neve_meta_disable_title":""},"product_brand":[],"product_cat":[48,168,172,16],"product_tag":[28],"class_list":{"0":"post-664","1":"product","2":"type-product","3":"status-publish","4":"has-post-thumbnail","6":"product_cat-allemagne","7":"product_cat-bavaria","8":"product_cat-en-cuisine","9":"product_cat-ceramique","10":"product_tag-vintage","12":"first","13":"instock","14":"shipping-taxable","15":"purchasable","16":"product-type-simple"},"_links":{"self":[{"href":"https:\/\/legrenierdelatour.be\/brocante\/wp-json\/wp\/v2\/product\/664","targetHints":{"allow":["GET"]}}],"collection":[{"href":"https:\/\/legrenierdelatour.be\/brocante\/wp-json\/wp\/v2\/product"}],"about":[{"href":"https:\/\/legrenierdelatour.be\/brocante\/wp-json\/wp\/v2\/types\/product"}],"replies":[{"embeddable":true,"href":"https:\/\/legrenierdelatour.be\/brocante\/wp-json\/wp\/v2\/comments?post=664"}],"wp:featuredmedia":[{"embeddable":true,"href":"https:\/\/legrenierdelatour.be\/brocante\/wp-json\/wp\/v2\/media\/649"}],"wp:attachment":[{"href":"https:\/\/legrenierdelatour.be\/brocante\/wp-json\/wp\/v2\/media?parent=664"}],"wp:term":[{"taxonomy":"product_brand","embeddable":true,"href":"https:\/\/legrenierdelatour.be\/brocante\/wp-json\/wp\/v2\/product_brand?post=664"},{"taxonomy":"product_cat","embeddable":true,"href":"https:\/\/legrenierdelatour.be\/brocante\/wp-json\/wp\/v2\/product_cat?post=664"},{"taxonomy":"product_tag","embeddable":true,"href":"https:\/\/legrenierdelatour.be\/brocante\/wp-json\/wp\/v2\/product_tag?post=664"}],"curies":[{"name":"wp","href":"https:\/\/api.w.org\/{rel}","templated":true}]}}