{"id":6613,"date":"2023-10-24T12:51:23","date_gmt":"2023-10-24T10:51:23","guid":{"rendered":"https:\/\/legrenierdelatour.be\/brocante\/?post_type=product&#038;p=6613"},"modified":"2023-10-24T12:51:23","modified_gmt":"2023-10-24T10:51:23","slug":"plat-walther-glas-komet","status":"publish","type":"product","link":"https:\/\/legrenierdelatour.be\/brocante\/produit\/plat-walther-glas-komet\/","title":{"rendered":"Plat Walther Glas Komet"},"content":{"rendered":"<p>Plat rond en verre cristallin taill\u00e9 (29 cm de diam\u00e8tre), avec des parties color\u00e9es en jaune. Il comporte trois petits pieds. Il n\u2019est pas sign\u00e9, mais il s\u2019agit d\u2019une production de Walther Glas (1865-1950-auj) en Boh\u00eame, des ann\u00e9es 1960-70, du mod\u00e8le Komet. Il est en parfait \u00e9tat.<\/p>\n<div>R\u00e9f 25.37<\/div>\n","protected":false},"excerpt":{"rendered":"<p>Plat rond en verre cristallin taill\u00e9 (29 cm de diam\u00e8tre), avec des parties color\u00e9es en jaune. Il comporte trois petits pieds. Il n\u2019est pas sign\u00e9, mais il s\u2019agit d\u2019une production de Walther Glas (1865-1950-auj) en Boh\u00eame, des ann\u00e9es 1960-70, du mod\u00e8le Komet. Il est en parfait \u00e9tat. R\u00e9f 25.37<\/p>\n","protected":false},"featured_media":6609,"comment_status":"open","ping_status":"closed","template":"","meta":{"neve_meta_sidebar":"","neve_meta_container":"","neve_meta_enable_content_width":"off","neve_meta_content_width":100,"neve_meta_title_alignment":"","neve_meta_author_avatar":"","neve_post_elements_order":"","neve_meta_disable_header":"","neve_meta_disable_footer":"","neve_meta_disable_title":""},"product_brand":[],"product_cat":[172,22],"product_tag":[],"class_list":{"0":"post-6613","1":"product","2":"type-product","3":"status-publish","4":"has-post-thumbnail","6":"product_cat-en-cuisine","7":"product_cat-verrerie","9":"first","10":"instock","11":"shipping-taxable","12":"purchasable","13":"product-type-simple"},"_links":{"self":[{"href":"https:\/\/legrenierdelatour.be\/brocante\/wp-json\/wp\/v2\/product\/6613","targetHints":{"allow":["GET"]}}],"collection":[{"href":"https:\/\/legrenierdelatour.be\/brocante\/wp-json\/wp\/v2\/product"}],"about":[{"href":"https:\/\/legrenierdelatour.be\/brocante\/wp-json\/wp\/v2\/types\/product"}],"replies":[{"embeddable":true,"href":"https:\/\/legrenierdelatour.be\/brocante\/wp-json\/wp\/v2\/comments?post=6613"}],"wp:featuredmedia":[{"embeddable":true,"href":"https:\/\/legrenierdelatour.be\/brocante\/wp-json\/wp\/v2\/media\/6609"}],"wp:attachment":[{"href":"https:\/\/legrenierdelatour.be\/brocante\/wp-json\/wp\/v2\/media?parent=6613"}],"wp:term":[{"taxonomy":"product_brand","embeddable":true,"href":"https:\/\/legrenierdelatour.be\/brocante\/wp-json\/wp\/v2\/product_brand?post=6613"},{"taxonomy":"product_cat","embeddable":true,"href":"https:\/\/legrenierdelatour.be\/brocante\/wp-json\/wp\/v2\/product_cat?post=6613"},{"taxonomy":"product_tag","embeddable":true,"href":"https:\/\/legrenierdelatour.be\/brocante\/wp-json\/wp\/v2\/product_tag?post=6613"}],"curies":[{"name":"wp","href":"https:\/\/api.w.org\/{rel}","templated":true}]}}