{"id":6557,"date":"2023-10-18T18:55:36","date_gmt":"2023-10-18T16:55:36","guid":{"rendered":"https:\/\/legrenierdelatour.be\/brocante\/?post_type=product&#038;p=6557"},"modified":"2023-10-18T18:55:36","modified_gmt":"2023-10-18T16:55:36","slug":"plaque-en-bronze-consolatrix-afflictorum","status":"publish","type":"product","link":"https:\/\/legrenierdelatour.be\/brocante\/produit\/plaque-en-bronze-consolatrix-afflictorum\/","title":{"rendered":"Plaque en bronze \u00ab\u00a0Consolatrix Afflictorum\u00a0\u00bb"},"content":{"rendered":"<div>Grande m\u00e9daille ou plaque de bronze (12 cm de diam\u00e8tre) portant une repr\u00e9sentation de ND de Luxembourg \u00ab\u00a0Consolatrix afflictorum\u00a0\u00bb, et deux monuments de Luxembourg. Elle peut \u00eatre suspendue. Elle a \u00e9t\u00e9 produite \u00e0 l\u2019occasion du tricentenaire en 1978.<\/div>\n<div>R\u00e9f 25.12<\/div>\n","protected":false},"excerpt":{"rendered":"<p>Grande m\u00e9daille ou plaque de bronze (12 cm de diam\u00e8tre) portant une repr\u00e9sentation de ND de Luxembourg \u00ab\u00a0Consolatrix afflictorum\u00a0\u00bb, et deux monuments de Luxembourg. Elle peut \u00eatre suspendue. Elle a \u00e9t\u00e9 produite \u00e0 l\u2019occasion du tricentenaire en 1978. R\u00e9f 25.12<\/p>\n","protected":false},"featured_media":6552,"comment_status":"open","ping_status":"closed","template":"","meta":{"neve_meta_sidebar":"","neve_meta_container":"","neve_meta_enable_content_width":"off","neve_meta_content_width":100,"neve_meta_title_alignment":"","neve_meta_author_avatar":"","neve_post_elements_order":"","neve_meta_disable_header":"","neve_meta_disable_footer":"","neve_meta_disable_title":""},"product_brand":[],"product_cat":[109,30,166,34],"product_tag":[83,35],"class_list":{"0":"post-6557","1":"product","2":"type-product","3":"status-publish","4":"has-post-thumbnail","6":"product_cat-metal","7":"product_cat-luxemburgensia","8":"product_cat-luxemburgensia-luxemburgensia","9":"product_cat-religiosa","10":"product_tag-luxemburgensia","11":"product_tag-religion","13":"first","14":"instock","15":"shipping-taxable","16":"purchasable","17":"product-type-simple"},"_links":{"self":[{"href":"https:\/\/legrenierdelatour.be\/brocante\/wp-json\/wp\/v2\/product\/6557","targetHints":{"allow":["GET"]}}],"collection":[{"href":"https:\/\/legrenierdelatour.be\/brocante\/wp-json\/wp\/v2\/product"}],"about":[{"href":"https:\/\/legrenierdelatour.be\/brocante\/wp-json\/wp\/v2\/types\/product"}],"replies":[{"embeddable":true,"href":"https:\/\/legrenierdelatour.be\/brocante\/wp-json\/wp\/v2\/comments?post=6557"}],"wp:featuredmedia":[{"embeddable":true,"href":"https:\/\/legrenierdelatour.be\/brocante\/wp-json\/wp\/v2\/media\/6552"}],"wp:attachment":[{"href":"https:\/\/legrenierdelatour.be\/brocante\/wp-json\/wp\/v2\/media?parent=6557"}],"wp:term":[{"taxonomy":"product_brand","embeddable":true,"href":"https:\/\/legrenierdelatour.be\/brocante\/wp-json\/wp\/v2\/product_brand?post=6557"},{"taxonomy":"product_cat","embeddable":true,"href":"https:\/\/legrenierdelatour.be\/brocante\/wp-json\/wp\/v2\/product_cat?post=6557"},{"taxonomy":"product_tag","embeddable":true,"href":"https:\/\/legrenierdelatour.be\/brocante\/wp-json\/wp\/v2\/product_tag?post=6557"}],"curies":[{"name":"wp","href":"https:\/\/api.w.org\/{rel}","templated":true}]}}