{"id":6533,"date":"2023-10-17T14:51:06","date_gmt":"2023-10-17T12:51:06","guid":{"rendered":"https:\/\/legrenierdelatour.be\/brocante\/?post_type=product&#038;p=6533"},"modified":"2023-10-17T14:51:06","modified_gmt":"2023-10-17T12:51:06","slug":"paire-de-lampes-fat-lava-west-germany","status":"publish","type":"product","link":"https:\/\/legrenierdelatour.be\/brocante\/produit\/paire-de-lampes-fat-lava-west-germany\/","title":{"rendered":"Paire de lampes Fat Lava West Germany"},"content":{"rendered":"<p>Paire de lampes en gr\u00e8s (44 cm de haut) comportant un beau d\u00e9cor Fat Lava dans des couleurs naturelles. Elles ne portent pas de marque de production mais sont sans doute issues d\u2019un atelier d\u2019Allemagne de l\u2019Ouest. Elles sont en parfait \u00e9tat (une des lampes ne poss\u00e8de plus son fil \u00e9lectrique).<\/p>\n<div>Elles sont vendues \u00e0 la pi\u00e8ce au prix de 75\u20ac.<\/div>\n<div>R\u00e9f 25.05<\/div>\n","protected":false},"excerpt":{"rendered":"<p>Paire de lampes en gr\u00e8s (44 cm de haut) comportant un beau d\u00e9cor Fat Lava dans des couleurs naturelles. Elles ne portent pas de marque de production mais sont sans doute issues d\u2019un atelier d\u2019Allemagne de l\u2019Ouest. Elles sont en parfait \u00e9tat (une des lampes ne poss\u00e8de plus son fil \u00e9lectrique). Elles sont vendues \u00e0&hellip;&nbsp;<a href=\"https:\/\/legrenierdelatour.be\/brocante\/produit\/paire-de-lampes-fat-lava-west-germany\/\" class=\"\" rel=\"bookmark\">Lire la suite &raquo;<span class=\"screen-reader-text\">Paire de lampes Fat Lava West Germany<\/span><\/a><\/p>\n","protected":false},"featured_media":6543,"comment_status":"open","ping_status":"closed","template":"","meta":{"neve_meta_sidebar":"","neve_meta_container":"","neve_meta_enable_content_width":"off","neve_meta_content_width":100,"neve_meta_title_alignment":"","neve_meta_author_avatar":"","neve_post_elements_order":"","neve_meta_disable_header":"","neve_meta_disable_footer":"","neve_meta_disable_title":""},"product_brand":[],"product_cat":[48,16,23,24,47],"product_tag":[50,91,28,49],"class_list":{"0":"post-6533","1":"product","2":"type-product","3":"status-publish","4":"has-post-thumbnail","6":"product_cat-allemagne","7":"product_cat-ceramique","8":"product_cat-mobilier","9":"product_cat-luminaires","10":"product_cat-west-germany","11":"product_tag-fat-lava","12":"product_tag-lampe","13":"product_tag-vintage","14":"product_tag-west-germany","16":"first","17":"instock","18":"shipping-taxable","19":"purchasable","20":"product-type-simple"},"_links":{"self":[{"href":"https:\/\/legrenierdelatour.be\/brocante\/wp-json\/wp\/v2\/product\/6533","targetHints":{"allow":["GET"]}}],"collection":[{"href":"https:\/\/legrenierdelatour.be\/brocante\/wp-json\/wp\/v2\/product"}],"about":[{"href":"https:\/\/legrenierdelatour.be\/brocante\/wp-json\/wp\/v2\/types\/product"}],"replies":[{"embeddable":true,"href":"https:\/\/legrenierdelatour.be\/brocante\/wp-json\/wp\/v2\/comments?post=6533"}],"wp:featuredmedia":[{"embeddable":true,"href":"https:\/\/legrenierdelatour.be\/brocante\/wp-json\/wp\/v2\/media\/6543"}],"wp:attachment":[{"href":"https:\/\/legrenierdelatour.be\/brocante\/wp-json\/wp\/v2\/media?parent=6533"}],"wp:term":[{"taxonomy":"product_brand","embeddable":true,"href":"https:\/\/legrenierdelatour.be\/brocante\/wp-json\/wp\/v2\/product_brand?post=6533"},{"taxonomy":"product_cat","embeddable":true,"href":"https:\/\/legrenierdelatour.be\/brocante\/wp-json\/wp\/v2\/product_cat?post=6533"},{"taxonomy":"product_tag","embeddable":true,"href":"https:\/\/legrenierdelatour.be\/brocante\/wp-json\/wp\/v2\/product_tag?post=6533"}],"curies":[{"name":"wp","href":"https:\/\/api.w.org\/{rel}","templated":true}]}}