{"id":6407,"date":"2023-09-26T18:28:32","date_gmt":"2023-09-26T16:28:32","guid":{"rendered":"https:\/\/legrenierdelatour.be\/brocante\/?post_type=product&#038;p=6407"},"modified":"2023-09-26T18:28:33","modified_gmt":"2023-09-26T16:28:33","slug":"legumier-villeroy-boch-fruits-dautomne","status":"publish","type":"product","link":"https:\/\/legrenierdelatour.be\/brocante\/produit\/legumier-villeroy-boch-fruits-dautomne\/","title":{"rendered":"L\u00e9gumier Villeroy &#038; Boch, Fruits d&rsquo;automne"},"content":{"rendered":"<p>Beau l\u00e9gumier (20,5 cm de diam\u00e8tre et 6,5 cm de haut) portant un d\u00e9cor sur le couvercle de fruits d\u2019automne. Il ne porte pas de marque visible, mais il s\u2019agit d\u2019une production de Villeroy et Boch Luxembourg, dans les ann\u00e9es 1960. En effet le mod\u00e8le est issu de cette manufacture, ainsi que le d\u00e9cor. Il ets en parfait \u00e9tat.<\/p>\n<div>R\u00e9f 24.68<\/div>\n","protected":false},"excerpt":{"rendered":"<p>Beau l\u00e9gumier (20,5 cm de diam\u00e8tre et 6,5 cm de haut) portant un d\u00e9cor sur le couvercle de fruits d\u2019automne. Il ne porte pas de marque visible, mais il s\u2019agit d\u2019une production de Villeroy et Boch Luxembourg, dans les ann\u00e9es 1960. En effet le mod\u00e8le est issu de cette manufacture, ainsi que le d\u00e9cor. Il&hellip;&nbsp;<a href=\"https:\/\/legrenierdelatour.be\/brocante\/produit\/legumier-villeroy-boch-fruits-dautomne\/\" class=\"\" rel=\"bookmark\">Lire la suite &raquo;<span class=\"screen-reader-text\">L\u00e9gumier Villeroy &#038; Boch, Fruits d&rsquo;automne<\/span><\/a><\/p>\n","protected":false},"featured_media":6399,"comment_status":"open","ping_status":"closed","template":"","meta":{"neve_meta_sidebar":"","neve_meta_container":"","neve_meta_enable_content_width":"off","neve_meta_content_width":100,"neve_meta_title_alignment":"","neve_meta_author_avatar":"","neve_post_elements_order":"","neve_meta_disable_header":"","neve_meta_disable_footer":"","neve_meta_disable_title":""},"product_brand":[],"product_cat":[172,16,165,29],"product_tag":[19,32,28],"class_list":{"0":"post-6407","1":"product","2":"type-product","3":"status-publish","4":"has-post-thumbnail","6":"product_cat-en-cuisine","7":"product_cat-ceramique","8":"product_cat-luxembourg","9":"product_cat-villeroy-boch","10":"product_tag-faience","11":"product_tag-villeroy-et-boch","12":"product_tag-vintage","14":"first","15":"instock","16":"shipping-taxable","17":"purchasable","18":"product-type-simple"},"_links":{"self":[{"href":"https:\/\/legrenierdelatour.be\/brocante\/wp-json\/wp\/v2\/product\/6407","targetHints":{"allow":["GET"]}}],"collection":[{"href":"https:\/\/legrenierdelatour.be\/brocante\/wp-json\/wp\/v2\/product"}],"about":[{"href":"https:\/\/legrenierdelatour.be\/brocante\/wp-json\/wp\/v2\/types\/product"}],"replies":[{"embeddable":true,"href":"https:\/\/legrenierdelatour.be\/brocante\/wp-json\/wp\/v2\/comments?post=6407"}],"wp:featuredmedia":[{"embeddable":true,"href":"https:\/\/legrenierdelatour.be\/brocante\/wp-json\/wp\/v2\/media\/6399"}],"wp:attachment":[{"href":"https:\/\/legrenierdelatour.be\/brocante\/wp-json\/wp\/v2\/media?parent=6407"}],"wp:term":[{"taxonomy":"product_brand","embeddable":true,"href":"https:\/\/legrenierdelatour.be\/brocante\/wp-json\/wp\/v2\/product_brand?post=6407"},{"taxonomy":"product_cat","embeddable":true,"href":"https:\/\/legrenierdelatour.be\/brocante\/wp-json\/wp\/v2\/product_cat?post=6407"},{"taxonomy":"product_tag","embeddable":true,"href":"https:\/\/legrenierdelatour.be\/brocante\/wp-json\/wp\/v2\/product_tag?post=6407"}],"curies":[{"name":"wp","href":"https:\/\/api.w.org\/{rel}","templated":true}]}}