{"id":6402,"date":"2023-09-26T17:28:09","date_gmt":"2023-09-26T15:28:09","guid":{"rendered":"https:\/\/legrenierdelatour.be\/brocante\/?post_type=product&#038;p=6402"},"modified":"2024-05-24T19:06:54","modified_gmt":"2024-05-24T17:06:54","slug":"assiette-en-etain-saint-martin-arlon","status":"publish","type":"product","link":"https:\/\/legrenierdelatour.be\/brocante\/produit\/assiette-en-etain-saint-martin-arlon\/","title":{"rendered":"Assiette en \u00e9tain, Saint Martin Arlon"},"content":{"rendered":"<p>Assiette en \u00e9tain 94% (24 cm de diam\u00e8tre) avec une repr\u00e9sentation de Saint Martin \u00e0 Arlon. C\u2019est une production de l\u2019atelier du Val d\u2019Attert \u00e0 Tontelange, cr\u00e9\u00e9 par Ren\u00e9 pougin en 1968, c\u00e9d\u00e9 \u00e0 son neveu en 1995 Alain Defernez, un des derniers postainiers wallons. Cette assiette est sign\u00e9e (non d\u00e9chiffr\u00e9) et est sans doute un cadeau d\u2019une classe \u00e0 leur professeur (signatures des \u00e9l\u00e8ves au dos) et dat\u00e9e du 11\/07\/94 (?).<\/p>\n<p>Une deuxi\u00e8me assiette disponible, sans signatures<\/p>\n<div>R\u00e9f 24.67<\/div>\n","protected":false},"excerpt":{"rendered":"<p>Assiette en \u00e9tain 94% (24 cm de diam\u00e8tre) avec une repr\u00e9sentation de Saint Martin \u00e0 Arlon. C\u2019est une production de l\u2019atelier du Val d\u2019Attert \u00e0 Tontelange, cr\u00e9\u00e9 par Ren\u00e9 pougin en 1968, c\u00e9d\u00e9 \u00e0 son neveu en 1995 Alain Defernez, un des derniers postainiers wallons. Cette assiette est sign\u00e9e (non d\u00e9chiffr\u00e9) et est sans doute&hellip;&nbsp;<a href=\"https:\/\/legrenierdelatour.be\/brocante\/produit\/assiette-en-etain-saint-martin-arlon\/\" class=\"\" rel=\"bookmark\">Lire la suite &raquo;<span class=\"screen-reader-text\">Assiette en \u00e9tain, Saint Martin Arlon<\/span><\/a><\/p>\n","protected":false},"featured_media":6403,"comment_status":"open","ping_status":"closed","template":"","meta":{"neve_meta_sidebar":"","neve_meta_container":"","neve_meta_enable_content_width":"off","neve_meta_content_width":100,"neve_meta_title_alignment":"","neve_meta_author_avatar":"","neve_post_elements_order":"","neve_meta_disable_header":"","neve_meta_disable_footer":"","neve_meta_disable_title":""},"product_brand":[],"product_cat":[110,109,30,31],"product_tag":[79,112],"class_list":{"0":"post-6402","1":"product","2":"type-product","3":"status-publish","4":"has-post-thumbnail","6":"product_cat-etain","7":"product_cat-metal","8":"product_cat-luxemburgensia","9":"product_cat-pays-darlon","10":"product_tag-art","11":"product_tag-pays-darlon","13":"first","14":"instock","15":"shipping-taxable","16":"purchasable","17":"product-type-simple"},"_links":{"self":[{"href":"https:\/\/legrenierdelatour.be\/brocante\/wp-json\/wp\/v2\/product\/6402","targetHints":{"allow":["GET"]}}],"collection":[{"href":"https:\/\/legrenierdelatour.be\/brocante\/wp-json\/wp\/v2\/product"}],"about":[{"href":"https:\/\/legrenierdelatour.be\/brocante\/wp-json\/wp\/v2\/types\/product"}],"replies":[{"embeddable":true,"href":"https:\/\/legrenierdelatour.be\/brocante\/wp-json\/wp\/v2\/comments?post=6402"}],"wp:featuredmedia":[{"embeddable":true,"href":"https:\/\/legrenierdelatour.be\/brocante\/wp-json\/wp\/v2\/media\/6403"}],"wp:attachment":[{"href":"https:\/\/legrenierdelatour.be\/brocante\/wp-json\/wp\/v2\/media?parent=6402"}],"wp:term":[{"taxonomy":"product_brand","embeddable":true,"href":"https:\/\/legrenierdelatour.be\/brocante\/wp-json\/wp\/v2\/product_brand?post=6402"},{"taxonomy":"product_cat","embeddable":true,"href":"https:\/\/legrenierdelatour.be\/brocante\/wp-json\/wp\/v2\/product_cat?post=6402"},{"taxonomy":"product_tag","embeddable":true,"href":"https:\/\/legrenierdelatour.be\/brocante\/wp-json\/wp\/v2\/product_tag?post=6402"}],"curies":[{"name":"wp","href":"https:\/\/api.w.org\/{rel}","templated":true}]}}