{"id":6394,"date":"2023-09-26T17:00:16","date_gmt":"2023-09-26T15:00:16","guid":{"rendered":"https:\/\/legrenierdelatour.be\/brocante\/?post_type=product&#038;p=6394"},"modified":"2023-09-26T17:00:36","modified_gmt":"2023-09-26T15:00:36","slug":"vase-west-germany-bay-66-25","status":"publish","type":"product","link":"https:\/\/legrenierdelatour.be\/brocante\/produit\/vase-west-germany-bay-66-25\/","title":{"rendered":"Vase West Germany Bay 66-25"},"content":{"rendered":"<p>Beau service \u00e0 liqueur en verre moul\u00e9 de couleur ambr\u00e9e, compos\u00e9 d\u2019un flacon (21 cm de haut avec bouchon) et 6 verres (5 cm de haut). Il porte une marque circulaire grav\u00e9e sous chaque pi\u00e8ce, identifiant la production sans doute en Boh\u00e8me. De style Art D\u00e9co, il a sans doute \u00e9t\u00e9 produit dans les ann\u00e9es 1930.<\/p>\n<div>R\u00e9f 24.65<\/div>\n","protected":false},"excerpt":{"rendered":"<p>Beau service \u00e0 liqueur en verre moul\u00e9 de couleur ambr\u00e9e, compos\u00e9 d\u2019un flacon (21 cm de haut avec bouchon) et 6 verres (5 cm de haut). Il porte une marque circulaire grav\u00e9e sous chaque pi\u00e8ce, identifiant la production sans doute en Boh\u00e8me. De style Art D\u00e9co, il a sans doute \u00e9t\u00e9 produit dans les ann\u00e9es&hellip;&nbsp;<a href=\"https:\/\/legrenierdelatour.be\/brocante\/produit\/vase-west-germany-bay-66-25\/\" class=\"\" rel=\"bookmark\">Lire la suite &raquo;<span class=\"screen-reader-text\">Vase West Germany Bay 66-25<\/span><\/a><\/p>\n","protected":false},"featured_media":6395,"comment_status":"open","ping_status":"closed","template":"","meta":{"neve_meta_sidebar":"","neve_meta_container":"","neve_meta_enable_content_width":"off","neve_meta_content_width":100,"neve_meta_title_alignment":"","neve_meta_author_avatar":"","neve_post_elements_order":"","neve_meta_disable_header":"","neve_meta_disable_footer":"","neve_meta_disable_title":""},"product_brand":[],"product_cat":[48,53,16,47],"product_tag":[51,50,28,49],"class_list":{"0":"post-6394","1":"product","2":"type-product","3":"status-publish","4":"has-post-thumbnail","6":"product_cat-allemagne","7":"product_cat-bay","8":"product_cat-ceramique","9":"product_cat-west-germany","10":"product_tag-bay","11":"product_tag-fat-lava","12":"product_tag-vintage","13":"product_tag-west-germany","15":"first","16":"instock","17":"shipping-taxable","18":"purchasable","19":"product-type-simple"},"_links":{"self":[{"href":"https:\/\/legrenierdelatour.be\/brocante\/wp-json\/wp\/v2\/product\/6394","targetHints":{"allow":["GET"]}}],"collection":[{"href":"https:\/\/legrenierdelatour.be\/brocante\/wp-json\/wp\/v2\/product"}],"about":[{"href":"https:\/\/legrenierdelatour.be\/brocante\/wp-json\/wp\/v2\/types\/product"}],"replies":[{"embeddable":true,"href":"https:\/\/legrenierdelatour.be\/brocante\/wp-json\/wp\/v2\/comments?post=6394"}],"wp:featuredmedia":[{"embeddable":true,"href":"https:\/\/legrenierdelatour.be\/brocante\/wp-json\/wp\/v2\/media\/6395"}],"wp:attachment":[{"href":"https:\/\/legrenierdelatour.be\/brocante\/wp-json\/wp\/v2\/media?parent=6394"}],"wp:term":[{"taxonomy":"product_brand","embeddable":true,"href":"https:\/\/legrenierdelatour.be\/brocante\/wp-json\/wp\/v2\/product_brand?post=6394"},{"taxonomy":"product_cat","embeddable":true,"href":"https:\/\/legrenierdelatour.be\/brocante\/wp-json\/wp\/v2\/product_cat?post=6394"},{"taxonomy":"product_tag","embeddable":true,"href":"https:\/\/legrenierdelatour.be\/brocante\/wp-json\/wp\/v2\/product_tag?post=6394"}],"curies":[{"name":"wp","href":"https:\/\/api.w.org\/{rel}","templated":true}]}}