{"id":6362,"date":"2023-09-25T11:55:49","date_gmt":"2023-09-25T09:55:49","guid":{"rendered":"https:\/\/legrenierdelatour.be\/brocante\/?post_type=product&#038;p=6362"},"modified":"2023-09-25T11:55:49","modified_gmt":"2023-09-25T09:55:49","slug":"bonbonniere-doree-annees-1950","status":"publish","type":"product","link":"https:\/\/legrenierdelatour.be\/brocante\/produit\/bonbonniere-doree-annees-1950\/","title":{"rendered":"Bonbonni\u00e8re dor\u00e9e, ann\u00e9es 1950"},"content":{"rendered":"<p>Jolie bonbonni\u00e8re (12 cm de diam\u00e8tre) en verre dor\u00e9 avec rehauts de peinture dor\u00e9e \u00e9galement. Certie d\u2019un couvercle m\u00e9tallique, elle est en tr\u00e8s bon \u00e9tat et date sans doute des ann\u00e9es 1950.<\/p>\n<div>Deux exemplaires disponibles, au peix de 12\u20ac pi\u00e8ce.<\/div>\n<div>R\u00e9f 24.48<\/div>\n","protected":false},"excerpt":{"rendered":"<p>Jolie bonbonni\u00e8re (12 cm de diam\u00e8tre) en verre dor\u00e9 avec rehauts de peinture dor\u00e9e \u00e9galement. Certie d\u2019un couvercle m\u00e9tallique, elle est en tr\u00e8s bon \u00e9tat et date sans doute des ann\u00e9es 1950. Deux exemplaires disponibles, au peix de 12\u20ac pi\u00e8ce. R\u00e9f 24.48<\/p>\n","protected":false},"featured_media":6353,"comment_status":"open","ping_status":"closed","template":"","meta":{"neve_meta_sidebar":"","neve_meta_container":"","neve_meta_enable_content_width":"off","neve_meta_content_width":100,"neve_meta_title_alignment":"","neve_meta_author_avatar":"","neve_post_elements_order":"","neve_meta_disable_header":"","neve_meta_disable_footer":"","neve_meta_disable_title":""},"product_brand":[],"product_cat":[22],"product_tag":[],"class_list":{"0":"post-6362","1":"product","2":"type-product","3":"status-publish","4":"has-post-thumbnail","6":"product_cat-verrerie","8":"first","9":"instock","10":"shipping-taxable","11":"purchasable","12":"product-type-simple"},"_links":{"self":[{"href":"https:\/\/legrenierdelatour.be\/brocante\/wp-json\/wp\/v2\/product\/6362","targetHints":{"allow":["GET"]}}],"collection":[{"href":"https:\/\/legrenierdelatour.be\/brocante\/wp-json\/wp\/v2\/product"}],"about":[{"href":"https:\/\/legrenierdelatour.be\/brocante\/wp-json\/wp\/v2\/types\/product"}],"replies":[{"embeddable":true,"href":"https:\/\/legrenierdelatour.be\/brocante\/wp-json\/wp\/v2\/comments?post=6362"}],"wp:featuredmedia":[{"embeddable":true,"href":"https:\/\/legrenierdelatour.be\/brocante\/wp-json\/wp\/v2\/media\/6353"}],"wp:attachment":[{"href":"https:\/\/legrenierdelatour.be\/brocante\/wp-json\/wp\/v2\/media?parent=6362"}],"wp:term":[{"taxonomy":"product_brand","embeddable":true,"href":"https:\/\/legrenierdelatour.be\/brocante\/wp-json\/wp\/v2\/product_brand?post=6362"},{"taxonomy":"product_cat","embeddable":true,"href":"https:\/\/legrenierdelatour.be\/brocante\/wp-json\/wp\/v2\/product_cat?post=6362"},{"taxonomy":"product_tag","embeddable":true,"href":"https:\/\/legrenierdelatour.be\/brocante\/wp-json\/wp\/v2\/product_tag?post=6362"}],"curies":[{"name":"wp","href":"https:\/\/api.w.org\/{rel}","templated":true}]}}