{"id":6219,"date":"2023-09-12T10:26:03","date_gmt":"2023-09-12T08:26:03","guid":{"rendered":"https:\/\/legrenierdelatour.be\/brocante\/?post_type=product&#038;p=6219"},"modified":"2023-09-12T10:26:03","modified_gmt":"2023-09-12T08:26:03","slug":"assiette-palmette-boch-la-louviere","status":"publish","type":"product","link":"https:\/\/legrenierdelatour.be\/brocante\/produit\/assiette-palmette-boch-la-louviere\/","title":{"rendered":"Assiette Palmette, Boch La Louvi\u00e8re"},"content":{"rendered":"<p>Grande assiette \u00e0 soupe (24,5 cm de diam\u00e8tre) issue de la manufacture Boch La Louvi\u00e8re, et d\u00e9cor\u00e9e du d\u00e9cor Palmette. En tr\u00e8s bon \u00e9tat, elle porte en creux l\u2019indication \u00ab\u00a0K4\u00a0\u00bb et date sans doute des ann\u00e9es 1930-40.<\/p>\n<div>R\u00e9f 23.90<\/div>\n","protected":false},"excerpt":{"rendered":"<p>Grande assiette \u00e0 soupe (24,5 cm de diam\u00e8tre) issue de la manufacture Boch La Louvi\u00e8re, et d\u00e9cor\u00e9e du d\u00e9cor Palmette. En tr\u00e8s bon \u00e9tat, elle porte en creux l\u2019indication \u00ab\u00a0K4\u00a0\u00bb et date sans doute des ann\u00e9es 1930-40. R\u00e9f 23.90<\/p>\n","protected":false},"featured_media":6220,"comment_status":"open","ping_status":"closed","template":"","meta":{"neve_meta_sidebar":"","neve_meta_container":"","neve_meta_enable_content_width":"off","neve_meta_content_width":100,"neve_meta_title_alignment":"","neve_meta_author_avatar":"","neve_post_elements_order":"","neve_meta_disable_header":"","neve_meta_disable_footer":"","neve_meta_disable_title":""},"product_brand":[],"product_cat":[37,175,172,16],"product_tag":[20],"class_list":{"0":"post-6219","1":"product","2":"type-product","3":"status-publish","4":"has-post-thumbnail","6":"product_cat-belgique","7":"product_cat-boch","8":"product_cat-en-cuisine","9":"product_cat-ceramique","10":"product_tag-boch","12":"first","13":"instock","14":"shipping-taxable","15":"purchasable","16":"product-type-simple"},"_links":{"self":[{"href":"https:\/\/legrenierdelatour.be\/brocante\/wp-json\/wp\/v2\/product\/6219","targetHints":{"allow":["GET"]}}],"collection":[{"href":"https:\/\/legrenierdelatour.be\/brocante\/wp-json\/wp\/v2\/product"}],"about":[{"href":"https:\/\/legrenierdelatour.be\/brocante\/wp-json\/wp\/v2\/types\/product"}],"replies":[{"embeddable":true,"href":"https:\/\/legrenierdelatour.be\/brocante\/wp-json\/wp\/v2\/comments?post=6219"}],"wp:featuredmedia":[{"embeddable":true,"href":"https:\/\/legrenierdelatour.be\/brocante\/wp-json\/wp\/v2\/media\/6220"}],"wp:attachment":[{"href":"https:\/\/legrenierdelatour.be\/brocante\/wp-json\/wp\/v2\/media?parent=6219"}],"wp:term":[{"taxonomy":"product_brand","embeddable":true,"href":"https:\/\/legrenierdelatour.be\/brocante\/wp-json\/wp\/v2\/product_brand?post=6219"},{"taxonomy":"product_cat","embeddable":true,"href":"https:\/\/legrenierdelatour.be\/brocante\/wp-json\/wp\/v2\/product_cat?post=6219"},{"taxonomy":"product_tag","embeddable":true,"href":"https:\/\/legrenierdelatour.be\/brocante\/wp-json\/wp\/v2\/product_tag?post=6219"}],"curies":[{"name":"wp","href":"https:\/\/api.w.org\/{rel}","templated":true}]}}