{"id":6201,"date":"2023-09-11T17:28:21","date_gmt":"2023-09-11T15:28:21","guid":{"rendered":"https:\/\/legrenierdelatour.be\/brocante\/?post_type=product&#038;p=6201"},"modified":"2023-09-11T17:28:21","modified_gmt":"2023-09-11T15:28:21","slug":"tasse-en-verre-irrise-gondolo","status":"publish","type":"product","link":"https:\/\/legrenierdelatour.be\/brocante\/produit\/tasse-en-verre-irrise-gondolo\/","title":{"rendered":"Tasse en verre irris\u00e9, Gondolo"},"content":{"rendered":"<p>Petite tasse en verre (8 cm de diam\u00e8tre) portant la marque Gondolo. Gondolo est une ancienne marque fran\u00e7aise de biscuits (1843-1975). Cette petite tasse publicitaire est en verre irris\u00e9 orange. Elle est dans le style Art D\u00e9co et date sans doute des ann\u00e9es 1930.<\/p>\n<div>Deux exemplaires disponibles.<\/p>\n<div>R\u00e9f 23.84<\/div>\n<\/div>\n","protected":false},"excerpt":{"rendered":"<p>Petite tasse en verre (8 cm de diam\u00e8tre) portant la marque Gondolo. Gondolo est une ancienne marque fran\u00e7aise de biscuits (1843-1975). Cette petite tasse publicitaire est en verre irris\u00e9 orange. Elle est dans le style Art D\u00e9co et date sans doute des ann\u00e9es 1930. Deux exemplaires disponibles. R\u00e9f 23.84<\/p>\n","protected":false},"featured_media":6202,"comment_status":"open","ping_status":"closed","template":"","meta":{"neve_meta_sidebar":"","neve_meta_container":"","neve_meta_enable_content_width":"off","neve_meta_content_width":100,"neve_meta_title_alignment":"","neve_meta_author_avatar":"","neve_post_elements_order":"","neve_meta_disable_header":"","neve_meta_disable_footer":"","neve_meta_disable_title":""},"product_brand":[],"product_cat":[172,163,22],"product_tag":[21],"class_list":{"0":"post-6201","1":"product","2":"type-product","3":"status-publish","4":"has-post-thumbnail","6":"product_cat-en-cuisine","7":"product_cat-productions-francaises","8":"product_cat-verrerie","9":"product_tag-art-deco","11":"first","12":"instock","13":"shipping-taxable","14":"purchasable","15":"product-type-simple"},"_links":{"self":[{"href":"https:\/\/legrenierdelatour.be\/brocante\/wp-json\/wp\/v2\/product\/6201","targetHints":{"allow":["GET"]}}],"collection":[{"href":"https:\/\/legrenierdelatour.be\/brocante\/wp-json\/wp\/v2\/product"}],"about":[{"href":"https:\/\/legrenierdelatour.be\/brocante\/wp-json\/wp\/v2\/types\/product"}],"replies":[{"embeddable":true,"href":"https:\/\/legrenierdelatour.be\/brocante\/wp-json\/wp\/v2\/comments?post=6201"}],"wp:featuredmedia":[{"embeddable":true,"href":"https:\/\/legrenierdelatour.be\/brocante\/wp-json\/wp\/v2\/media\/6202"}],"wp:attachment":[{"href":"https:\/\/legrenierdelatour.be\/brocante\/wp-json\/wp\/v2\/media?parent=6201"}],"wp:term":[{"taxonomy":"product_brand","embeddable":true,"href":"https:\/\/legrenierdelatour.be\/brocante\/wp-json\/wp\/v2\/product_brand?post=6201"},{"taxonomy":"product_cat","embeddable":true,"href":"https:\/\/legrenierdelatour.be\/brocante\/wp-json\/wp\/v2\/product_cat?post=6201"},{"taxonomy":"product_tag","embeddable":true,"href":"https:\/\/legrenierdelatour.be\/brocante\/wp-json\/wp\/v2\/product_tag?post=6201"}],"curies":[{"name":"wp","href":"https:\/\/api.w.org\/{rel}","templated":true}]}}