{"id":6189,"date":"2023-09-11T15:37:32","date_gmt":"2023-09-11T13:37:32","guid":{"rendered":"https:\/\/legrenierdelatour.be\/brocante\/?post_type=product&#038;p=6189"},"modified":"2023-09-11T15:37:33","modified_gmt":"2023-09-11T13:37:33","slug":"assiette-en-etain-saint-donat-et-ses-remparts-arlon","status":"publish","type":"product","link":"https:\/\/legrenierdelatour.be\/brocante\/produit\/assiette-en-etain-saint-donat-et-ses-remparts-arlon\/","title":{"rendered":"Assiette en \u00e9tain \u00ab\u00a0Saint Donat et ses remparts Arlon\u00a0\u00bb"},"content":{"rendered":"<p><span style=\"color: #000000; font-size: medium;\">Assiette en \u00e9tain (23 cm de diam\u00e8tre) repr\u00e9sentant Saint Donat et des remparts \u00e0 Arlon. Elle porte la mention\u00a0\u00ab\u00a092% tin \u00e9tain\u00a0\u00bb ainsi que la signature CJ (?). Elle est en tr\u00e8s bon \u00e9tat.\u00a0<\/span><\/p>\n<div><span style=\"color: #000000; font-size: medium;\">R\u00e9f 23.81<\/span><\/div>\n","protected":false},"excerpt":{"rendered":"<p>Assiette en \u00e9tain (23 cm de diam\u00e8tre) repr\u00e9sentant Saint Donat et des remparts \u00e0 Arlon. Elle porte la mention\u00a0\u00ab\u00a092% tin \u00e9tain\u00a0\u00bb ainsi que la signature CJ (?). Elle est en tr\u00e8s bon \u00e9tat.\u00a0 R\u00e9f 23.81<\/p>\n","protected":false},"featured_media":6190,"comment_status":"open","ping_status":"closed","template":"","meta":{"neve_meta_sidebar":"","neve_meta_container":"","neve_meta_enable_content_width":"off","neve_meta_content_width":100,"neve_meta_title_alignment":"","neve_meta_author_avatar":"","neve_post_elements_order":"","neve_meta_disable_header":"","neve_meta_disable_footer":"","neve_meta_disable_title":""},"product_brand":[],"product_cat":[110,30,31,167],"product_tag":[79,112],"class_list":{"0":"post-6189","1":"product","2":"type-product","3":"status-publish","4":"has-post-thumbnail","6":"product_cat-etain","7":"product_cat-luxemburgensia","8":"product_cat-pays-darlon","9":"product_cat-peintures-et-sculptures","10":"product_tag-art","11":"product_tag-pays-darlon","13":"first","14":"instock","15":"shipping-taxable","16":"purchasable","17":"product-type-simple"},"_links":{"self":[{"href":"https:\/\/legrenierdelatour.be\/brocante\/wp-json\/wp\/v2\/product\/6189","targetHints":{"allow":["GET"]}}],"collection":[{"href":"https:\/\/legrenierdelatour.be\/brocante\/wp-json\/wp\/v2\/product"}],"about":[{"href":"https:\/\/legrenierdelatour.be\/brocante\/wp-json\/wp\/v2\/types\/product"}],"replies":[{"embeddable":true,"href":"https:\/\/legrenierdelatour.be\/brocante\/wp-json\/wp\/v2\/comments?post=6189"}],"wp:featuredmedia":[{"embeddable":true,"href":"https:\/\/legrenierdelatour.be\/brocante\/wp-json\/wp\/v2\/media\/6190"}],"wp:attachment":[{"href":"https:\/\/legrenierdelatour.be\/brocante\/wp-json\/wp\/v2\/media?parent=6189"}],"wp:term":[{"taxonomy":"product_brand","embeddable":true,"href":"https:\/\/legrenierdelatour.be\/brocante\/wp-json\/wp\/v2\/product_brand?post=6189"},{"taxonomy":"product_cat","embeddable":true,"href":"https:\/\/legrenierdelatour.be\/brocante\/wp-json\/wp\/v2\/product_cat?post=6189"},{"taxonomy":"product_tag","embeddable":true,"href":"https:\/\/legrenierdelatour.be\/brocante\/wp-json\/wp\/v2\/product_tag?post=6189"}],"curies":[{"name":"wp","href":"https:\/\/api.w.org\/{rel}","templated":true}]}}