{"id":6147,"date":"2023-08-30T18:11:20","date_gmt":"2023-08-30T16:11:20","guid":{"rendered":"https:\/\/legrenierdelatour.be\/brocante\/?post_type=product&#038;p=6147"},"modified":"2023-08-31T13:04:34","modified_gmt":"2023-08-31T11:04:34","slug":"peinture-de-maurice-marischal","status":"publish","type":"product","link":"https:\/\/legrenierdelatour.be\/brocante\/produit\/peinture-de-maurice-marischal\/","title":{"rendered":"Peinture de Maurice Marischal"},"content":{"rendered":"<div>Peinture sur toile (29&#215;40 cm) repr\u00e9sentant un plan d\u2019eau entour\u00e9 de bois. Elle est en bon \u00e9tat et a \u00e9t\u00e9 r\u00e9alis\u00e9e par Maurice Marischal, artiste discret, qui a peint en Lorraine essentiellement. N\u00e9 en 1929 \u00e0 Virton, il est un grand admirateur de Camille Barth\u00e9l\u00e9my et de Jean Lejour. Apr\u00e8s avoir v\u00e9cu de nombreuses ann\u00e9es \u00e0 Bastogne, il s\u2019installe d\u00e8s qu\u2019il en a la possibilit\u00e9, \u00e0 Metzert, village proche d\u2019Arlon. S\u2019il a peint \u00e0 l\u2019acrylique, il excelle particuli\u00e8rement dans la technique de l\u2019aquarelle.<\/div>\n<div>R\u00e9f 23.61<\/div>\n","protected":false},"excerpt":{"rendered":"<p>Peinture sur toile (29&#215;40 cm) repr\u00e9sentant un plan d\u2019eau entour\u00e9 de bois. Elle est en bon \u00e9tat et a \u00e9t\u00e9 r\u00e9alis\u00e9e par Maurice Marischal, artiste discret, qui a peint en Lorraine essentiellement. N\u00e9 en 1929 \u00e0 Virton, il est un grand admirateur de Camille Barth\u00e9l\u00e9my et de Jean Lejour. Apr\u00e8s avoir v\u00e9cu de nombreuses ann\u00e9es&hellip;&nbsp;<a href=\"https:\/\/legrenierdelatour.be\/brocante\/produit\/peinture-de-maurice-marischal\/\" class=\"\" rel=\"bookmark\">Lire la suite &raquo;<span class=\"screen-reader-text\">Peinture de Maurice Marischal<\/span><\/a><\/p>\n","protected":false},"featured_media":6148,"comment_status":"open","ping_status":"closed","template":"","meta":{"neve_meta_sidebar":"","neve_meta_container":"","neve_meta_enable_content_width":"off","neve_meta_content_width":100,"neve_meta_title_alignment":"","neve_meta_author_avatar":"","neve_post_elements_order":"","neve_meta_disable_header":"","neve_meta_disable_footer":"","neve_meta_disable_title":""},"product_brand":[],"product_cat":[31,167],"product_tag":[79,112],"class_list":{"0":"post-6147","1":"product","2":"type-product","3":"status-publish","4":"has-post-thumbnail","6":"product_cat-pays-darlon","7":"product_cat-peintures-et-sculptures","8":"product_tag-art","9":"product_tag-pays-darlon","11":"first","12":"instock","13":"shipping-taxable","14":"purchasable","15":"product-type-simple"},"_links":{"self":[{"href":"https:\/\/legrenierdelatour.be\/brocante\/wp-json\/wp\/v2\/product\/6147","targetHints":{"allow":["GET"]}}],"collection":[{"href":"https:\/\/legrenierdelatour.be\/brocante\/wp-json\/wp\/v2\/product"}],"about":[{"href":"https:\/\/legrenierdelatour.be\/brocante\/wp-json\/wp\/v2\/types\/product"}],"replies":[{"embeddable":true,"href":"https:\/\/legrenierdelatour.be\/brocante\/wp-json\/wp\/v2\/comments?post=6147"}],"wp:featuredmedia":[{"embeddable":true,"href":"https:\/\/legrenierdelatour.be\/brocante\/wp-json\/wp\/v2\/media\/6148"}],"wp:attachment":[{"href":"https:\/\/legrenierdelatour.be\/brocante\/wp-json\/wp\/v2\/media?parent=6147"}],"wp:term":[{"taxonomy":"product_brand","embeddable":true,"href":"https:\/\/legrenierdelatour.be\/brocante\/wp-json\/wp\/v2\/product_brand?post=6147"},{"taxonomy":"product_cat","embeddable":true,"href":"https:\/\/legrenierdelatour.be\/brocante\/wp-json\/wp\/v2\/product_cat?post=6147"},{"taxonomy":"product_tag","embeddable":true,"href":"https:\/\/legrenierdelatour.be\/brocante\/wp-json\/wp\/v2\/product_tag?post=6147"}],"curies":[{"name":"wp","href":"https:\/\/api.w.org\/{rel}","templated":true}]}}