{"id":6138,"date":"2023-08-30T13:50:36","date_gmt":"2023-08-30T11:50:36","guid":{"rendered":"https:\/\/legrenierdelatour.be\/brocante\/?post_type=product&#038;p=6138"},"modified":"2023-08-30T13:50:37","modified_gmt":"2023-08-30T11:50:37","slug":"grande-assiette-mesange-longwy-fin-19e-siecle","status":"publish","type":"product","link":"https:\/\/legrenierdelatour.be\/brocante\/produit\/grande-assiette-mesange-longwy-fin-19e-siecle\/","title":{"rendered":"Grande assiette \u00ab\u00a0M\u00e9sange\u00a0\u00bb Longwy fin 19\u00e8 si\u00e8cle"},"content":{"rendered":"<p>Belle grande assiette (29 cm de diam\u00e8tre) de la collection M\u00e9sange, de la manufacture de Longwy (cr\u00e9\u00e9e en 1798 par la famille Boch). Cette assiette en bon \u00e9tat vu son \u00e2ge si ce n\u2019est des craquelures d&rsquo;\u00e2ge. Elle porte le cachet bleu caract\u00e9ristique de la fin du 19 \u00e8 si\u00e8cle.<\/p>\n<div>R\u00e9f 23.59<\/div>\n","protected":false},"excerpt":{"rendered":"<p>Belle grande assiette (29 cm de diam\u00e8tre) de la collection M\u00e9sange, de la manufacture de Longwy (cr\u00e9\u00e9e en 1798 par la famille Boch). Cette assiette en bon \u00e9tat vu son \u00e2ge si ce n\u2019est des craquelures d&rsquo;\u00e2ge. Elle porte le cachet bleu caract\u00e9ristique de la fin du 19 \u00e8 si\u00e8cle. R\u00e9f 23.59<\/p>\n","protected":false},"featured_media":6139,"comment_status":"open","ping_status":"closed","template":"","meta":{"neve_meta_sidebar":"","neve_meta_container":"","neve_meta_enable_content_width":"off","neve_meta_content_width":100,"neve_meta_title_alignment":"","neve_meta_author_avatar":"","neve_post_elements_order":"","neve_meta_disable_header":"","neve_meta_disable_footer":"","neve_meta_disable_title":""},"product_brand":[],"product_cat":[172,16,59,66],"product_tag":[19],"class_list":{"0":"post-6138","1":"product","2":"type-product","3":"status-publish","4":"has-post-thumbnail","6":"product_cat-en-cuisine","7":"product_cat-ceramique","8":"product_cat-france","9":"product_cat-longwy","10":"product_tag-faience","12":"first","13":"instock","14":"shipping-taxable","15":"purchasable","16":"product-type-simple"},"_links":{"self":[{"href":"https:\/\/legrenierdelatour.be\/brocante\/wp-json\/wp\/v2\/product\/6138","targetHints":{"allow":["GET"]}}],"collection":[{"href":"https:\/\/legrenierdelatour.be\/brocante\/wp-json\/wp\/v2\/product"}],"about":[{"href":"https:\/\/legrenierdelatour.be\/brocante\/wp-json\/wp\/v2\/types\/product"}],"replies":[{"embeddable":true,"href":"https:\/\/legrenierdelatour.be\/brocante\/wp-json\/wp\/v2\/comments?post=6138"}],"wp:featuredmedia":[{"embeddable":true,"href":"https:\/\/legrenierdelatour.be\/brocante\/wp-json\/wp\/v2\/media\/6139"}],"wp:attachment":[{"href":"https:\/\/legrenierdelatour.be\/brocante\/wp-json\/wp\/v2\/media?parent=6138"}],"wp:term":[{"taxonomy":"product_brand","embeddable":true,"href":"https:\/\/legrenierdelatour.be\/brocante\/wp-json\/wp\/v2\/product_brand?post=6138"},{"taxonomy":"product_cat","embeddable":true,"href":"https:\/\/legrenierdelatour.be\/brocante\/wp-json\/wp\/v2\/product_cat?post=6138"},{"taxonomy":"product_tag","embeddable":true,"href":"https:\/\/legrenierdelatour.be\/brocante\/wp-json\/wp\/v2\/product_tag?post=6138"}],"curies":[{"name":"wp","href":"https:\/\/api.w.org\/{rel}","templated":true}]}}