{"id":6107,"date":"2023-08-23T14:26:46","date_gmt":"2023-08-23T12:26:46","guid":{"rendered":"https:\/\/legrenierdelatour.be\/brocante\/?post_type=product&#038;p=6107"},"modified":"2024-10-05T13:48:33","modified_gmt":"2024-10-05T11:48:33","slug":"aquarelle-rue-de-virton-auguste-musquin","status":"publish","type":"product","link":"https:\/\/legrenierdelatour.be\/brocante\/produit\/aquarelle-rue-de-virton-auguste-musquin\/","title":{"rendered":"Aquarelle \u00ab\u00a0Rue de Virton\u00a0\u00bb, Auguste Musquin"},"content":{"rendered":"<p>Aquarelle (23,5&#215;34 cm hors cadre) repr\u00e9sentant une rue de Virton, r\u00e9alis\u00e9e par Auguste Musquin. Auguste Musquin \u00e9tait un aquarelliste amateur de Virton, voisin de Pierre Chariot qui, tr\u00e8s jeune, \u00e9tait fascin\u00e9 par ses aquarelles. Cette aquarelle n&rsquo;est pas sign\u00e9e.<\/p>\n<div>R\u00e9f 23.48<\/div>\n","protected":false},"excerpt":{"rendered":"<p>Aquarelle (23,5&#215;34 cm hors cadre) repr\u00e9sentant une rue de Virton, r\u00e9alis\u00e9e par Auguste Musquin. Auguste Musquin \u00e9tait un aquarelliste amateur de Virton, voisin de Pierre Chariot qui, tr\u00e8s jeune, \u00e9tait fascin\u00e9 par ses aquarelles. Cette aquarelle n&rsquo;est pas sign\u00e9e. R\u00e9f 23.48<\/p>\n","protected":false},"featured_media":6108,"comment_status":"open","ping_status":"closed","template":"","meta":{"neve_meta_sidebar":"","neve_meta_container":"","neve_meta_enable_content_width":"off","neve_meta_content_width":100,"neve_meta_title_alignment":"","neve_meta_author_avatar":"","neve_post_elements_order":"","neve_meta_disable_header":"","neve_meta_disable_footer":"","neve_meta_disable_title":""},"product_brand":[],"product_cat":[30,31,167],"product_tag":[79,112],"class_list":{"0":"post-6107","1":"product","2":"type-product","3":"status-publish","4":"has-post-thumbnail","6":"product_cat-luxemburgensia","7":"product_cat-pays-darlon","8":"product_cat-peintures-et-sculptures","9":"product_tag-art","10":"product_tag-pays-darlon","12":"first","13":"instock","14":"shipping-taxable","15":"purchasable","16":"product-type-simple"},"_links":{"self":[{"href":"https:\/\/legrenierdelatour.be\/brocante\/wp-json\/wp\/v2\/product\/6107","targetHints":{"allow":["GET"]}}],"collection":[{"href":"https:\/\/legrenierdelatour.be\/brocante\/wp-json\/wp\/v2\/product"}],"about":[{"href":"https:\/\/legrenierdelatour.be\/brocante\/wp-json\/wp\/v2\/types\/product"}],"replies":[{"embeddable":true,"href":"https:\/\/legrenierdelatour.be\/brocante\/wp-json\/wp\/v2\/comments?post=6107"}],"wp:featuredmedia":[{"embeddable":true,"href":"https:\/\/legrenierdelatour.be\/brocante\/wp-json\/wp\/v2\/media\/6108"}],"wp:attachment":[{"href":"https:\/\/legrenierdelatour.be\/brocante\/wp-json\/wp\/v2\/media?parent=6107"}],"wp:term":[{"taxonomy":"product_brand","embeddable":true,"href":"https:\/\/legrenierdelatour.be\/brocante\/wp-json\/wp\/v2\/product_brand?post=6107"},{"taxonomy":"product_cat","embeddable":true,"href":"https:\/\/legrenierdelatour.be\/brocante\/wp-json\/wp\/v2\/product_cat?post=6107"},{"taxonomy":"product_tag","embeddable":true,"href":"https:\/\/legrenierdelatour.be\/brocante\/wp-json\/wp\/v2\/product_tag?post=6107"}],"curies":[{"name":"wp","href":"https:\/\/api.w.org\/{rel}","templated":true}]}}