{"id":610,"date":"2022-03-09T16:27:47","date_gmt":"2022-03-09T15:27:47","guid":{"rendered":"https:\/\/legrenierdelatour.be\/brocante\/?post_type=product&#038;p=610"},"modified":"2022-03-12T17:08:59","modified_gmt":"2022-03-12T16:08:59","slug":"vase-mauve-murano","status":"publish","type":"product","link":"https:\/\/legrenierdelatour.be\/brocante\/produit\/vase-mauve-murano\/","title":{"rendered":"Vase mauve \u00ab\u00a0Murano\u00a0\u00bb"},"content":{"rendered":"<p>Joli vase \u00ab\u00a0corolle\u00a0\u00bb mauve (26 cm haut) de style \u00ab\u00a0Murano\u00a0\u00bb, en verre souffl\u00e9. Blanc \u00e0 l&rsquo;int\u00e9rieur, il pr\u00e9sente un d\u00e9cor de lacet appliqu\u00e9 visiblement \u00e0 la main, et termin\u00e9 par un noeud. Il pr\u00e9sente la trace du pontil, et est en tr\u00e8s bon \u00e9tat.<\/p>\n<p>R\u00e9f 2.60<\/p>\n","protected":false},"excerpt":{"rendered":"<p>Joli vase \u00ab\u00a0corolle\u00a0\u00bb mauve (26 cm haut) de style \u00ab\u00a0Murano\u00a0\u00bb, en verre souffl\u00e9. Blanc \u00e0 l&rsquo;int\u00e9rieur, il pr\u00e9sente un d\u00e9cor de lacet appliqu\u00e9 visiblement \u00e0 la main, et termin\u00e9 par un noeud. Il pr\u00e9sente la trace du pontil, et est en tr\u00e8s bon \u00e9tat. R\u00e9f 2.60<\/p>\n","protected":false},"featured_media":602,"comment_status":"open","ping_status":"closed","template":"","meta":{"neve_meta_sidebar":"","neve_meta_container":"","neve_meta_enable_content_width":"off","neve_meta_content_width":100,"neve_meta_title_alignment":"","neve_meta_author_avatar":"","neve_post_elements_order":"","neve_meta_disable_header":"","neve_meta_disable_footer":"","neve_meta_disable_title":""},"product_brand":[],"product_cat":[60,22],"product_tag":[61,28],"class_list":{"0":"post-610","1":"product","2":"type-product","3":"status-publish","4":"has-post-thumbnail","6":"product_cat-murano","7":"product_cat-verrerie","8":"product_tag-murano","9":"product_tag-vintage","11":"first","12":"instock","13":"shipping-taxable","14":"purchasable","15":"product-type-simple"},"_links":{"self":[{"href":"https:\/\/legrenierdelatour.be\/brocante\/wp-json\/wp\/v2\/product\/610","targetHints":{"allow":["GET"]}}],"collection":[{"href":"https:\/\/legrenierdelatour.be\/brocante\/wp-json\/wp\/v2\/product"}],"about":[{"href":"https:\/\/legrenierdelatour.be\/brocante\/wp-json\/wp\/v2\/types\/product"}],"replies":[{"embeddable":true,"href":"https:\/\/legrenierdelatour.be\/brocante\/wp-json\/wp\/v2\/comments?post=610"}],"wp:featuredmedia":[{"embeddable":true,"href":"https:\/\/legrenierdelatour.be\/brocante\/wp-json\/wp\/v2\/media\/602"}],"wp:attachment":[{"href":"https:\/\/legrenierdelatour.be\/brocante\/wp-json\/wp\/v2\/media?parent=610"}],"wp:term":[{"taxonomy":"product_brand","embeddable":true,"href":"https:\/\/legrenierdelatour.be\/brocante\/wp-json\/wp\/v2\/product_brand?post=610"},{"taxonomy":"product_cat","embeddable":true,"href":"https:\/\/legrenierdelatour.be\/brocante\/wp-json\/wp\/v2\/product_cat?post=610"},{"taxonomy":"product_tag","embeddable":true,"href":"https:\/\/legrenierdelatour.be\/brocante\/wp-json\/wp\/v2\/product_tag?post=610"}],"curies":[{"name":"wp","href":"https:\/\/api.w.org\/{rel}","templated":true}]}}