{"id":5948,"date":"2023-08-15T18:36:38","date_gmt":"2023-08-15T16:36:38","guid":{"rendered":"https:\/\/legrenierdelatour.be\/brocante\/?post_type=product&#038;p=5948"},"modified":"2023-08-15T18:36:39","modified_gmt":"2023-08-15T16:36:39","slug":"plateau-a-fromage-1950-sarreguemines-digoin","status":"publish","type":"product","link":"https:\/\/legrenierdelatour.be\/brocante\/produit\/plateau-a-fromage-1950-sarreguemines-digoin\/","title":{"rendered":"Plateau \u00e0 fromage 1950, Sarreguemines Digoin"},"content":{"rendered":"<p>Beau plateau en fa\u00efence (28 cm de diam\u00e8tre) avec un d\u00e9cor floral. Il porte dessous le cachet de la manufacture de Sarreguemines Digoin. Il est en tr\u00e8s bon \u00e9tat et date sans doute des ann\u00e9es 1950.<\/p>\n<div>R\u00e9f 22.03<\/div>\n","protected":false},"excerpt":{"rendered":"<p>Beau plateau en fa\u00efence (28 cm de diam\u00e8tre) avec un d\u00e9cor floral. Il porte dessous le cachet de la manufacture de Sarreguemines Digoin. Il est en tr\u00e8s bon \u00e9tat et date sans doute des ann\u00e9es 1950. R\u00e9f 22.03<\/p>\n","protected":false},"featured_media":5950,"comment_status":"open","ping_status":"closed","template":"","meta":{"neve_meta_sidebar":"","neve_meta_container":"","neve_meta_enable_content_width":"off","neve_meta_content_width":100,"neve_meta_title_alignment":"","neve_meta_author_avatar":"","neve_post_elements_order":"","neve_meta_disable_header":"","neve_meta_disable_footer":"","neve_meta_disable_title":""},"product_brand":[],"product_cat":[172,16,59,198],"product_tag":[19],"class_list":{"0":"post-5948","1":"product","2":"type-product","3":"status-publish","4":"has-post-thumbnail","6":"product_cat-en-cuisine","7":"product_cat-ceramique","8":"product_cat-france","9":"product_cat-sarreguemines","10":"product_tag-faience","12":"first","13":"instock","14":"shipping-taxable","15":"purchasable","16":"product-type-simple"},"_links":{"self":[{"href":"https:\/\/legrenierdelatour.be\/brocante\/wp-json\/wp\/v2\/product\/5948","targetHints":{"allow":["GET"]}}],"collection":[{"href":"https:\/\/legrenierdelatour.be\/brocante\/wp-json\/wp\/v2\/product"}],"about":[{"href":"https:\/\/legrenierdelatour.be\/brocante\/wp-json\/wp\/v2\/types\/product"}],"replies":[{"embeddable":true,"href":"https:\/\/legrenierdelatour.be\/brocante\/wp-json\/wp\/v2\/comments?post=5948"}],"wp:featuredmedia":[{"embeddable":true,"href":"https:\/\/legrenierdelatour.be\/brocante\/wp-json\/wp\/v2\/media\/5950"}],"wp:attachment":[{"href":"https:\/\/legrenierdelatour.be\/brocante\/wp-json\/wp\/v2\/media?parent=5948"}],"wp:term":[{"taxonomy":"product_brand","embeddable":true,"href":"https:\/\/legrenierdelatour.be\/brocante\/wp-json\/wp\/v2\/product_brand?post=5948"},{"taxonomy":"product_cat","embeddable":true,"href":"https:\/\/legrenierdelatour.be\/brocante\/wp-json\/wp\/v2\/product_cat?post=5948"},{"taxonomy":"product_tag","embeddable":true,"href":"https:\/\/legrenierdelatour.be\/brocante\/wp-json\/wp\/v2\/product_tag?post=5948"}],"curies":[{"name":"wp","href":"https:\/\/api.w.org\/{rel}","templated":true}]}}