{"id":5843,"date":"2023-08-14T13:59:02","date_gmt":"2023-08-14T11:59:02","guid":{"rendered":"https:\/\/legrenierdelatour.be\/brocante\/?post_type=product&#038;p=5843"},"modified":"2023-08-14T13:59:02","modified_gmt":"2023-08-14T11:59:02","slug":"vase-brutaliste-schaffernacker","status":"publish","type":"product","link":"https:\/\/legrenierdelatour.be\/brocante\/produit\/vase-brutaliste-schaffernacker\/","title":{"rendered":"Vase brutaliste Sch\u00e4ffernacker"},"content":{"rendered":"<p>Vase (21 cm de haut) de style brutaliste, issu peut-\u00eatre de la manufacture Sch\u00e4ffernacker (1921-2010) en Allemagne. Il est compos\u00e9 de trois soliflores et porte un enduit mat dans les tons beige. Il a un coup dans la partie sup\u00e9rieure et date sans doute des ann\u00e9es 1970. Il porte le num\u00e9ro de forme V-83<\/p>\n<div>R\u00e9f 22.74<\/div>\n","protected":false},"excerpt":{"rendered":"<p>Vase (21 cm de haut) de style brutaliste, issu peut-\u00eatre de la manufacture Sch\u00e4ffernacker (1921-2010) en Allemagne. Il est compos\u00e9 de trois soliflores et porte un enduit mat dans les tons beige. Il a un coup dans la partie sup\u00e9rieure et date sans doute des ann\u00e9es 1970. Il porte le num\u00e9ro de forme V-83 R\u00e9f&hellip;&nbsp;<a href=\"https:\/\/legrenierdelatour.be\/brocante\/produit\/vase-brutaliste-schaffernacker\/\" class=\"\" rel=\"bookmark\">Lire la suite &raquo;<span class=\"screen-reader-text\">Vase brutaliste Sch\u00e4ffernacker<\/span><\/a><\/p>\n","protected":false},"featured_media":5844,"comment_status":"open","ping_status":"closed","template":"","meta":{"neve_meta_sidebar":"","neve_meta_container":"","neve_meta_enable_content_width":"off","neve_meta_content_width":100,"neve_meta_title_alignment":"","neve_meta_author_avatar":"","neve_post_elements_order":"","neve_meta_disable_header":"","neve_meta_disable_footer":"","neve_meta_disable_title":""},"product_brand":[],"product_cat":[48,16],"product_tag":[19,49],"class_list":{"0":"post-5843","1":"product","2":"type-product","3":"status-publish","4":"has-post-thumbnail","6":"product_cat-allemagne","7":"product_cat-ceramique","8":"product_tag-faience","9":"product_tag-west-germany","11":"first","12":"instock","13":"shipping-taxable","14":"purchasable","15":"product-type-simple"},"_links":{"self":[{"href":"https:\/\/legrenierdelatour.be\/brocante\/wp-json\/wp\/v2\/product\/5843","targetHints":{"allow":["GET"]}}],"collection":[{"href":"https:\/\/legrenierdelatour.be\/brocante\/wp-json\/wp\/v2\/product"}],"about":[{"href":"https:\/\/legrenierdelatour.be\/brocante\/wp-json\/wp\/v2\/types\/product"}],"replies":[{"embeddable":true,"href":"https:\/\/legrenierdelatour.be\/brocante\/wp-json\/wp\/v2\/comments?post=5843"}],"wp:featuredmedia":[{"embeddable":true,"href":"https:\/\/legrenierdelatour.be\/brocante\/wp-json\/wp\/v2\/media\/5844"}],"wp:attachment":[{"href":"https:\/\/legrenierdelatour.be\/brocante\/wp-json\/wp\/v2\/media?parent=5843"}],"wp:term":[{"taxonomy":"product_brand","embeddable":true,"href":"https:\/\/legrenierdelatour.be\/brocante\/wp-json\/wp\/v2\/product_brand?post=5843"},{"taxonomy":"product_cat","embeddable":true,"href":"https:\/\/legrenierdelatour.be\/brocante\/wp-json\/wp\/v2\/product_cat?post=5843"},{"taxonomy":"product_tag","embeddable":true,"href":"https:\/\/legrenierdelatour.be\/brocante\/wp-json\/wp\/v2\/product_tag?post=5843"}],"curies":[{"name":"wp","href":"https:\/\/api.w.org\/{rel}","templated":true}]}}