{"id":5839,"date":"2023-08-13T18:56:51","date_gmt":"2023-08-13T16:56:51","guid":{"rendered":"https:\/\/legrenierdelatour.be\/brocante\/?post_type=product&#038;p=5839"},"modified":"2023-08-13T18:56:52","modified_gmt":"2023-08-13T16:56:52","slug":"assiette-de-septfontaines-18e-decor-a-la-brindille","status":"publish","type":"product","link":"https:\/\/legrenierdelatour.be\/brocante\/produit\/assiette-de-septfontaines-18e-decor-a-la-brindille\/","title":{"rendered":"Assiette de Septfontaines, 18\u00e8, d\u00e9cor \u00e0 la brindille"},"content":{"rendered":"<p>Assiette plate (24 cm de diam\u00e8tre) \u00e0 c\u00f4tes torses, avec un d\u00e9cor \u00e0 la brindille. Cette assiette porte le monogramme BL en bleu, ainsi qu\u2019un paraphe correspondant sans doute \u00e0 celui du peintre. Ce monogramme \u00e9tatit en usage \u00e0 la manufacture de Septfontaines de 1767(?) \u00e0 1786. La manufacture fut cr\u00e9\u00e9e par Pierre-Joseph et Jean-Fran\u00e7ois Boch en 1767; en 2010, c\u2019est l\u2019arr\u00eat de la production au Luxembourg. Le d\u00e9cor \u00e0 la brindille a \u00e9t\u00e9 introduit en 1770, ce qui date notre assiette de 1770 \u00e0 1786. Cette assiette pr\u00e9sente des manques sur les bords (d\u00fbs \u00e0 l\u2019emprise des pinces d\u2019accrochage).<\/p>\n<div>R\u00e9f 22.72<\/div>\n","protected":false},"excerpt":{"rendered":"<p>Assiette plate (24 cm de diam\u00e8tre) \u00e0 c\u00f4tes torses, avec un d\u00e9cor \u00e0 la brindille. Cette assiette porte le monogramme BL en bleu, ainsi qu\u2019un paraphe correspondant sans doute \u00e0 celui du peintre. Ce monogramme \u00e9tatit en usage \u00e0 la manufacture de Septfontaines de 1767(?) \u00e0 1786. La manufacture fut cr\u00e9\u00e9e par Pierre-Joseph et Jean-Fran\u00e7ois&hellip;&nbsp;<a href=\"https:\/\/legrenierdelatour.be\/brocante\/produit\/assiette-de-septfontaines-18e-decor-a-la-brindille\/\" class=\"\" rel=\"bookmark\">Lire la suite &raquo;<span class=\"screen-reader-text\">Assiette de Septfontaines, 18\u00e8, d\u00e9cor \u00e0 la brindille<\/span><\/a><\/p>\n","protected":false},"featured_media":5831,"comment_status":"open","ping_status":"closed","template":"","meta":{"neve_meta_sidebar":"","neve_meta_container":"","neve_meta_enable_content_width":"off","neve_meta_content_width":100,"neve_meta_title_alignment":"","neve_meta_author_avatar":"","neve_post_elements_order":"","neve_meta_disable_header":"","neve_meta_disable_footer":"","neve_meta_disable_title":""},"product_brand":[],"product_cat":[16,165,30,166,29],"product_tag":[19,83,32],"class_list":{"0":"post-5839","1":"product","2":"type-product","3":"status-publish","4":"has-post-thumbnail","6":"product_cat-ceramique","7":"product_cat-luxembourg","8":"product_cat-luxemburgensia","9":"product_cat-luxemburgensia-luxemburgensia","10":"product_cat-villeroy-boch","11":"product_tag-faience","12":"product_tag-luxemburgensia","13":"product_tag-villeroy-et-boch","15":"first","16":"instock","17":"shipping-taxable","18":"purchasable","19":"product-type-simple"},"_links":{"self":[{"href":"https:\/\/legrenierdelatour.be\/brocante\/wp-json\/wp\/v2\/product\/5839","targetHints":{"allow":["GET"]}}],"collection":[{"href":"https:\/\/legrenierdelatour.be\/brocante\/wp-json\/wp\/v2\/product"}],"about":[{"href":"https:\/\/legrenierdelatour.be\/brocante\/wp-json\/wp\/v2\/types\/product"}],"replies":[{"embeddable":true,"href":"https:\/\/legrenierdelatour.be\/brocante\/wp-json\/wp\/v2\/comments?post=5839"}],"wp:featuredmedia":[{"embeddable":true,"href":"https:\/\/legrenierdelatour.be\/brocante\/wp-json\/wp\/v2\/media\/5831"}],"wp:attachment":[{"href":"https:\/\/legrenierdelatour.be\/brocante\/wp-json\/wp\/v2\/media?parent=5839"}],"wp:term":[{"taxonomy":"product_brand","embeddable":true,"href":"https:\/\/legrenierdelatour.be\/brocante\/wp-json\/wp\/v2\/product_brand?post=5839"},{"taxonomy":"product_cat","embeddable":true,"href":"https:\/\/legrenierdelatour.be\/brocante\/wp-json\/wp\/v2\/product_cat?post=5839"},{"taxonomy":"product_tag","embeddable":true,"href":"https:\/\/legrenierdelatour.be\/brocante\/wp-json\/wp\/v2\/product_tag?post=5839"}],"curies":[{"name":"wp","href":"https:\/\/api.w.org\/{rel}","templated":true}]}}