{"id":5823,"date":"2023-08-13T17:36:48","date_gmt":"2023-08-13T15:36:48","guid":{"rendered":"https:\/\/legrenierdelatour.be\/brocante\/?post_type=product&#038;p=5823"},"modified":"2023-08-13T17:45:52","modified_gmt":"2023-08-13T15:45:52","slug":"assiette-decor-a-la-brindille-chantilly-18e","status":"publish","type":"product","link":"https:\/\/legrenierdelatour.be\/brocante\/produit\/assiette-decor-a-la-brindille-chantilly-18e\/","title":{"rendered":"Assiette D\u00e9cor \u00e0 la brindille, Chantilly, 18\u00e8"},"content":{"rendered":"<p>Belle assiette (24 cm de diam\u00e8tre) produite par la manufacture de Chantilly active de 1725 \u00e0 1792. Cette manufacture cr\u00e9\u00e9e par le duc de Bourbon reprendra ses activit\u00e9s apr\u00e8s la R\u00e9volution fran\u00e7aise, de mani\u00e8re irr\u00e9guli\u00e8re jusqu\u2019en 1870. Il s\u2019agit de porcelaine tendre, c\u2019est \u00e0 dire sans kaolin, mais se distinguant de la fa\u00efence par son aspect translucide. C\u2019est \u00e0 partir de 1751, que le nouveau directeur Bucquet de Montpellier adopte un nouveau style en cama\u00efeu de bleu, dit \u00ab\u00a0\u00e0 la brindille\u00a0\u00bb, d\u00e9cor pr\u00e9sent sur cette assiette. On retrouve au dos de l\u2019assiette le cor de chasse, marque de la porcelaine de Chantilly. L\u2019assiette pr\u00e9sente une fissure et un petit coup au dos. Elle date sans doute de 1770-1775.<\/p>\n<p>R\u00e9f 22.69<\/p>\n","protected":false},"excerpt":{"rendered":"<p>Belle assiette (24 cm de diam\u00e8tre) produite par la manufacture de Chantilly active de 1725 \u00e0 1792. Cette manufacture cr\u00e9\u00e9e par le duc de Bourbon reprendra ses activit\u00e9s apr\u00e8s la R\u00e9volution fran\u00e7aise, de mani\u00e8re irr\u00e9guli\u00e8re jusqu\u2019en 1870. Il s\u2019agit de porcelaine tendre, c\u2019est \u00e0 dire sans kaolin, mais se distinguant de la fa\u00efence par son&hellip;&nbsp;<a href=\"https:\/\/legrenierdelatour.be\/brocante\/produit\/assiette-decor-a-la-brindille-chantilly-18e\/\" class=\"\" rel=\"bookmark\">Lire la suite &raquo;<span class=\"screen-reader-text\">Assiette D\u00e9cor \u00e0 la brindille, Chantilly, 18\u00e8<\/span><\/a><\/p>\n","protected":false},"featured_media":5824,"comment_status":"open","ping_status":"closed","template":"","meta":{"neve_meta_sidebar":"","neve_meta_container":"","neve_meta_enable_content_width":"off","neve_meta_content_width":100,"neve_meta_title_alignment":"","neve_meta_author_avatar":"","neve_post_elements_order":"","neve_meta_disable_header":"","neve_meta_disable_footer":"","neve_meta_disable_title":""},"product_brand":[],"product_cat":[172,16,59],"product_tag":[19],"class_list":{"0":"post-5823","1":"product","2":"type-product","3":"status-publish","4":"has-post-thumbnail","6":"product_cat-en-cuisine","7":"product_cat-ceramique","8":"product_cat-france","9":"product_tag-faience","11":"first","12":"instock","13":"shipping-taxable","14":"purchasable","15":"product-type-simple"},"_links":{"self":[{"href":"https:\/\/legrenierdelatour.be\/brocante\/wp-json\/wp\/v2\/product\/5823","targetHints":{"allow":["GET"]}}],"collection":[{"href":"https:\/\/legrenierdelatour.be\/brocante\/wp-json\/wp\/v2\/product"}],"about":[{"href":"https:\/\/legrenierdelatour.be\/brocante\/wp-json\/wp\/v2\/types\/product"}],"replies":[{"embeddable":true,"href":"https:\/\/legrenierdelatour.be\/brocante\/wp-json\/wp\/v2\/comments?post=5823"}],"wp:featuredmedia":[{"embeddable":true,"href":"https:\/\/legrenierdelatour.be\/brocante\/wp-json\/wp\/v2\/media\/5824"}],"wp:attachment":[{"href":"https:\/\/legrenierdelatour.be\/brocante\/wp-json\/wp\/v2\/media?parent=5823"}],"wp:term":[{"taxonomy":"product_brand","embeddable":true,"href":"https:\/\/legrenierdelatour.be\/brocante\/wp-json\/wp\/v2\/product_brand?post=5823"},{"taxonomy":"product_cat","embeddable":true,"href":"https:\/\/legrenierdelatour.be\/brocante\/wp-json\/wp\/v2\/product_cat?post=5823"},{"taxonomy":"product_tag","embeddable":true,"href":"https:\/\/legrenierdelatour.be\/brocante\/wp-json\/wp\/v2\/product_tag?post=5823"}],"curies":[{"name":"wp","href":"https:\/\/api.w.org\/{rel}","templated":true}]}}