{"id":5821,"date":"2023-08-12T09:41:36","date_gmt":"2023-08-12T07:41:36","guid":{"rendered":"https:\/\/legrenierdelatour.be\/brocante\/?post_type=product&#038;p=5821"},"modified":"2025-11-21T15:18:04","modified_gmt":"2025-11-21T14:18:04","slug":"vase-a-decor-floral-scheurich-520-28","status":"publish","type":"product","link":"https:\/\/legrenierdelatour.be\/brocante\/produit\/vase-a-decor-floral-scheurich-520-28\/","title":{"rendered":"Vase \u00e0 d\u00e9cor floral, Scheurich 520 28"},"content":{"rendered":"<p>Vase (28 cm de haut) produit en Allemagne de l\u2019ouest dans les ann\u00e9es 1950-60, portant le num\u00e9ro de forme 520 28. Il a un d\u00e9cor floral et l\u2019ensemble est mat. Il a \u00e9t\u00e9 produit par la manufacture Scheurich (depuis 1954).<\/p>\n<p>Deux exemplaires disponibles.<\/p>\n<div>R\u00e9f 22.68<\/div>\n","protected":false},"excerpt":{"rendered":"<p>Vase (28 cm de haut) produit en Allemagne de l\u2019ouest dans les ann\u00e9es 1950-60, portant le num\u00e9ro de forme 520 28. Il a un d\u00e9cor floral et l\u2019ensemble est mat. Il a \u00e9t\u00e9 produit par la manufacture Scheurich (depuis 1954). Deux exemplaires disponibles. R\u00e9f 22.68<\/p>\n","protected":false},"featured_media":5819,"comment_status":"open","ping_status":"closed","template":"","meta":{"neve_meta_sidebar":"","neve_meta_container":"","neve_meta_enable_content_width":"off","neve_meta_content_width":100,"neve_meta_title_alignment":"","neve_meta_author_avatar":"","neve_post_elements_order":"","neve_meta_disable_header":"","neve_meta_disable_footer":"","neve_meta_disable_title":""},"product_brand":[],"product_cat":[48,16,52,47],"product_tag":[54,28,49],"class_list":{"0":"post-5821","1":"product","2":"type-product","3":"status-publish","4":"has-post-thumbnail","6":"product_cat-allemagne","7":"product_cat-ceramique","8":"product_cat-scheurig","9":"product_cat-west-germany","10":"product_tag-scheurich","11":"product_tag-vintage","12":"product_tag-west-germany","14":"first","15":"instock","16":"shipping-taxable","17":"purchasable","18":"product-type-simple"},"_links":{"self":[{"href":"https:\/\/legrenierdelatour.be\/brocante\/wp-json\/wp\/v2\/product\/5821","targetHints":{"allow":["GET"]}}],"collection":[{"href":"https:\/\/legrenierdelatour.be\/brocante\/wp-json\/wp\/v2\/product"}],"about":[{"href":"https:\/\/legrenierdelatour.be\/brocante\/wp-json\/wp\/v2\/types\/product"}],"replies":[{"embeddable":true,"href":"https:\/\/legrenierdelatour.be\/brocante\/wp-json\/wp\/v2\/comments?post=5821"}],"wp:featuredmedia":[{"embeddable":true,"href":"https:\/\/legrenierdelatour.be\/brocante\/wp-json\/wp\/v2\/media\/5819"}],"wp:attachment":[{"href":"https:\/\/legrenierdelatour.be\/brocante\/wp-json\/wp\/v2\/media?parent=5821"}],"wp:term":[{"taxonomy":"product_brand","embeddable":true,"href":"https:\/\/legrenierdelatour.be\/brocante\/wp-json\/wp\/v2\/product_brand?post=5821"},{"taxonomy":"product_cat","embeddable":true,"href":"https:\/\/legrenierdelatour.be\/brocante\/wp-json\/wp\/v2\/product_cat?post=5821"},{"taxonomy":"product_tag","embeddable":true,"href":"https:\/\/legrenierdelatour.be\/brocante\/wp-json\/wp\/v2\/product_tag?post=5821"}],"curies":[{"name":"wp","href":"https:\/\/api.w.org\/{rel}","templated":true}]}}