{"id":5604,"date":"2023-07-26T12:03:25","date_gmt":"2023-07-26T10:03:25","guid":{"rendered":"https:\/\/legrenierdelatour.be\/brocante\/?post_type=product&#038;p=5604"},"modified":"2023-08-04T19:29:39","modified_gmt":"2023-08-04T17:29:39","slug":"vase-piesche-reif-459-17","status":"publish","type":"product","link":"https:\/\/legrenierdelatour.be\/brocante\/produit\/vase-piesche-reif-459-17\/","title":{"rendered":"Vase Piesche &#038; Reif, 459  17"},"content":{"rendered":"<p>Beau vase (17 cm de haut) mat \u00e0 l\u2019ext\u00e9rieur et \u00e9maill\u00e9 brillant turquoise \u00e0 l\u2019int\u00e9rieur. Il est en parfait \u00e9tat et porte le num\u00e9ro de forme 459 17. Ce vase a un d\u00e9cor de lignes g\u00e9om\u00e9triques grav\u00e9es et date des ann\u00e9es 1950-60, une production Piesche &amp; Reif, de la manufacture VEB Lausitzer Keramik, en Allemagne de l\u2019Est. Cette manufacture construite en 1912 \u00e0 K\u00f6nigsbr\u00fcck en Allemagne de l\u2019Est porta le nom de \u00ab\u00a0Tonwarenfabrik Heinrich &amp; Klemm\u00a0\u00bb. En 1930, elle s\u2019appela \u00ab\u00a0Keramische Werke Ufer &amp; Co\u00a0\u00bb, avec comme propri\u00e9taire Alfred Dietze jusqu\u2019en 1970. Appel\u00e9e en 1970 \u00ab Keramische Werke K\u00f6nigsbr\u00fcck\u00a0\u00bb, elle passa aux mains de Otto Piesche 3 \u00a0ans plus tard, et son fils Florian Piesche 1984. C\u2019est la p\u00e9riode de la \u00ab\u00a0Lausitzer Keramik\u00a0\u00bb appel\u00e9e plus tard et jusqu\u2019en 1989 \u00ab\u00a0VEB Lausitzer Keramik\u00a0\u00bb.<\/p>\n<div>R\u00e9f 21.95<\/div>\n","protected":false},"excerpt":{"rendered":"<p>Beau vase (17 cm de haut) mat \u00e0 l\u2019ext\u00e9rieur et \u00e9maill\u00e9 brillant turquoise \u00e0 l\u2019int\u00e9rieur. Il est en parfait \u00e9tat et porte le num\u00e9ro de forme 459 17. Ce vase a un d\u00e9cor de lignes g\u00e9om\u00e9triques grav\u00e9es et date des ann\u00e9es 1950-60, une production Piesche &amp; Reif, de la manufacture VEB Lausitzer Keramik, en Allemagne&hellip;&nbsp;<a href=\"https:\/\/legrenierdelatour.be\/brocante\/produit\/vase-piesche-reif-459-17\/\" class=\"\" rel=\"bookmark\">Lire la suite &raquo;<span class=\"screen-reader-text\">Vase Piesche &#038; Reif, 459  17<\/span><\/a><\/p>\n","protected":false},"featured_media":5605,"comment_status":"open","ping_status":"closed","template":"","meta":{"neve_meta_sidebar":"","neve_meta_container":"","neve_meta_enable_content_width":"off","neve_meta_content_width":100,"neve_meta_title_alignment":"","neve_meta_author_avatar":"","neve_post_elements_order":"","neve_meta_disable_header":"","neve_meta_disable_footer":"","neve_meta_disable_title":""},"product_brand":[],"product_cat":[48,16,47],"product_tag":[28,49],"class_list":{"0":"post-5604","1":"product","2":"type-product","3":"status-publish","4":"has-post-thumbnail","6":"product_cat-allemagne","7":"product_cat-ceramique","8":"product_cat-west-germany","9":"product_tag-vintage","10":"product_tag-west-germany","12":"first","13":"instock","14":"shipping-taxable","15":"purchasable","16":"product-type-simple"},"_links":{"self":[{"href":"https:\/\/legrenierdelatour.be\/brocante\/wp-json\/wp\/v2\/product\/5604","targetHints":{"allow":["GET"]}}],"collection":[{"href":"https:\/\/legrenierdelatour.be\/brocante\/wp-json\/wp\/v2\/product"}],"about":[{"href":"https:\/\/legrenierdelatour.be\/brocante\/wp-json\/wp\/v2\/types\/product"}],"replies":[{"embeddable":true,"href":"https:\/\/legrenierdelatour.be\/brocante\/wp-json\/wp\/v2\/comments?post=5604"}],"wp:featuredmedia":[{"embeddable":true,"href":"https:\/\/legrenierdelatour.be\/brocante\/wp-json\/wp\/v2\/media\/5605"}],"wp:attachment":[{"href":"https:\/\/legrenierdelatour.be\/brocante\/wp-json\/wp\/v2\/media?parent=5604"}],"wp:term":[{"taxonomy":"product_brand","embeddable":true,"href":"https:\/\/legrenierdelatour.be\/brocante\/wp-json\/wp\/v2\/product_brand?post=5604"},{"taxonomy":"product_cat","embeddable":true,"href":"https:\/\/legrenierdelatour.be\/brocante\/wp-json\/wp\/v2\/product_cat?post=5604"},{"taxonomy":"product_tag","embeddable":true,"href":"https:\/\/legrenierdelatour.be\/brocante\/wp-json\/wp\/v2\/product_tag?post=5604"}],"curies":[{"name":"wp","href":"https:\/\/api.w.org\/{rel}","templated":true}]}}