{"id":5470,"date":"2023-07-16T16:30:29","date_gmt":"2023-07-16T14:30:29","guid":{"rendered":"https:\/\/legrenierdelatour.be\/brocante\/?post_type=product&#038;p=5470"},"modified":"2024-06-16T17:10:51","modified_gmt":"2024-06-16T15:10:51","slug":"ensemble-a-cafe-boch-la-louviere-1960","status":"publish","type":"product","link":"https:\/\/legrenierdelatour.be\/brocante\/produit\/ensemble-a-cafe-boch-la-louviere-1960\/","title":{"rendered":"Ensemble \u00e0 caf\u00e9 Boch La Louvi\u00e8re, Saturn 58"},"content":{"rendered":"<p>Ensemble de service \u00e0 caf\u00e9 compos\u00e9 d\u2019une cafeti\u00e8re (26 cm de haut) d\u2019un pot \u00e0 lait (13 cm) et d\u2019un sucrier (11cm) en parfait \u00e9tat, issus de la manufacture Boch La Louvi\u00e8re. Cette collection \u00ab\u00a0Saturn 58\u00a0\u00bb a \u00e9t\u00e9 cr\u00e9\u00e9e pour l&rsquo;Expo universelle de 1958.<\/p>\n<div>R\u00e9f 21.48<\/div>\n","protected":false},"excerpt":{"rendered":"<p>Ensemble de service \u00e0 caf\u00e9 compos\u00e9 d\u2019une cafeti\u00e8re (26 cm de haut) d\u2019un pot \u00e0 lait (13 cm) et d\u2019un sucrier (11cm) en parfait \u00e9tat, issus de la manufacture Boch La Louvi\u00e8re. Cette collection \u00ab\u00a0Saturn 58\u00a0\u00bb a \u00e9t\u00e9 cr\u00e9\u00e9e pour l&rsquo;Expo universelle de 1958. R\u00e9f 21.48<\/p>\n","protected":false},"featured_media":5473,"comment_status":"open","ping_status":"closed","template":"","meta":{"neve_meta_sidebar":"","neve_meta_container":"","neve_meta_enable_content_width":"off","neve_meta_content_width":100,"neve_meta_title_alignment":"","neve_meta_author_avatar":"","neve_post_elements_order":"","neve_meta_disable_header":"","neve_meta_disable_footer":"","neve_meta_disable_title":""},"product_brand":[],"product_cat":[37,175,172,16],"product_tag":[20,28],"class_list":{"0":"post-5470","1":"product","2":"type-product","3":"status-publish","4":"has-post-thumbnail","6":"product_cat-belgique","7":"product_cat-boch","8":"product_cat-en-cuisine","9":"product_cat-ceramique","10":"product_tag-boch","11":"product_tag-vintage","13":"first","14":"instock","15":"shipping-taxable","16":"purchasable","17":"product-type-simple"},"_links":{"self":[{"href":"https:\/\/legrenierdelatour.be\/brocante\/wp-json\/wp\/v2\/product\/5470","targetHints":{"allow":["GET"]}}],"collection":[{"href":"https:\/\/legrenierdelatour.be\/brocante\/wp-json\/wp\/v2\/product"}],"about":[{"href":"https:\/\/legrenierdelatour.be\/brocante\/wp-json\/wp\/v2\/types\/product"}],"replies":[{"embeddable":true,"href":"https:\/\/legrenierdelatour.be\/brocante\/wp-json\/wp\/v2\/comments?post=5470"}],"wp:featuredmedia":[{"embeddable":true,"href":"https:\/\/legrenierdelatour.be\/brocante\/wp-json\/wp\/v2\/media\/5473"}],"wp:attachment":[{"href":"https:\/\/legrenierdelatour.be\/brocante\/wp-json\/wp\/v2\/media?parent=5470"}],"wp:term":[{"taxonomy":"product_brand","embeddable":true,"href":"https:\/\/legrenierdelatour.be\/brocante\/wp-json\/wp\/v2\/product_brand?post=5470"},{"taxonomy":"product_cat","embeddable":true,"href":"https:\/\/legrenierdelatour.be\/brocante\/wp-json\/wp\/v2\/product_cat?post=5470"},{"taxonomy":"product_tag","embeddable":true,"href":"https:\/\/legrenierdelatour.be\/brocante\/wp-json\/wp\/v2\/product_tag?post=5470"}],"curies":[{"name":"wp","href":"https:\/\/api.w.org\/{rel}","templated":true}]}}