{"id":5416,"date":"2023-06-29T17:31:47","date_gmt":"2023-06-29T15:31:47","guid":{"rendered":"https:\/\/legrenierdelatour.be\/brocante\/?post_type=product&#038;p=5416"},"modified":"2023-06-29T17:31:47","modified_gmt":"2023-06-29T15:31:47","slug":"assiette-creuse-fontainebleau-villeroy-boch","status":"publish","type":"product","link":"https:\/\/legrenierdelatour.be\/brocante\/produit\/assiette-creuse-fontainebleau-villeroy-boch\/","title":{"rendered":"Assiette creuse Fontainebleau Villeroy &#038; Boch"},"content":{"rendered":"<p>Assiette creuse (22,5 cm de diam\u00e8tre) issue de la collection \u00ab\u00a0Fontainebleau\u00a0\u00bbd&rsquo;apr\u00e8s un dessin de Xavier de Poret (1897-1975). Cette collection fut produite par Villeroy et Boch Septfontaines de 1965 \u00e0 1974. Elle est en parfait \u00e9tat.<\/p>\n<div>R\u00e9f 21.29<\/div>\n","protected":false},"excerpt":{"rendered":"<p>Assiette creuse (22,5 cm de diam\u00e8tre) issue de la collection \u00ab\u00a0Fontainebleau\u00a0\u00bbd&rsquo;apr\u00e8s un dessin de Xavier de Poret (1897-1975). Cette collection fut produite par Villeroy et Boch Septfontaines de 1965 \u00e0 1974. Elle est en parfait \u00e9tat. R\u00e9f 21.29<\/p>\n","protected":false},"featured_media":5417,"comment_status":"open","ping_status":"closed","template":"","meta":{"neve_meta_sidebar":"","neve_meta_container":"","neve_meta_enable_content_width":"off","neve_meta_content_width":100,"neve_meta_title_alignment":"","neve_meta_author_avatar":"","neve_post_elements_order":"","neve_meta_disable_header":"","neve_meta_disable_footer":"","neve_meta_disable_title":""},"product_brand":[],"product_cat":[16,165,29],"product_tag":[137,19,32],"class_list":{"0":"post-5416","1":"product","2":"type-product","3":"status-publish","4":"has-post-thumbnail","6":"product_cat-ceramique","7":"product_cat-luxembourg","8":"product_cat-villeroy-boch","9":"product_tag-chasse","10":"product_tag-faience","11":"product_tag-villeroy-et-boch","13":"first","14":"instock","15":"shipping-taxable","16":"purchasable","17":"product-type-simple"},"_links":{"self":[{"href":"https:\/\/legrenierdelatour.be\/brocante\/wp-json\/wp\/v2\/product\/5416","targetHints":{"allow":["GET"]}}],"collection":[{"href":"https:\/\/legrenierdelatour.be\/brocante\/wp-json\/wp\/v2\/product"}],"about":[{"href":"https:\/\/legrenierdelatour.be\/brocante\/wp-json\/wp\/v2\/types\/product"}],"replies":[{"embeddable":true,"href":"https:\/\/legrenierdelatour.be\/brocante\/wp-json\/wp\/v2\/comments?post=5416"}],"wp:featuredmedia":[{"embeddable":true,"href":"https:\/\/legrenierdelatour.be\/brocante\/wp-json\/wp\/v2\/media\/5417"}],"wp:attachment":[{"href":"https:\/\/legrenierdelatour.be\/brocante\/wp-json\/wp\/v2\/media?parent=5416"}],"wp:term":[{"taxonomy":"product_brand","embeddable":true,"href":"https:\/\/legrenierdelatour.be\/brocante\/wp-json\/wp\/v2\/product_brand?post=5416"},{"taxonomy":"product_cat","embeddable":true,"href":"https:\/\/legrenierdelatour.be\/brocante\/wp-json\/wp\/v2\/product_cat?post=5416"},{"taxonomy":"product_tag","embeddable":true,"href":"https:\/\/legrenierdelatour.be\/brocante\/wp-json\/wp\/v2\/product_tag?post=5416"}],"curies":[{"name":"wp","href":"https:\/\/api.w.org\/{rel}","templated":true}]}}