{"id":5392,"date":"2023-06-22T16:50:53","date_gmt":"2023-06-22T14:50:53","guid":{"rendered":"https:\/\/legrenierdelatour.be\/brocante\/?post_type=product&#038;p=5392"},"modified":"2023-06-22T16:50:53","modified_gmt":"2023-06-22T14:50:53","slug":"grand-vase-en-gres-production-flamande","status":"publish","type":"product","link":"https:\/\/legrenierdelatour.be\/brocante\/produit\/grand-vase-en-gres-production-flamande\/","title":{"rendered":"Grand vase en gr\u00e8s, production flamande"},"content":{"rendered":"<p>Grand vase (33 cm de haut) en gr\u00e8s \u00e9maill\u00e9, de style Art d\u00e9co, sans doute issu d\u2019une manufacture flamande. Il date sans doute du milieu du 20\u00e8 si\u00e8cle et est en assez bon \u00e9tat.<\/p>\n<div>R\u00e9f 21.18<\/div>\n","protected":false},"excerpt":{"rendered":"<p>Grand vase (33 cm de haut) en gr\u00e8s \u00e9maill\u00e9, de style Art d\u00e9co, sans doute issu d\u2019une manufacture flamande. Il date sans doute du milieu du 20\u00e8 si\u00e8cle et est en assez bon \u00e9tat. R\u00e9f 21.18<\/p>\n","protected":false},"featured_media":5393,"comment_status":"open","ping_status":"closed","template":"","meta":{"neve_meta_sidebar":"","neve_meta_container":"","neve_meta_enable_content_width":"off","neve_meta_content_width":100,"neve_meta_title_alignment":"","neve_meta_author_avatar":"","neve_post_elements_order":"","neve_meta_disable_header":"","neve_meta_disable_footer":"","neve_meta_disable_title":""},"product_brand":[],"product_cat":[37,16],"product_tag":[21,40,113],"class_list":{"0":"post-5392","1":"product","2":"type-product","3":"status-publish","4":"has-post-thumbnail","6":"product_cat-belgique","7":"product_cat-ceramique","8":"product_tag-art-deco","9":"product_tag-belgique","10":"product_tag-gres","12":"first","13":"instock","14":"shipping-taxable","15":"purchasable","16":"product-type-simple"},"_links":{"self":[{"href":"https:\/\/legrenierdelatour.be\/brocante\/wp-json\/wp\/v2\/product\/5392","targetHints":{"allow":["GET"]}}],"collection":[{"href":"https:\/\/legrenierdelatour.be\/brocante\/wp-json\/wp\/v2\/product"}],"about":[{"href":"https:\/\/legrenierdelatour.be\/brocante\/wp-json\/wp\/v2\/types\/product"}],"replies":[{"embeddable":true,"href":"https:\/\/legrenierdelatour.be\/brocante\/wp-json\/wp\/v2\/comments?post=5392"}],"wp:featuredmedia":[{"embeddable":true,"href":"https:\/\/legrenierdelatour.be\/brocante\/wp-json\/wp\/v2\/media\/5393"}],"wp:attachment":[{"href":"https:\/\/legrenierdelatour.be\/brocante\/wp-json\/wp\/v2\/media?parent=5392"}],"wp:term":[{"taxonomy":"product_brand","embeddable":true,"href":"https:\/\/legrenierdelatour.be\/brocante\/wp-json\/wp\/v2\/product_brand?post=5392"},{"taxonomy":"product_cat","embeddable":true,"href":"https:\/\/legrenierdelatour.be\/brocante\/wp-json\/wp\/v2\/product_cat?post=5392"},{"taxonomy":"product_tag","embeddable":true,"href":"https:\/\/legrenierdelatour.be\/brocante\/wp-json\/wp\/v2\/product_tag?post=5392"}],"curies":[{"name":"wp","href":"https:\/\/api.w.org\/{rel}","templated":true}]}}