{"id":5354,"date":"2023-06-17T11:53:37","date_gmt":"2023-06-17T09:53:37","guid":{"rendered":"https:\/\/legrenierdelatour.be\/brocante\/?post_type=product&#038;p=5354"},"modified":"2023-06-29T17:30:33","modified_gmt":"2023-06-29T15:30:33","slug":"plat-a-gratin-fontainebleau-villeroy-boch","status":"publish","type":"product","link":"https:\/\/legrenierdelatour.be\/brocante\/produit\/plat-a-gratin-fontainebleau-villeroy-boch\/","title":{"rendered":"Plat \u00e0 gratin \u00ab\u00a0Fontainebleau\u00a0\u00bb Villeroy &#038; Boch"},"content":{"rendered":"<p><span style=\"color: #000000; font-size: medium;\">Grand plat \u00e0 gratin (28\/17 cm x 10 cm de haut) issu de la collection \u00ab\u00a0Fontainebleau\u00a0\u00bbd&rsquo;apr\u00e8s un dessin de Xavier de Poret (1897-1975). Cette collection fut produite par Villeroy et Boch Septfontaines de 1965 \u00e0 1974. Il est en bon \u00e9tat si ce n\u2019est un petit f\u00eale au niveau d\u2019une anse.<\/span><\/p>\n<div><span style=\"color: #000000; font-size: medium;\">R\u00e9f 21.06<\/span><\/div>\n","protected":false},"excerpt":{"rendered":"<p>Grand plat \u00e0 gratin (28\/17 cm x 10 cm de haut) issu de la collection \u00ab\u00a0Fontainebleau\u00a0\u00bbd&rsquo;apr\u00e8s un dessin de Xavier de Poret (1897-1975). Cette collection fut produite par Villeroy et Boch Septfontaines de 1965 \u00e0 1974. Il est en bon \u00e9tat si ce n\u2019est un petit f\u00eale au niveau d\u2019une anse. R\u00e9f 21.06<\/p>\n","protected":false},"featured_media":5355,"comment_status":"open","ping_status":"closed","template":"","meta":{"neve_meta_sidebar":"","neve_meta_container":"","neve_meta_enable_content_width":"off","neve_meta_content_width":100,"neve_meta_title_alignment":"","neve_meta_author_avatar":"","neve_post_elements_order":"","neve_meta_disable_header":"","neve_meta_disable_footer":"","neve_meta_disable_title":""},"product_brand":[],"product_cat":[172,16,165,182,29],"product_tag":[137,32],"class_list":{"0":"post-5354","1":"product","2":"type-product","3":"status-publish","4":"has-post-thumbnail","6":"product_cat-en-cuisine","7":"product_cat-ceramique","8":"product_cat-luxembourg","9":"product_cat-trophee-de-chasse","10":"product_cat-villeroy-boch","11":"product_tag-chasse","12":"product_tag-villeroy-et-boch","14":"first","15":"instock","16":"shipping-taxable","17":"purchasable","18":"product-type-simple"},"_links":{"self":[{"href":"https:\/\/legrenierdelatour.be\/brocante\/wp-json\/wp\/v2\/product\/5354","targetHints":{"allow":["GET"]}}],"collection":[{"href":"https:\/\/legrenierdelatour.be\/brocante\/wp-json\/wp\/v2\/product"}],"about":[{"href":"https:\/\/legrenierdelatour.be\/brocante\/wp-json\/wp\/v2\/types\/product"}],"replies":[{"embeddable":true,"href":"https:\/\/legrenierdelatour.be\/brocante\/wp-json\/wp\/v2\/comments?post=5354"}],"wp:featuredmedia":[{"embeddable":true,"href":"https:\/\/legrenierdelatour.be\/brocante\/wp-json\/wp\/v2\/media\/5355"}],"wp:attachment":[{"href":"https:\/\/legrenierdelatour.be\/brocante\/wp-json\/wp\/v2\/media?parent=5354"}],"wp:term":[{"taxonomy":"product_brand","embeddable":true,"href":"https:\/\/legrenierdelatour.be\/brocante\/wp-json\/wp\/v2\/product_brand?post=5354"},{"taxonomy":"product_cat","embeddable":true,"href":"https:\/\/legrenierdelatour.be\/brocante\/wp-json\/wp\/v2\/product_cat?post=5354"},{"taxonomy":"product_tag","embeddable":true,"href":"https:\/\/legrenierdelatour.be\/brocante\/wp-json\/wp\/v2\/product_tag?post=5354"}],"curies":[{"name":"wp","href":"https:\/\/api.w.org\/{rel}","templated":true}]}}