{"id":5332,"date":"2023-06-08T21:48:16","date_gmt":"2023-06-08T19:48:16","guid":{"rendered":"https:\/\/legrenierdelatour.be\/brocante\/?post_type=product&#038;p=5332"},"modified":"2025-05-25T18:35:27","modified_gmt":"2025-05-25T16:35:27","slug":"verres-de-babycham-vintage","status":"publish","type":"product","link":"https:\/\/legrenierdelatour.be\/brocante\/produit\/verres-de-babycham-vintage\/","title":{"rendered":"Verres de Babycham vintage"},"content":{"rendered":"<p>6 verres \u00e0 champagne (10 cm de haut), avec d\u00e9cor publicitaire Babycham et chamois. \u00a0Babycham est un poir\u00e9 l\u00e9ger et p\u00e9tillant invent\u00e9 par Francis Showering, un brasseur du Somerset en Angleterre. Les verres ont \u00e9t\u00e9 produits en France sans doute dans les ann\u00e9es 1970-80.<\/p>\n<p>Ils sont vendus \u00e0 la pi\u00e8ce pour 4\u20ac.<\/p>\n<div>R\u00e9f 20.106<\/div>\n","protected":false},"excerpt":{"rendered":"<p>6 verres \u00e0 champagne (10 cm de haut), avec d\u00e9cor publicitaire Babycham et chamois. \u00a0Babycham est un poir\u00e9 l\u00e9ger et p\u00e9tillant invent\u00e9 par Francis Showering, un brasseur du Somerset en Angleterre. Les verres ont \u00e9t\u00e9 produits en France sans doute dans les ann\u00e9es 1970-80. Ils sont vendus \u00e0 la pi\u00e8ce pour 4\u20ac. R\u00e9f 20.106<\/p>\n","protected":false},"featured_media":5329,"comment_status":"open","ping_status":"closed","template":"","meta":{"neve_meta_sidebar":"","neve_meta_container":"","neve_meta_enable_content_width":"off","neve_meta_content_width":100,"neve_meta_title_alignment":"","neve_meta_author_avatar":"","neve_post_elements_order":"","neve_meta_disable_header":"","neve_meta_disable_footer":"","neve_meta_disable_title":""},"product_brand":[],"product_cat":[172,173,163,22],"product_tag":[68,28],"class_list":{"0":"post-5332","1":"product","2":"type-product","3":"status-publish","4":"has-post-thumbnail","6":"product_cat-en-cuisine","7":"product_cat-objets-de-publicite","8":"product_cat-productions-francaises","9":"product_cat-verrerie","10":"product_tag-publicite","11":"product_tag-vintage","13":"first","14":"instock","15":"shipping-taxable","16":"purchasable","17":"product-type-simple"},"_links":{"self":[{"href":"https:\/\/legrenierdelatour.be\/brocante\/wp-json\/wp\/v2\/product\/5332","targetHints":{"allow":["GET"]}}],"collection":[{"href":"https:\/\/legrenierdelatour.be\/brocante\/wp-json\/wp\/v2\/product"}],"about":[{"href":"https:\/\/legrenierdelatour.be\/brocante\/wp-json\/wp\/v2\/types\/product"}],"replies":[{"embeddable":true,"href":"https:\/\/legrenierdelatour.be\/brocante\/wp-json\/wp\/v2\/comments?post=5332"}],"wp:featuredmedia":[{"embeddable":true,"href":"https:\/\/legrenierdelatour.be\/brocante\/wp-json\/wp\/v2\/media\/5329"}],"wp:attachment":[{"href":"https:\/\/legrenierdelatour.be\/brocante\/wp-json\/wp\/v2\/media?parent=5332"}],"wp:term":[{"taxonomy":"product_brand","embeddable":true,"href":"https:\/\/legrenierdelatour.be\/brocante\/wp-json\/wp\/v2\/product_brand?post=5332"},{"taxonomy":"product_cat","embeddable":true,"href":"https:\/\/legrenierdelatour.be\/brocante\/wp-json\/wp\/v2\/product_cat?post=5332"},{"taxonomy":"product_tag","embeddable":true,"href":"https:\/\/legrenierdelatour.be\/brocante\/wp-json\/wp\/v2\/product_tag?post=5332"}],"curies":[{"name":"wp","href":"https:\/\/api.w.org\/{rel}","templated":true}]}}