{"id":5322,"date":"2023-06-08T21:22:01","date_gmt":"2023-06-08T19:22:01","guid":{"rendered":"https:\/\/legrenierdelatour.be\/brocante\/?post_type=product&#038;p=5322"},"modified":"2023-06-08T21:22:20","modified_gmt":"2023-06-08T19:22:20","slug":"pichet-en-barbotine-donnaing-780","status":"publish","type":"product","link":"https:\/\/legrenierdelatour.be\/brocante\/produit\/pichet-en-barbotine-donnaing-780\/","title":{"rendered":"Pichet en barbotine d&rsquo;Onnaing, 780"},"content":{"rendered":"<p>Pichet en barbotine (15 cm de haut) issu de la manufacture de Onnaing (1821-1947) en France. Il porte un d\u00e9cor plolychrome sur un d\u00e9cor \u00ab\u00a0Breloques\u00a0\u00bb n\u00b0780. Il est en tr\u00e8s bel \u00e9tat et date du d\u00e9but du XX\u00e8 si\u00e8cle.<\/p>\n<div>R\u00e9f 20.105<\/div>\n","protected":false},"excerpt":{"rendered":"<p>Pichet en barbotine (15 cm de haut) issu de la manufacture de Onnaing (1821-1947) en France. Il porte un d\u00e9cor plolychrome sur un d\u00e9cor \u00ab\u00a0Breloques\u00a0\u00bb n\u00b0780. Il est en tr\u00e8s bel \u00e9tat et date du d\u00e9but du XX\u00e8 si\u00e8cle. R\u00e9f 20.105<\/p>\n","protected":false},"featured_media":5323,"comment_status":"open","ping_status":"closed","template":"","meta":{"neve_meta_sidebar":"","neve_meta_container":"","neve_meta_enable_content_width":"off","neve_meta_content_width":100,"neve_meta_title_alignment":"","neve_meta_author_avatar":"","neve_post_elements_order":"","neve_meta_disable_header":"","neve_meta_disable_footer":"","neve_meta_disable_title":""},"product_brand":[],"product_cat":[16,59],"product_tag":[123,19],"class_list":{"0":"post-5322","1":"product","2":"type-product","3":"status-publish","4":"has-post-thumbnail","6":"product_cat-ceramique","7":"product_cat-france","8":"product_tag-art-nouveau","9":"product_tag-faience","11":"first","12":"instock","13":"shipping-taxable","14":"purchasable","15":"product-type-simple"},"_links":{"self":[{"href":"https:\/\/legrenierdelatour.be\/brocante\/wp-json\/wp\/v2\/product\/5322","targetHints":{"allow":["GET"]}}],"collection":[{"href":"https:\/\/legrenierdelatour.be\/brocante\/wp-json\/wp\/v2\/product"}],"about":[{"href":"https:\/\/legrenierdelatour.be\/brocante\/wp-json\/wp\/v2\/types\/product"}],"replies":[{"embeddable":true,"href":"https:\/\/legrenierdelatour.be\/brocante\/wp-json\/wp\/v2\/comments?post=5322"}],"wp:featuredmedia":[{"embeddable":true,"href":"https:\/\/legrenierdelatour.be\/brocante\/wp-json\/wp\/v2\/media\/5323"}],"wp:attachment":[{"href":"https:\/\/legrenierdelatour.be\/brocante\/wp-json\/wp\/v2\/media?parent=5322"}],"wp:term":[{"taxonomy":"product_brand","embeddable":true,"href":"https:\/\/legrenierdelatour.be\/brocante\/wp-json\/wp\/v2\/product_brand?post=5322"},{"taxonomy":"product_cat","embeddable":true,"href":"https:\/\/legrenierdelatour.be\/brocante\/wp-json\/wp\/v2\/product_cat?post=5322"},{"taxonomy":"product_tag","embeddable":true,"href":"https:\/\/legrenierdelatour.be\/brocante\/wp-json\/wp\/v2\/product_tag?post=5322"}],"curies":[{"name":"wp","href":"https:\/\/api.w.org\/{rel}","templated":true}]}}