{"id":5225,"date":"2023-05-29T20:23:33","date_gmt":"2023-05-29T18:23:33","guid":{"rendered":"https:\/\/legrenierdelatour.be\/brocante\/?post_type=product&#038;p=5225"},"modified":"2023-06-29T17:16:35","modified_gmt":"2023-06-29T15:16:35","slug":"assiette-mars-19e-siecle","status":"publish","type":"product","link":"https:\/\/legrenierdelatour.be\/brocante\/produit\/assiette-mars-19e-siecle\/","title":{"rendered":"Assiette \u00ab\u00a0Mars\u00a0\u00bb 19\u00e8 si\u00e8cle"},"content":{"rendered":"<p>Belle assiette (19 cm de diam\u00e8tre) sans doute produite par Boch K\u00e9ramis \u00e0 La Louvi\u00e8re \u00e0 la fin du 19\u00e8 si\u00e8cle, avec une gravure du mois de mars. Elle est en bon \u00e9tat et ne porte pas de cachet \u00e0 l&rsquo;arri\u00e8re.<\/p>\n<p>R\u00e9f 20.77<\/p>\n","protected":false},"excerpt":{"rendered":"<p>Belle assiette (19 cm de diam\u00e8tre) sans doute produite par Boch K\u00e9ramis \u00e0 La Louvi\u00e8re \u00e0 la fin du 19\u00e8 si\u00e8cle, avec une gravure du mois de mars. Elle est en bon \u00e9tat et ne porte pas de cachet \u00e0 l&rsquo;arri\u00e8re. R\u00e9f 20.77<\/p>\n","protected":false},"featured_media":5226,"comment_status":"open","ping_status":"closed","template":"","meta":{"neve_meta_sidebar":"","neve_meta_container":"","neve_meta_enable_content_width":"off","neve_meta_content_width":100,"neve_meta_title_alignment":"","neve_meta_author_avatar":"","neve_post_elements_order":"","neve_meta_disable_header":"","neve_meta_disable_footer":"","neve_meta_disable_title":""},"product_brand":[],"product_cat":[175,16],"product_tag":[19],"class_list":{"0":"post-5225","1":"product","2":"type-product","3":"status-publish","4":"has-post-thumbnail","6":"product_cat-boch","7":"product_cat-ceramique","8":"product_tag-faience","10":"first","11":"instock","12":"shipping-taxable","13":"purchasable","14":"product-type-simple"},"_links":{"self":[{"href":"https:\/\/legrenierdelatour.be\/brocante\/wp-json\/wp\/v2\/product\/5225","targetHints":{"allow":["GET"]}}],"collection":[{"href":"https:\/\/legrenierdelatour.be\/brocante\/wp-json\/wp\/v2\/product"}],"about":[{"href":"https:\/\/legrenierdelatour.be\/brocante\/wp-json\/wp\/v2\/types\/product"}],"replies":[{"embeddable":true,"href":"https:\/\/legrenierdelatour.be\/brocante\/wp-json\/wp\/v2\/comments?post=5225"}],"wp:featuredmedia":[{"embeddable":true,"href":"https:\/\/legrenierdelatour.be\/brocante\/wp-json\/wp\/v2\/media\/5226"}],"wp:attachment":[{"href":"https:\/\/legrenierdelatour.be\/brocante\/wp-json\/wp\/v2\/media?parent=5225"}],"wp:term":[{"taxonomy":"product_brand","embeddable":true,"href":"https:\/\/legrenierdelatour.be\/brocante\/wp-json\/wp\/v2\/product_brand?post=5225"},{"taxonomy":"product_cat","embeddable":true,"href":"https:\/\/legrenierdelatour.be\/brocante\/wp-json\/wp\/v2\/product_cat?post=5225"},{"taxonomy":"product_tag","embeddable":true,"href":"https:\/\/legrenierdelatour.be\/brocante\/wp-json\/wp\/v2\/product_tag?post=5225"}],"curies":[{"name":"wp","href":"https:\/\/api.w.org\/{rel}","templated":true}]}}