{"id":522,"date":"2022-03-02T09:13:09","date_gmt":"2022-03-02T08:13:09","guid":{"rendered":"https:\/\/legrenierdelatour.be\/brocante\/?post_type=product&#038;p=522"},"modified":"2022-03-12T17:18:49","modified_gmt":"2022-03-12T16:18:49","slug":"vase-west-germany-569-20","status":"publish","type":"product","link":"https:\/\/legrenierdelatour.be\/brocante\/produit\/vase-west-germany-569-20\/","title":{"rendered":"Vase West Germany 569-20 Bay"},"content":{"rendered":"<p>Joli vase (20 cm) de forme \u00ab\u00a0569\u00a0\u00bb produit probablement dans les ann\u00e9es 1950 par Bay Keramik en Allemagne. D\u00e9cor flamm\u00e9 avec rehauts sans doute \u00e0 la main de cuivre et or. Un vase cruche du m\u00eame d\u00e9cor est d\u00e9crit en 7.79.<\/p>\n<p>R\u00e9f 7.78<\/p>\n","protected":false},"excerpt":{"rendered":"<p>Joli vase (20 cm) de forme \u00ab\u00a0569\u00a0\u00bb produit probablement dans les ann\u00e9es 1950 par Bay Keramik en Allemagne. D\u00e9cor flamm\u00e9 avec rehauts sans doute \u00e0 la main de cuivre et or. Un vase cruche du m\u00eame d\u00e9cor est d\u00e9crit en 7.79. R\u00e9f 7.78<\/p>\n","protected":false},"featured_media":495,"comment_status":"open","ping_status":"closed","template":"","meta":{"neve_meta_sidebar":"","neve_meta_container":"","neve_meta_enable_content_width":"off","neve_meta_content_width":100,"neve_meta_title_alignment":"","neve_meta_author_avatar":"","neve_post_elements_order":"","neve_meta_disable_header":"","neve_meta_disable_footer":"","neve_meta_disable_title":""},"product_brand":[],"product_cat":[15,48,53,16,47],"product_tag":[51,19,28,49],"class_list":{"0":"post-522","1":"product","2":"type-product","3":"status-publish","4":"has-post-thumbnail","6":"product_cat-non-classe","7":"product_cat-allemagne","8":"product_cat-bay","9":"product_cat-ceramique","10":"product_cat-west-germany","11":"product_tag-bay","12":"product_tag-faience","13":"product_tag-vintage","14":"product_tag-west-germany","16":"first","17":"instock","18":"shipping-taxable","19":"purchasable","20":"product-type-simple"},"_links":{"self":[{"href":"https:\/\/legrenierdelatour.be\/brocante\/wp-json\/wp\/v2\/product\/522","targetHints":{"allow":["GET"]}}],"collection":[{"href":"https:\/\/legrenierdelatour.be\/brocante\/wp-json\/wp\/v2\/product"}],"about":[{"href":"https:\/\/legrenierdelatour.be\/brocante\/wp-json\/wp\/v2\/types\/product"}],"replies":[{"embeddable":true,"href":"https:\/\/legrenierdelatour.be\/brocante\/wp-json\/wp\/v2\/comments?post=522"}],"wp:featuredmedia":[{"embeddable":true,"href":"https:\/\/legrenierdelatour.be\/brocante\/wp-json\/wp\/v2\/media\/495"}],"wp:attachment":[{"href":"https:\/\/legrenierdelatour.be\/brocante\/wp-json\/wp\/v2\/media?parent=522"}],"wp:term":[{"taxonomy":"product_brand","embeddable":true,"href":"https:\/\/legrenierdelatour.be\/brocante\/wp-json\/wp\/v2\/product_brand?post=522"},{"taxonomy":"product_cat","embeddable":true,"href":"https:\/\/legrenierdelatour.be\/brocante\/wp-json\/wp\/v2\/product_cat?post=522"},{"taxonomy":"product_tag","embeddable":true,"href":"https:\/\/legrenierdelatour.be\/brocante\/wp-json\/wp\/v2\/product_tag?post=522"}],"curies":[{"name":"wp","href":"https:\/\/api.w.org\/{rel}","templated":true}]}}