{"id":519,"date":"2022-03-02T08:45:15","date_gmt":"2022-03-02T07:45:15","guid":{"rendered":"https:\/\/legrenierdelatour.be\/brocante\/?post_type=product&#038;p=519"},"modified":"2022-03-12T17:19:47","modified_gmt":"2022-03-12T16:19:47","slug":"vase-west-germany-534-18","status":"publish","type":"product","link":"https:\/\/legrenierdelatour.be\/brocante\/produit\/vase-west-germany-534-18\/","title":{"rendered":"Vase West Germany 534 18"},"content":{"rendered":"<p>Joli petit vase flamm\u00e9, avec touches bronze et dorures peintes \u00e0 la main, probablement de la manufacture Bay en Allemagne dans les ann\u00e9es 1950-60. Ce vase en parfait \u00e9tat de \u00ab\u00a018\u00a0\u00bb cm de haut et de forme \u00ab\u00a0534\u00a0\u00bb est de production g\u00e9n\u00e9rale West Germany.<\/p>\n<p>R\u00e9f 7.57<\/p>\n","protected":false},"excerpt":{"rendered":"<p>Joli petit vase flamm\u00e9, avec touches bronze et dorures peintes \u00e0 la main, probablement de la manufacture Bay en Allemagne dans les ann\u00e9es 1950-60. Ce vase en parfait \u00e9tat de \u00ab\u00a018\u00a0\u00bb cm de haut et de forme \u00ab\u00a0534\u00a0\u00bb est de production g\u00e9n\u00e9rale West Germany. R\u00e9f 7.57<\/p>\n","protected":false},"featured_media":489,"comment_status":"open","ping_status":"closed","template":"","meta":{"neve_meta_sidebar":"","neve_meta_container":"","neve_meta_enable_content_width":"off","neve_meta_content_width":100,"neve_meta_title_alignment":"","neve_meta_author_avatar":"","neve_post_elements_order":"","neve_meta_disable_header":"","neve_meta_disable_footer":"","neve_meta_disable_title":""},"product_brand":[],"product_cat":[15,48,16,47],"product_tag":[19,28,49],"class_list":{"0":"post-519","1":"product","2":"type-product","3":"status-publish","4":"has-post-thumbnail","6":"product_cat-non-classe","7":"product_cat-allemagne","8":"product_cat-ceramique","9":"product_cat-west-germany","10":"product_tag-faience","11":"product_tag-vintage","12":"product_tag-west-germany","14":"first","15":"instock","16":"shipping-taxable","17":"purchasable","18":"product-type-simple"},"_links":{"self":[{"href":"https:\/\/legrenierdelatour.be\/brocante\/wp-json\/wp\/v2\/product\/519","targetHints":{"allow":["GET"]}}],"collection":[{"href":"https:\/\/legrenierdelatour.be\/brocante\/wp-json\/wp\/v2\/product"}],"about":[{"href":"https:\/\/legrenierdelatour.be\/brocante\/wp-json\/wp\/v2\/types\/product"}],"replies":[{"embeddable":true,"href":"https:\/\/legrenierdelatour.be\/brocante\/wp-json\/wp\/v2\/comments?post=519"}],"wp:featuredmedia":[{"embeddable":true,"href":"https:\/\/legrenierdelatour.be\/brocante\/wp-json\/wp\/v2\/media\/489"}],"wp:attachment":[{"href":"https:\/\/legrenierdelatour.be\/brocante\/wp-json\/wp\/v2\/media?parent=519"}],"wp:term":[{"taxonomy":"product_brand","embeddable":true,"href":"https:\/\/legrenierdelatour.be\/brocante\/wp-json\/wp\/v2\/product_brand?post=519"},{"taxonomy":"product_cat","embeddable":true,"href":"https:\/\/legrenierdelatour.be\/brocante\/wp-json\/wp\/v2\/product_cat?post=519"},{"taxonomy":"product_tag","embeddable":true,"href":"https:\/\/legrenierdelatour.be\/brocante\/wp-json\/wp\/v2\/product_tag?post=519"}],"curies":[{"name":"wp","href":"https:\/\/api.w.org\/{rel}","templated":true}]}}