{"id":5154,"date":"2023-05-11T08:07:06","date_gmt":"2023-05-11T06:07:06","guid":{"rendered":"https:\/\/legrenierdelatour.be\/brocante\/?post_type=product&#038;p=5154"},"modified":"2025-09-22T12:56:02","modified_gmt":"2025-09-22T10:56:02","slug":"vase-71-26-production-montoise","status":"publish","type":"product","link":"https:\/\/legrenierdelatour.be\/brocante\/produit\/vase-71-26-production-montoise\/","title":{"rendered":"Vase 71\/26 production montoise"},"content":{"rendered":"<p>Beau vase (26 cm de haut) avec un d\u00e9cor \u00e9maill\u00e9 vert p\u00e2le et dorures. Il est en magnifique \u00e9tat et porte le num\u00e9ro de forme 71\/26. Il s\u2019agit sans doute d&rsquo;une production belge de la r\u00e9gion montoise (peut-\u00eatre Jemappes). Il date sans doute des ann\u00e9es 1940-50.<\/p>\n<p>Deux exemplaires disponibles.<\/p>\n<div>R\u00e9f 20.54<\/div>\n","protected":false},"excerpt":{"rendered":"<p>Beau vase (26 cm de haut) avec un d\u00e9cor \u00e9maill\u00e9 vert p\u00e2le et dorures. Il est en magnifique \u00e9tat et porte le num\u00e9ro de forme 71\/26. Il s\u2019agit sans doute d&rsquo;une production belge de la r\u00e9gion montoise (peut-\u00eatre Jemappes). Il date sans doute des ann\u00e9es 1940-50. Deux exemplaires disponibles. R\u00e9f 20.54<\/p>\n","protected":false},"featured_media":5148,"comment_status":"open","ping_status":"closed","template":"","meta":{"neve_meta_sidebar":"","neve_meta_container":"","neve_meta_enable_content_width":"off","neve_meta_content_width":100,"neve_meta_title_alignment":"","neve_meta_author_avatar":"","neve_post_elements_order":"","neve_meta_disable_header":"","neve_meta_disable_footer":"","neve_meta_disable_title":""},"product_brand":[],"product_cat":[37,16],"product_tag":[21,40,19],"class_list":{"0":"post-5154","1":"product","2":"type-product","3":"status-publish","4":"has-post-thumbnail","6":"product_cat-belgique","7":"product_cat-ceramique","8":"product_tag-art-deco","9":"product_tag-belgique","10":"product_tag-faience","12":"first","13":"instock","14":"shipping-taxable","15":"purchasable","16":"product-type-simple"},"_links":{"self":[{"href":"https:\/\/legrenierdelatour.be\/brocante\/wp-json\/wp\/v2\/product\/5154","targetHints":{"allow":["GET"]}}],"collection":[{"href":"https:\/\/legrenierdelatour.be\/brocante\/wp-json\/wp\/v2\/product"}],"about":[{"href":"https:\/\/legrenierdelatour.be\/brocante\/wp-json\/wp\/v2\/types\/product"}],"replies":[{"embeddable":true,"href":"https:\/\/legrenierdelatour.be\/brocante\/wp-json\/wp\/v2\/comments?post=5154"}],"wp:featuredmedia":[{"embeddable":true,"href":"https:\/\/legrenierdelatour.be\/brocante\/wp-json\/wp\/v2\/media\/5148"}],"wp:attachment":[{"href":"https:\/\/legrenierdelatour.be\/brocante\/wp-json\/wp\/v2\/media?parent=5154"}],"wp:term":[{"taxonomy":"product_brand","embeddable":true,"href":"https:\/\/legrenierdelatour.be\/brocante\/wp-json\/wp\/v2\/product_brand?post=5154"},{"taxonomy":"product_cat","embeddable":true,"href":"https:\/\/legrenierdelatour.be\/brocante\/wp-json\/wp\/v2\/product_cat?post=5154"},{"taxonomy":"product_tag","embeddable":true,"href":"https:\/\/legrenierdelatour.be\/brocante\/wp-json\/wp\/v2\/product_tag?post=5154"}],"curies":[{"name":"wp","href":"https:\/\/api.w.org\/{rel}","templated":true}]}}