{"id":5139,"date":"2023-05-10T19:38:04","date_gmt":"2023-05-10T17:38:04","guid":{"rendered":"https:\/\/legrenierdelatour.be\/brocante\/?post_type=product&#038;p=5139"},"modified":"2023-05-10T19:38:04","modified_gmt":"2023-05-10T17:38:04","slug":"statuette-de-cheval-chine-20e-siecle","status":"publish","type":"product","link":"https:\/\/legrenierdelatour.be\/brocante\/produit\/statuette-de-cheval-chine-20e-siecle\/","title":{"rendered":"Statuette de cheval, Chine, 20\u00e8 si\u00e8cle"},"content":{"rendered":"<p>Petite statue de cheval (14 cm de haut), dont les couleurs dites \u00ab sancai\u00a0\u00bb \u00ab\u00a0trois couleurs\u00a0\u00bb qui \u00e9taient typiques des c\u00e9ramique Tang (7\u00e8-10\u00e8 si\u00e8cles). Ce cheval en parfait \u00e9tat, est poin\u00e7onn\u00e9 dessous de lettres chinoises. Il date sans doute de la deuxi\u00e8me moiti\u00e9 du 20\u00e8 si\u00e8cle.<\/p>\n<div>R\u00e9f 20.55<\/div>\n","protected":false},"excerpt":{"rendered":"<p>Petite statue de cheval (14 cm de haut), dont les couleurs dites \u00ab sancai\u00a0\u00bb \u00ab\u00a0trois couleurs\u00a0\u00bb qui \u00e9taient typiques des c\u00e9ramique Tang (7\u00e8-10\u00e8 si\u00e8cles). Ce cheval en parfait \u00e9tat, est poin\u00e7onn\u00e9 dessous de lettres chinoises. Il date sans doute de la deuxi\u00e8me moiti\u00e9 du 20\u00e8 si\u00e8cle. R\u00e9f 20.55<\/p>\n","protected":false},"featured_media":5140,"comment_status":"open","ping_status":"closed","template":"","meta":{"neve_meta_sidebar":"","neve_meta_container":"","neve_meta_enable_content_width":"off","neve_meta_content_width":100,"neve_meta_title_alignment":"","neve_meta_author_avatar":"","neve_post_elements_order":"","neve_meta_disable_header":"","neve_meta_disable_footer":"","neve_meta_disable_title":""},"product_brand":[],"product_cat":[16,167],"product_tag":[79],"class_list":{"0":"post-5139","1":"product","2":"type-product","3":"status-publish","4":"has-post-thumbnail","6":"product_cat-ceramique","7":"product_cat-peintures-et-sculptures","8":"product_tag-art","10":"first","11":"instock","12":"shipping-taxable","13":"purchasable","14":"product-type-simple"},"_links":{"self":[{"href":"https:\/\/legrenierdelatour.be\/brocante\/wp-json\/wp\/v2\/product\/5139","targetHints":{"allow":["GET"]}}],"collection":[{"href":"https:\/\/legrenierdelatour.be\/brocante\/wp-json\/wp\/v2\/product"}],"about":[{"href":"https:\/\/legrenierdelatour.be\/brocante\/wp-json\/wp\/v2\/types\/product"}],"replies":[{"embeddable":true,"href":"https:\/\/legrenierdelatour.be\/brocante\/wp-json\/wp\/v2\/comments?post=5139"}],"wp:featuredmedia":[{"embeddable":true,"href":"https:\/\/legrenierdelatour.be\/brocante\/wp-json\/wp\/v2\/media\/5140"}],"wp:attachment":[{"href":"https:\/\/legrenierdelatour.be\/brocante\/wp-json\/wp\/v2\/media?parent=5139"}],"wp:term":[{"taxonomy":"product_brand","embeddable":true,"href":"https:\/\/legrenierdelatour.be\/brocante\/wp-json\/wp\/v2\/product_brand?post=5139"},{"taxonomy":"product_cat","embeddable":true,"href":"https:\/\/legrenierdelatour.be\/brocante\/wp-json\/wp\/v2\/product_cat?post=5139"},{"taxonomy":"product_tag","embeddable":true,"href":"https:\/\/legrenierdelatour.be\/brocante\/wp-json\/wp\/v2\/product_tag?post=5139"}],"curies":[{"name":"wp","href":"https:\/\/api.w.org\/{rel}","templated":true}]}}