{"id":5093,"date":"2023-05-02T20:55:50","date_gmt":"2023-05-02T18:55:50","guid":{"rendered":"https:\/\/legrenierdelatour.be\/brocante\/?post_type=product&#038;p=5093"},"modified":"2023-05-02T20:55:51","modified_gmt":"2023-05-02T18:55:51","slug":"saladier-villeroy-boch-fruits-dautomne","status":"publish","type":"product","link":"https:\/\/legrenierdelatour.be\/brocante\/produit\/saladier-villeroy-boch-fruits-dautomne\/","title":{"rendered":"Saladier Villeroy &#038; Boch, Fruits d&rsquo;automne"},"content":{"rendered":"<p>Beau plat saladier (8 cm de haut, 23 cm de diam\u00e8tre) avec d\u00e9cor de fruits d\u2019automne, issu de la manufacture Villeroy &amp; Boch Luxembourg, datant des ann\u00e9es 1954-1967. Il est en excellent \u00e9tat.<\/p>\n<div>R\u00e9f 20.43<\/div>\n","protected":false},"excerpt":{"rendered":"<p>Beau plat saladier (8 cm de haut, 23 cm de diam\u00e8tre) avec d\u00e9cor de fruits d\u2019automne, issu de la manufacture Villeroy &amp; Boch Luxembourg, datant des ann\u00e9es 1954-1967. Il est en excellent \u00e9tat. R\u00e9f 20.43<\/p>\n","protected":false},"featured_media":5087,"comment_status":"open","ping_status":"closed","template":"","meta":{"neve_meta_sidebar":"","neve_meta_container":"","neve_meta_enable_content_width":"off","neve_meta_content_width":100,"neve_meta_title_alignment":"","neve_meta_author_avatar":"","neve_post_elements_order":"","neve_meta_disable_header":"","neve_meta_disable_footer":"","neve_meta_disable_title":""},"product_brand":[],"product_cat":[172,16,165,29],"product_tag":[32,28],"class_list":{"0":"post-5093","1":"product","2":"type-product","3":"status-publish","4":"has-post-thumbnail","6":"product_cat-en-cuisine","7":"product_cat-ceramique","8":"product_cat-luxembourg","9":"product_cat-villeroy-boch","10":"product_tag-villeroy-et-boch","11":"product_tag-vintage","13":"first","14":"instock","15":"shipping-taxable","16":"purchasable","17":"product-type-simple"},"_links":{"self":[{"href":"https:\/\/legrenierdelatour.be\/brocante\/wp-json\/wp\/v2\/product\/5093","targetHints":{"allow":["GET"]}}],"collection":[{"href":"https:\/\/legrenierdelatour.be\/brocante\/wp-json\/wp\/v2\/product"}],"about":[{"href":"https:\/\/legrenierdelatour.be\/brocante\/wp-json\/wp\/v2\/types\/product"}],"replies":[{"embeddable":true,"href":"https:\/\/legrenierdelatour.be\/brocante\/wp-json\/wp\/v2\/comments?post=5093"}],"wp:featuredmedia":[{"embeddable":true,"href":"https:\/\/legrenierdelatour.be\/brocante\/wp-json\/wp\/v2\/media\/5087"}],"wp:attachment":[{"href":"https:\/\/legrenierdelatour.be\/brocante\/wp-json\/wp\/v2\/media?parent=5093"}],"wp:term":[{"taxonomy":"product_brand","embeddable":true,"href":"https:\/\/legrenierdelatour.be\/brocante\/wp-json\/wp\/v2\/product_brand?post=5093"},{"taxonomy":"product_cat","embeddable":true,"href":"https:\/\/legrenierdelatour.be\/brocante\/wp-json\/wp\/v2\/product_cat?post=5093"},{"taxonomy":"product_tag","embeddable":true,"href":"https:\/\/legrenierdelatour.be\/brocante\/wp-json\/wp\/v2\/product_tag?post=5093"}],"curies":[{"name":"wp","href":"https:\/\/api.w.org\/{rel}","templated":true}]}}