{"id":4979,"date":"2023-04-25T21:29:34","date_gmt":"2023-04-25T19:29:34","guid":{"rendered":"https:\/\/legrenierdelatour.be\/brocante\/?post_type=product&#038;p=4979"},"modified":"2023-05-03T14:55:38","modified_gmt":"2023-05-03T12:55:38","slug":"lithographie-le-grund-a-luxembourg-jean-freimann","status":"publish","type":"product","link":"https:\/\/legrenierdelatour.be\/brocante\/produit\/lithographie-le-grund-a-luxembourg-jean-freimann\/","title":{"rendered":"Lithographie, Le Grund \u00e0 Luxembourg, Jean Freimann"},"content":{"rendered":"<p>Lithographie (50&#215;40 cm) du Grund de Luxembourg, par Jean Freimann (n\u00e9 en 1942). Elle est sign\u00e9e dans la planche et manuellement, et num\u00e9rot\u00e9e 153\/200. Elle \u00a0comporte malheureusement certaines taches d\u2019humidit\u00e9.<\/p>\n<div>R\u00e9f 20.18<\/div>\n","protected":false},"excerpt":{"rendered":"<p>Lithographie (50&#215;40 cm) du Grund de Luxembourg, par Jean Freimann (n\u00e9 en 1942). Elle est sign\u00e9e dans la planche et manuellement, et num\u00e9rot\u00e9e 153\/200. Elle \u00a0comporte malheureusement certaines taches d\u2019humidit\u00e9. R\u00e9f 20.18<\/p>\n","protected":false},"featured_media":4980,"comment_status":"open","ping_status":"closed","template":"","meta":{"neve_meta_sidebar":"","neve_meta_container":"","neve_meta_enable_content_width":"off","neve_meta_content_width":100,"neve_meta_title_alignment":"","neve_meta_author_avatar":"","neve_post_elements_order":"","neve_meta_disable_header":"","neve_meta_disable_footer":"","neve_meta_disable_title":""},"product_brand":[],"product_cat":[30,166,167],"product_tag":[79,83],"class_list":{"0":"post-4979","1":"product","2":"type-product","3":"status-publish","4":"has-post-thumbnail","6":"product_cat-luxemburgensia","7":"product_cat-luxemburgensia-luxemburgensia","8":"product_cat-peintures-et-sculptures","9":"product_tag-art","10":"product_tag-luxemburgensia","12":"first","13":"instock","14":"shipping-taxable","15":"purchasable","16":"product-type-simple"},"_links":{"self":[{"href":"https:\/\/legrenierdelatour.be\/brocante\/wp-json\/wp\/v2\/product\/4979","targetHints":{"allow":["GET"]}}],"collection":[{"href":"https:\/\/legrenierdelatour.be\/brocante\/wp-json\/wp\/v2\/product"}],"about":[{"href":"https:\/\/legrenierdelatour.be\/brocante\/wp-json\/wp\/v2\/types\/product"}],"replies":[{"embeddable":true,"href":"https:\/\/legrenierdelatour.be\/brocante\/wp-json\/wp\/v2\/comments?post=4979"}],"wp:featuredmedia":[{"embeddable":true,"href":"https:\/\/legrenierdelatour.be\/brocante\/wp-json\/wp\/v2\/media\/4980"}],"wp:attachment":[{"href":"https:\/\/legrenierdelatour.be\/brocante\/wp-json\/wp\/v2\/media?parent=4979"}],"wp:term":[{"taxonomy":"product_brand","embeddable":true,"href":"https:\/\/legrenierdelatour.be\/brocante\/wp-json\/wp\/v2\/product_brand?post=4979"},{"taxonomy":"product_cat","embeddable":true,"href":"https:\/\/legrenierdelatour.be\/brocante\/wp-json\/wp\/v2\/product_cat?post=4979"},{"taxonomy":"product_tag","embeddable":true,"href":"https:\/\/legrenierdelatour.be\/brocante\/wp-json\/wp\/v2\/product_tag?post=4979"}],"curies":[{"name":"wp","href":"https:\/\/api.w.org\/{rel}","templated":true}]}}