{"id":4829,"date":"2023-04-13T18:07:45","date_gmt":"2023-04-13T16:07:45","guid":{"rendered":"https:\/\/legrenierdelatour.be\/brocante\/?post_type=product&#038;p=4829"},"modified":"2023-04-13T18:07:45","modified_gmt":"2023-04-13T16:07:45","slug":"assiette-bourglinster-j-besch-villeroy-et-boch","status":"publish","type":"product","link":"https:\/\/legrenierdelatour.be\/brocante\/produit\/assiette-bourglinster-j-besch-villeroy-et-boch\/","title":{"rendered":"Assiette Bourglinster J.Besch, Villeroy et Boch"},"content":{"rendered":"<p>Belle assiette (24 cm de diam\u00e8tre) \u00e9dit\u00e9e par le syndicat d\u2019initiative de Junglinster et issue de la manufacture Villeroy et Boch Luxembourg. Elle porte la gravure d\u2019un dessin de J. Besch repr\u00e9sentant le ch\u00e2teau de Bourglinster, dat\u00e9e de 1981.<\/p>\n<div>R\u00e9f 19.69<\/div>\n","protected":false},"excerpt":{"rendered":"<p>Belle assiette (24 cm de diam\u00e8tre) \u00e9dit\u00e9e par le syndicat d\u2019initiative de Junglinster et issue de la manufacture Villeroy et Boch Luxembourg. Elle porte la gravure d\u2019un dessin de J. Besch repr\u00e9sentant le ch\u00e2teau de Bourglinster, dat\u00e9e de 1981. R\u00e9f 19.69<\/p>\n","protected":false},"featured_media":4830,"comment_status":"open","ping_status":"closed","template":"","meta":{"neve_meta_sidebar":"","neve_meta_container":"","neve_meta_enable_content_width":"off","neve_meta_content_width":100,"neve_meta_title_alignment":"","neve_meta_author_avatar":"","neve_post_elements_order":"","neve_meta_disable_header":"","neve_meta_disable_footer":"","neve_meta_disable_title":""},"product_brand":[],"product_cat":[16,165,30,166,29],"product_tag":[83,49],"class_list":{"0":"post-4829","1":"product","2":"type-product","3":"status-publish","4":"has-post-thumbnail","6":"product_cat-ceramique","7":"product_cat-luxembourg","8":"product_cat-luxemburgensia","9":"product_cat-luxemburgensia-luxemburgensia","10":"product_cat-villeroy-boch","11":"product_tag-luxemburgensia","12":"product_tag-west-germany","14":"first","15":"instock","16":"shipping-taxable","17":"purchasable","18":"product-type-simple"},"_links":{"self":[{"href":"https:\/\/legrenierdelatour.be\/brocante\/wp-json\/wp\/v2\/product\/4829","targetHints":{"allow":["GET"]}}],"collection":[{"href":"https:\/\/legrenierdelatour.be\/brocante\/wp-json\/wp\/v2\/product"}],"about":[{"href":"https:\/\/legrenierdelatour.be\/brocante\/wp-json\/wp\/v2\/types\/product"}],"replies":[{"embeddable":true,"href":"https:\/\/legrenierdelatour.be\/brocante\/wp-json\/wp\/v2\/comments?post=4829"}],"wp:featuredmedia":[{"embeddable":true,"href":"https:\/\/legrenierdelatour.be\/brocante\/wp-json\/wp\/v2\/media\/4830"}],"wp:attachment":[{"href":"https:\/\/legrenierdelatour.be\/brocante\/wp-json\/wp\/v2\/media?parent=4829"}],"wp:term":[{"taxonomy":"product_brand","embeddable":true,"href":"https:\/\/legrenierdelatour.be\/brocante\/wp-json\/wp\/v2\/product_brand?post=4829"},{"taxonomy":"product_cat","embeddable":true,"href":"https:\/\/legrenierdelatour.be\/brocante\/wp-json\/wp\/v2\/product_cat?post=4829"},{"taxonomy":"product_tag","embeddable":true,"href":"https:\/\/legrenierdelatour.be\/brocante\/wp-json\/wp\/v2\/product_tag?post=4829"}],"curies":[{"name":"wp","href":"https:\/\/api.w.org\/{rel}","templated":true}]}}