{"id":4799,"date":"2023-04-12T20:33:32","date_gmt":"2023-04-12T18:33:32","guid":{"rendered":"https:\/\/legrenierdelatour.be\/brocante\/?post_type=product&#038;p=4799"},"modified":"2023-04-13T13:09:55","modified_gmt":"2023-04-13T11:09:55","slug":"bonbonniere-majolique-de-wasmuel-art-deco","status":"publish","type":"product","link":"https:\/\/legrenierdelatour.be\/brocante\/produit\/bonbonniere-majolique-de-wasmuel-art-deco\/","title":{"rendered":"Bonbonni\u00e8re Majolique de Wasmuel Art D\u00e9co"},"content":{"rendered":"<div>Bonbonni\u00e8re (15 cm de\u00a0<span style=\"color: #000000; font-size: medium;\">diam\u00e8tre) en fa\u00efence rehauss\u00e9e de peinture dor\u00e9e. Elle a \u00e9t\u00e9\u00a0<\/span>produite par la manufacture Majolique de Waesmuel, comme l\u2019atteste l\u2019autocollant MW (fond\u00e9e en 1904 par Henri Mahieu et Robert Granger- ferm\u00e9e en 1960). Elle date sans doute des ann\u00e9es 1930, avec ses formes Art d\u00e9co. Elle porte le num\u00e9ro 71 en creux dessous et est en parfait \u00e9tat.<\/div>\n<div>R\u00e9f 19.60<\/div>\n","protected":false},"excerpt":{"rendered":"<p>Bonbonni\u00e8re (15 cm de\u00a0diam\u00e8tre) en fa\u00efence rehauss\u00e9e de peinture dor\u00e9e. Elle a \u00e9t\u00e9\u00a0produite par la manufacture Majolique de Waesmuel, comme l\u2019atteste l\u2019autocollant MW (fond\u00e9e en 1904 par Henri Mahieu et Robert Granger- ferm\u00e9e en 1960). Elle date sans doute des ann\u00e9es 1930, avec ses formes Art d\u00e9co. Elle porte le num\u00e9ro 71 en creux dessous&hellip;&nbsp;<a href=\"https:\/\/legrenierdelatour.be\/brocante\/produit\/bonbonniere-majolique-de-wasmuel-art-deco\/\" class=\"\" rel=\"bookmark\">Lire la suite &raquo;<span class=\"screen-reader-text\">Bonbonni\u00e8re Majolique de Wasmuel Art D\u00e9co<\/span><\/a><\/p>\n","protected":false},"featured_media":4783,"comment_status":"open","ping_status":"closed","template":"","meta":{"neve_meta_sidebar":"","neve_meta_container":"","neve_meta_enable_content_width":"off","neve_meta_content_width":100,"neve_meta_title_alignment":"","neve_meta_author_avatar":"","neve_post_elements_order":"","neve_meta_disable_header":"","neve_meta_disable_footer":"","neve_meta_disable_title":""},"product_brand":[],"product_cat":[37,16,178],"product_tag":[21,40,19],"class_list":{"0":"post-4799","1":"product","2":"type-product","3":"status-publish","4":"has-post-thumbnail","6":"product_cat-belgique","7":"product_cat-ceramique","8":"product_cat-waesmuel","9":"product_tag-art-deco","10":"product_tag-belgique","11":"product_tag-faience","13":"first","14":"instock","15":"shipping-taxable","16":"purchasable","17":"product-type-simple"},"_links":{"self":[{"href":"https:\/\/legrenierdelatour.be\/brocante\/wp-json\/wp\/v2\/product\/4799","targetHints":{"allow":["GET"]}}],"collection":[{"href":"https:\/\/legrenierdelatour.be\/brocante\/wp-json\/wp\/v2\/product"}],"about":[{"href":"https:\/\/legrenierdelatour.be\/brocante\/wp-json\/wp\/v2\/types\/product"}],"replies":[{"embeddable":true,"href":"https:\/\/legrenierdelatour.be\/brocante\/wp-json\/wp\/v2\/comments?post=4799"}],"wp:featuredmedia":[{"embeddable":true,"href":"https:\/\/legrenierdelatour.be\/brocante\/wp-json\/wp\/v2\/media\/4783"}],"wp:attachment":[{"href":"https:\/\/legrenierdelatour.be\/brocante\/wp-json\/wp\/v2\/media?parent=4799"}],"wp:term":[{"taxonomy":"product_brand","embeddable":true,"href":"https:\/\/legrenierdelatour.be\/brocante\/wp-json\/wp\/v2\/product_brand?post=4799"},{"taxonomy":"product_cat","embeddable":true,"href":"https:\/\/legrenierdelatour.be\/brocante\/wp-json\/wp\/v2\/product_cat?post=4799"},{"taxonomy":"product_tag","embeddable":true,"href":"https:\/\/legrenierdelatour.be\/brocante\/wp-json\/wp\/v2\/product_tag?post=4799"}],"curies":[{"name":"wp","href":"https:\/\/api.w.org\/{rel}","templated":true}]}}