{"id":4670,"date":"2023-04-06T20:22:54","date_gmt":"2023-04-06T18:22:54","guid":{"rendered":"https:\/\/legrenierdelatour.be\/brocante\/?post_type=product&#038;p=4670"},"modified":"2023-04-06T20:22:55","modified_gmt":"2023-04-06T18:22:55","slug":"pichet-ruscha-303-2","status":"publish","type":"product","link":"https:\/\/legrenierdelatour.be\/brocante\/produit\/pichet-ruscha-303-2\/","title":{"rendered":"Pichet Ruscha 303\/2"},"content":{"rendered":"<p>Beau pichet (14 cm de haut) d\u2019une tr\u00e8s belle couleur rouge, portant le num\u00e9ro 303-2, c\u2019est \u00e0 dire de forme 303 et de taille 2. Il a \u00e9t\u00e9 produit par la manufacture Ruscha (1900-1996), dont l\u2019\u00e9tiquette est encore intacte. il est en parfait \u00e9tat.<\/p>\n<div>R\u00e9f 19.15<\/div>\n","protected":false},"excerpt":{"rendered":"<p>Beau pichet (14 cm de haut) d\u2019une tr\u00e8s belle couleur rouge, portant le num\u00e9ro 303-2, c\u2019est \u00e0 dire de forme 303 et de taille 2. Il a \u00e9t\u00e9 produit par la manufacture Ruscha (1900-1996), dont l\u2019\u00e9tiquette est encore intacte. il est en parfait \u00e9tat. R\u00e9f 19.15<\/p>\n","protected":false},"featured_media":4673,"comment_status":"open","ping_status":"closed","template":"","meta":{"neve_meta_sidebar":"","neve_meta_container":"","neve_meta_enable_content_width":"off","neve_meta_content_width":100,"neve_meta_title_alignment":"","neve_meta_author_avatar":"","neve_post_elements_order":"","neve_meta_disable_header":"","neve_meta_disable_footer":"","neve_meta_disable_title":""},"product_brand":[],"product_cat":[48,16,47],"product_tag":[113,49],"class_list":{"0":"post-4670","1":"product","2":"type-product","3":"status-publish","4":"has-post-thumbnail","6":"product_cat-allemagne","7":"product_cat-ceramique","8":"product_cat-west-germany","9":"product_tag-gres","10":"product_tag-west-germany","12":"first","13":"instock","14":"shipping-taxable","15":"purchasable","16":"product-type-simple"},"_links":{"self":[{"href":"https:\/\/legrenierdelatour.be\/brocante\/wp-json\/wp\/v2\/product\/4670","targetHints":{"allow":["GET"]}}],"collection":[{"href":"https:\/\/legrenierdelatour.be\/brocante\/wp-json\/wp\/v2\/product"}],"about":[{"href":"https:\/\/legrenierdelatour.be\/brocante\/wp-json\/wp\/v2\/types\/product"}],"replies":[{"embeddable":true,"href":"https:\/\/legrenierdelatour.be\/brocante\/wp-json\/wp\/v2\/comments?post=4670"}],"wp:featuredmedia":[{"embeddable":true,"href":"https:\/\/legrenierdelatour.be\/brocante\/wp-json\/wp\/v2\/media\/4673"}],"wp:attachment":[{"href":"https:\/\/legrenierdelatour.be\/brocante\/wp-json\/wp\/v2\/media?parent=4670"}],"wp:term":[{"taxonomy":"product_brand","embeddable":true,"href":"https:\/\/legrenierdelatour.be\/brocante\/wp-json\/wp\/v2\/product_brand?post=4670"},{"taxonomy":"product_cat","embeddable":true,"href":"https:\/\/legrenierdelatour.be\/brocante\/wp-json\/wp\/v2\/product_cat?post=4670"},{"taxonomy":"product_tag","embeddable":true,"href":"https:\/\/legrenierdelatour.be\/brocante\/wp-json\/wp\/v2\/product_tag?post=4670"}],"curies":[{"name":"wp","href":"https:\/\/api.w.org\/{rel}","templated":true}]}}